{"id":1032,"date":"2017-08-09T05:32:29","date_gmt":"2017-08-09T05:32:29","guid":{"rendered":"http:\/\/blog.sickculture.de\/?page_id=1032"},"modified":"2019-02-13T09:30:08","modified_gmt":"2019-02-13T09:30:08","slug":"2017-08-walchensee-jochberg-u-herzogstand-trails","status":"publish","type":"page","link":"https:\/\/blog.sickculture.de\/?page_id=1032","title":{"rendered":"2017.08 Walchensee &#8211; Jochberg u. Herzogstand Trails"},"content":{"rendered":"<section class=\"wpb-content-wrapper\"><p>[vc_row][vc_column][vc_column_text][pe2-image src=&#8221;https:\/\/lh3.googleusercontent.com\/-jtlj_1ArJYo\/WYqYOrXqbbI\/AAAAAAAAhZA\/wExXZiNlEPEevT9Pq2Yr0ZYPuwIy2ftSQCCoYBhgL\/s144-c-o\/20170808_133206_0039__DSC7462_Screen.jpg&#8221; href=&#8221;https:\/\/picasaweb.google.com\/112885246866780528333\/6452135968388132977#6452136794089221554&#8243; caption=&#8221;&#8221; type=&#8221;image&#8221; alt=&#8221;20170808_133206_0039__DSC7462_Screen.jpg&#8221; ]<\/p>\n<p class=\"clear\">\u00a0\u00a0<\/p>\n<h1 class=\"clear\" style=\"text-align: center;\"><strong>Walchensee Trails<\/strong><span style=\"color: #993300;\"><strong><br \/>\n<\/strong><\/span><\/h1>\n<h2 style=\"text-align: center;\">Jochberg\/Fieberkapellentrail und Herzogstand\/Pionierweg<\/h2>\n<h2 style=\"text-align: center;\">8. August 2017<\/h2>\n<p>Dank unseres Feiertags in Augsburg hatten Hardy, Vinnie und ich frei und verabredeten uns zu einer Biketour in den bayr. Voralpen. Diesmal ging es zusammen an den Walchensee, um eine Trailkombi zu starten.<\/p>\n<div id=\"s3gt_translate_tooltip\" class=\"s3gt_translate_tooltip\" style=\"position: absolute; left: 763px; top: 298px; opacity: 0;\">\n<div id=\"s3gt_translate_tooltip_mini_logo\" class=\"s3gt_translate_tooltip_mini\" title=\"Markierten Text \u00fcbersetzen\">\u00a0<\/div>\n<div id=\"s3gt_translate_tooltip_mini_sound\" class=\"s3gt_translate_tooltip_mini\" title=\"Abspielen\">\u00a0<\/div>\n<div id=\"s3gt_translate_tooltip_mini_copy\" class=\"s3gt_translate_tooltip_mini\" title=\"In Zwischenablage kopieren\">\u00a0<\/div>\n<\/div>\n<p>[\/vc_column_text][\/vc_column][\/vc_row][vc_row][vc_column][vc_text_separator title=&#8221;B E S C H R E I B U N G&#8221;][\/vc_column][\/vc_row][vc_row][vc_column][vc_column_text]Die Gegend um den Walchensee kenne ich schon von letztem Jahr, diese beiden Trails sind mir aber noch unbekannt. Damals hatte es noch auf dem Jochberg einen Waldbrand gegeben. Fr\u00fch morgens fuhren wir in den M\u00fcnchner S\u00fcden Richtung Kochelsee und Walchensee. Es sollte eine Trailkombi aus Kotalm-Trail, Fieberkapellen-Trail und Pionierweg werden. Die H\u00f6henmeter sind \u00fcberschaubar und vom Wetter hatten wir trotz Gewittermeldungen Tage zuvor Gl\u00fcck und wurde mit Sonne belohnt. Die ersten ca. 600hm fuhren wir von Kochel in einer Schleife \u00fcber die Kotalm hoch zum Jochberg. Alles bei ca. 10-18% Steigung auf gut fahrbarem Untergrund. Dann wechselt der Untergrund auf einen schmalen Trail r\u00fcber zur Kotalm. Nicht schwer zu fahren, eher ein J\u00e4gersteig mit Wurzeln auf einer fast geraden H\u00f6henlinie, dann abfallend zur Alm. Danach vernichteten wir leider H\u00f6henmeter auf Forststra\u00dfe, ehe die Strecke wieder bergauf Richtung Jochberg f\u00fchrte. Wir nahmen den ersten Trail bergab: den Fieberkapellentrail. Es w\u00fcrde noch zwei andere Trails (Sachenbach Trail, Kesselberg Trail) geben, welche allerdings schwerer zu fahren sind. Zuerst ein wenig bergab, dann in einer H\u00f6henlinie entlang und als Finale konnte man es super laufenlassen. Zwischendurch mu\u00df man das Bike \u00fcber Baumst\u00e4mme oder andere Hindernisse hiefen. 300 Tiefenmeter weiter unten m\u00fcndet der Trail auf dem Radweg Richtung Walchensee und das erste &#8220;Grins-Kapitel&#8221; war beendet.<\/p>\n<p>Nach kurzer Rast an der Sachenbach Alm mit Terassenblick auf den Walchensee und unz\u00e4hligen eBikern fuhren wir zum zweiten Tagesziel Richtung Herzogstand. Die Auffahrt hat es dann schon in sich. Es sind zwar nicht viel H\u00f6henmeter bis zum Einstieg des Pionierwegs, aber zwei heftige Rampen mu\u00dften bew\u00e4ltigt werden. Aber Schieben schadet ja auch nicht und schon nach kurzer Zeit erreichten wir den Einstieg. Der Pionierweg ist ein genialer Trail runter zum Kochelsee. Alles dabei, was man sich w\u00fcnscht: schmaler Trail, Spitzkehren, Flowpassagen, ausgesetzte Stellen und Bachquerungen. Dazu noch Steilst\u00fccke bergab und kurze Schiebpassage bergauf. Die ersten Meter f\u00fchren noch an einer eingez\u00e4unten Wiese entlang, dann \u00e4ndert sich der Charakter und wir fuhren \u00fcber Wurzeln und Steine. Dann folgen schon die ersten Kehren und ausgesetze Passagen. Eine Stelle vor deiner Bachquerung hat es schon in sich. Verblockt und anschlie\u00dfend abgerutschter Weg, das ganze dann noch recht schmal uns ausgesetzt. Aber fahrbar. Leider war der Spa\u00df zu schnell vor\u00fcber und wir cruisten die letzten Tiefenmeter auf der Schotterpiste Richtung Kochelsee. Ein gelungener Trailtag ohne Verletzte oder Defekte.<\/p>\n<div class=\"passster-form\" id=\"ps-221\">\n    <form class=\"password-form\" method=\"post\" autocomplete=\"off\" target=\"_top\">\n        <span class=\"ps-form-headline\">Gesch\u00fctzter Bereich<\/span>\n        <div class=\"ps-form-instructions-wrap\">Dieser Inhalt ist passwortgesch\u00fctzt. Bitte gib dein Passwort ein um den Inhalt freizuschalten.<\/div>\n        <fieldset>\n            <span class=\"ps-loader\" style=\"display:none;\"><img decoding=\"async\" src=\"https:\/\/blog.sickculture.de\/wp-content\/plugins\/content-protector\/assets\/public\/ps-loader.svg\" alt=\"\" \/><\/span>\n            <label for=\"input-ps-221\" style=\"display:none;\" class=\"passster-hidden\">Trage dein Passwort ein<\/label>\n            <input placeholder=\"Gib dein Passwort ein..\" type=\"password\" tabindex=\"1\" name=\"passster_password\"\n                   id=\"input-ps-221\" class=\"passster-password\" autocomplete=\"off\"\n                   data-protection-type=\"password\" data-list=\"[PASSSTER_LIST]\" data-lists=\"[PASSSTER_LISTS]\" data-area=\"[PASSSTER_AREA]\"\n                   data-protection=\"[PASSSTER_PROTECTION]\">\n            \n            <button name=\"submit\" type=\"submit\" class=\"passster-submit\" data-psid=\"ps-221\" data-post-id=\"1032\" data-term-id=\"0\" \n                    data-submit=\"...Checking Password\" data-redirect=\"\">Freischalten\n            <\/button>\n            <div class=\"passster-error\"><\/div>\n        <\/fieldset>\n    <\/form>\n<\/div>\n[\/vc_column_text][\/vc_column][\/vc_row][vc_row][vc_column][vc_text_separator title=&#8221;F A Z I T&#8221;][\/vc_column][\/vc_row][vc_row][vc_column][vc_column_text]Solche Tage sollte es mehr geben. Unter der Woche in die Berge, w\u00e4hrend die anderen in die Arbeit gehen. Den Trail f\u00fcr sich allein zu haben und mit Kumpels in den Bergen unterwegs zu sein. Danke an Hardy und Vinnie f\u00fcr den tollen Trip in die Jachenau! Wir kommen wieder![\/vc_column_text][\/vc_column][\/vc_row][vc_row][vc_column]<div class=\"ult_exp_section_layer ult-adjust-bottom-margin  \" >\n\t<div id=\"uvc-exp-wrap-4374\"   data-ultimate-target='#uvc-exp-wrap-4374'  data-responsive-json-new='{\"font-size\":\"desktop:20px;\",\"line-height\":\"desktop:20px;\"}'  class=\"ult_exp_section  ult-responsive \" style=\"color:#ffffff;background-color:#1e73be;font-family:Alfa Slab One;font-weight:bold;  text-align:center;\" data-textcolor=\"#ffffff\"data-texthover=\"#333333\"data-icncolor=\"#333333\"data-ihover=\"#333333\"data-height=\"0\"data-cntbg=\"#1e73be\"data-cnthvrbg=\"#e5e5e5\"data-headerbg=\"#1e73be\"data-headerhover=\"#e5e5e5\"data-title=\"BILDER\"data-newtitle=\"BILDER\"data-icon=\"\"data-newicon=\"\"data-activeicon=\"#333333\"data-effect=\"slideToggle\"data-override=\"0\"data-activetitle=\"#333333\"data-activebg=\"#dbdbdb\"data-img=\"\"data-newimg=\"\"><div  class=\"ult_exp_section-main \">\n\t\t\t\t\t<div class=\"ult_expheader\" >BILDER\n\t\t\t\t\t <\/div><\/div>\n\t\t\t\t<\/div><div class=\"ult_exp_content \" style=\"background-color:#dbdbdb;  \"><div class=\"ult_ecpsub_cont\" style=\" \" >[vc_column_text]<\/p>\n\n<p>[\/vc_column_text]<\/div><\/div>\n\n\t\t\t<\/div>[\/vc_column][\/vc_row]<\/p>\n<\/section>","protected":false},"excerpt":{"rendered":"<p>[vc_row][vc_column][vc_column_text][pe2-image src=&#8221;https:\/\/lh3.googleusercontent.com\/-jtlj_1ArJYo\/WYqYOrXqbbI\/AAAAAAAAhZA\/wExXZiNlEPEevT9Pq2Yr0ZYPuwIy2ftSQCCoYBhgL\/s144-c-o\/20170808_133206_0039__DSC7462_Screen.jpg&#8221; href=&#8221;https:\/\/picasaweb.google.com\/112885246866780528333\/6452135968388132977#6452136794089221554&#8243; caption=&#8221;&#8221; type=&#8221;image&#8221; alt=&#8221;20170808_133206_0039__DSC7462_Screen.jpg&#8221; ] \u00a0\u00a0 Walchensee Trails Jochberg\/Fieberkapellentrail und Herzogstand\/Pionierweg 8. August 2017 Dank unseres Feiertags in Augsburg hatten Hardy, Vinnie und ich frei und verabredeten uns zu einer Biketour in den bayr. Voralpen. Diesmal ging es zusammen an den Walchensee, um eine Trailkombi zu starten. \u00a0 \u2026 <a class=\"continue-reading-link\" href=\"https:\/\/blog.sickculture.de\/?page_id=1032\"> Continue reading<\/a><\/p>\n","protected":false},"author":1,"featured_media":0,"parent":90,"menu_order":0,"comment_status":"closed","ping_status":"closed","template":"","meta":{"_s2mail":"yes","ngg_post_thumbnail":0,"footnotes":""},"categories":[14,4],"class_list":["post-1032","page","type-page","status-publish","hentry","category-14","category-mountainbike"],"jetpack_shortlink":"https:\/\/wp.me\/P7EPUT-gE","jetpack_sharing_enabled":true,"_links":{"self":[{"href":"https:\/\/blog.sickculture.de\/index.php?rest_route=\/wp\/v2\/pages\/1032","targetHints":{"allow":["GET"]}}],"collection":[{"href":"https:\/\/blog.sickculture.de\/index.php?rest_route=\/wp\/v2\/pages"}],"about":[{"href":"https:\/\/blog.sickculture.de\/index.php?rest_route=\/wp\/v2\/types\/page"}],"author":[{"embeddable":true,"href":"https:\/\/blog.sickculture.de\/index.php?rest_route=\/wp\/v2\/users\/1"}],"replies":[{"embeddable":true,"href":"https:\/\/blog.sickculture.de\/index.php?rest_route=%2Fwp%2Fv2%2Fcomments&post=1032"}],"version-history":[{"count":3,"href":"https:\/\/blog.sickculture.de\/index.php?rest_route=\/wp\/v2\/pages\/1032\/revisions"}],"predecessor-version":[{"id":1314,"href":"https:\/\/blog.sickculture.de\/index.php?rest_route=\/wp\/v2\/pages\/1032\/revisions\/1314"}],"up":[{"embeddable":true,"href":"https:\/\/blog.sickculture.de\/index.php?rest_route=\/wp\/v2\/pages\/90"}],"wp:attachment":[{"href":"https:\/\/blog.sickculture.de\/index.php?rest_route=%2Fwp%2Fv2%2Fmedia&parent=1032"}],"wp:term":[{"taxonomy":"category","embeddable":true,"href":"https:\/\/blog.sickculture.de\/index.php?rest_route=%2Fwp%2Fv2%2Fcategories&post=1032"}],"curies":[{"name":"wp","href":"https:\/\/api.w.org\/{rel}","templated":true}]}}