{"id":1169,"date":"2018-08-18T09:37:28","date_gmt":"2018-08-18T09:37:28","guid":{"rendered":"http:\/\/blog.sickculture.de\/?page_id=1169"},"modified":"2021-07-05T07:50:29","modified_gmt":"2021-07-05T07:50:29","slug":"2017-10-friederspitz-bbs-2-2-2-2-3-2","status":"publish","type":"page","link":"https:\/\/blog.sickculture.de\/?page_id=1169","title":{"rendered":"2018.08 Sailenieder"},"content":{"rendered":"<section class=\"wpb-content-wrapper\"><p>[vc_row][vc_column][vc_column_text]<\/p>\n<p><img loading=\"lazy\" decoding=\"async\" class=\"aligncenter size-full wp-image-1247\" src=\"http:\/\/blog.sickculture.de\/wp-content\/uploads\/2019\/02\/20180817_131609_0097__DSC1959_Screen.jpg\" alt=\"20180817_131609_0097__DSC1959_Screen\" width=\"1920\" height=\"1280\" srcset=\"https:\/\/blog.sickculture.de\/wp-content\/uploads\/2019\/02\/20180817_131609_0097__DSC1959_Screen.jpg 1920w, https:\/\/blog.sickculture.de\/wp-content\/uploads\/2019\/02\/20180817_131609_0097__DSC1959_Screen-300x200.jpg 300w, https:\/\/blog.sickculture.de\/wp-content\/uploads\/2019\/02\/20180817_131609_0097__DSC1959_Screen-768x512.jpg 768w, https:\/\/blog.sickculture.de\/wp-content\/uploads\/2019\/02\/20180817_131609_0097__DSC1959_Screen-1024x683.jpg 1024w, https:\/\/blog.sickculture.de\/wp-content\/uploads\/2019\/02\/20180817_131609_0097__DSC1959_Screen-225x150.jpg 225w, https:\/\/blog.sickculture.de\/wp-content\/uploads\/2019\/02\/20180817_131609_0097__DSC1959_Screen-150x100.jpg 150w\" sizes=\"auto, (max-width: 1920px) 100vw, 1920px\" \/><\/p>\n<p class=\"clear\">\n<h4 class=\"clear\" style=\"text-align: center;\"><span style=\"color: #808080;\"><strong>\u00a0Stubai rockt<\/strong><\/span><span style=\"color: #0000ff;\"><strong><br \/>\n<\/strong><\/span><\/h4>\n<h1 style=\"text-align: center;\"><strong><span style=\"color: #0000ff;\"><span style=\"color: #3366ff;\">Sailenieder<\/span><br \/>\n<\/span><\/strong><\/h1>\n<h4 style=\"text-align: center;\">Plan\u00e4nderung vor Gipfel (die Zweite)<\/h4>\n<h2 style=\"text-align: center;\"><span style=\"color: #808080;\">17. August 2018<br \/>\n<\/span><\/h2>\n<hr \/>\n<p>Eine Tag nach der Passilsattel Tour gings gleich nochmal in die Berge. Jetzt spinnen die Jungs&#8230; Diesmal fuhr ich mit Hardy nach Telfes ins Stubaital.[\/vc_column_text][\/vc_column][\/vc_row][vc_row][vc_column][vc_text_separator title=&#8221;B E S C H R E I B U N G&#8221;][\/vc_column][\/vc_row][vc_row][vc_column][vc_column_text]F\u00fcr die Meisten wahrscheinlich &#8220;g\u00b4spunna&#8221;, wenn man f\u00fcr einen Tagesausflug zum Biken ins Stubai Tal f\u00e4hrt. Ich wollte in meinem Seefeld Urlaub letzten Monat die Nockspitze erklimmen, mu\u00dfte allerdings wegen Motorschaden das Vorhaben canceln. So fuhren Hardy und ich mit festem Wille, den Gipfel zu erklimmen nach Telfes ins Stubaital. Wieder bei br\u00fchender Hitze gings steil bergauf zur Pfarrachalm. Mittlerweile sp\u00fcrte ich den dritten Biketag hintereinander in den Beinen. Wie mit Bleif\u00fcssen qu\u00e4lte ich mich bis zur H\u00fctte hoch. Hardy ist durch seine Rennradtouren ein &#8220;Ausdauerschwein&#8221; und dr\u00fcckt die H\u00f6henmeter relativ locker weg. Die Rast kam gelegen um den Energievorrat zu f\u00fcllen. Jetzt hie\u00df es wieder schieben und Tragen. Alter Falter, jeder Meter wurde schwerer zu schieben. Wir erreichten den Sailenieder Sattel und legten eine Rast ein. Was nun? Zur Spitze sind es ca 400hm Tragen. Entweder \u00fcber einen H\u00f6henweg und dann hoch zum Gipfel oder direkt auf dem Grasr\u00fccken hochtragen? Die Motivation von Hardy war halbwegs im Keller, zumal er nicht wusste, wieviel er vom Trail bergab fahren kann und ob es sich lohnen w\u00fcrde. Nach hin und her und einer eventuellen Gipfelbesteigung auf den Jochberg entschlossen wir uns f\u00fcr die Querung zum Wetterkreuz und anschlie\u00dfend auf der geplanten Route bergab zur Kreuther Alm zu trailen. Die Querung war allerdings auch nicht durchgehend fahrbar und wir mu\u00dften immer wieder durch Latschen und kleinen Anstiegen schieben. Dann kam eine hammer Spitzkehrenabfahrt, gefolgt von Trails, welche die Forststra\u00dfenabfahrt abk\u00fcrzten und auf direkter Linie Richtung Kreuther Alm f\u00fchrten. Dort geno\u00dfen wir nochmals einen leckerschmecker Kuchen. Die letzten Trails zum Auto war zuerst anstrengend einer Hanglinie bergauf und bergab folgend, dann allerdings flowig bis direkt zum Parkplatz runter fahrbar.<\/p>\n<div class=\"passster-form\" id=\"ps-538\">\n    <form class=\"password-form\" method=\"post\" autocomplete=\"off\" target=\"_top\">\n        <span class=\"ps-form-headline\">Gesch\u00fctzter Bereich<\/span>\n        <div class=\"ps-form-instructions-wrap\">Dieser Inhalt ist passwortgesch\u00fctzt. Bitte gib dein Passwort ein um den Inhalt freizuschalten.<\/div>\n        <fieldset>\n            <span class=\"ps-loader\" style=\"display:none;\"><img decoding=\"async\" src=\"https:\/\/blog.sickculture.de\/wp-content\/plugins\/content-protector\/assets\/public\/ps-loader.svg\" alt=\"\" \/><\/span>\n            <label for=\"input-ps-538\" style=\"display:none;\" class=\"passster-hidden\">Trage dein Passwort ein<\/label>\n            <input placeholder=\"Gib dein Passwort ein..\" type=\"password\" tabindex=\"1\" name=\"passster_password\"\n                   id=\"input-ps-538\" class=\"passster-password\" autocomplete=\"off\"\n                   data-protection-type=\"password\" data-list=\"[PASSSTER_LIST]\" data-lists=\"[PASSSTER_LISTS]\" data-area=\"[PASSSTER_AREA]\"\n                   data-protection=\"[PASSSTER_PROTECTION]\">\n            \n            <button name=\"submit\" type=\"submit\" class=\"passster-submit\" data-psid=\"ps-538\" data-post-id=\"1169\" data-term-id=\"0\" \n                    data-submit=\"...Checking Password\" data-redirect=\"\">Freischalten\n            <\/button>\n            <div class=\"passster-error\"><\/div>\n        <\/fieldset>\n    <\/form>\n<\/div>\n\n<div id=\"s3gt_translate_tooltip_mini\" class=\"s3gt_translate_tooltip_mini_box\" style=\"background: initial !important; border: initial !important; border-radius: initial !important; border-spacing: initial !important; border-collapse: initial !important; direction: ltr !important; flex-direction: initial !important; font-weight: initial !important; height: initial !important; letter-spacing: initial !important; min-width: initial !important; max-width: initial !important; min-height: initial !important; max-height: initial !important; margin: auto !important; outline: initial !important; padding: initial !important; position: absolute; table-layout: initial !important; text-align: initial !important; text-shadow: initial !important; width: initial !important; word-break: initial !important; word-spacing: initial !important; overflow-wrap: initial !important; box-sizing: initial !important; display: initial !important; color: inherit !important; font-size: 13px !important; font-family: X-LocaleSpecific, sans-serif, Tahoma, Helvetica !important; line-height: 13px !important; vertical-align: top !important; white-space: inherit !important; left: 50px; top: 35px; opacity: 0.75;\">\n<div id=\"s3gt_translate_tooltip_mini_logo\" class=\"s3gt_translate_tooltip_mini\" title=\"Markierten Text \u00fcbersetzen\"><\/div>\n<div id=\"s3gt_translate_tooltip_mini_sound\" class=\"s3gt_translate_tooltip_mini\" title=\"Abspielen\"><\/div>\n<div id=\"s3gt_translate_tooltip_mini_copy\" class=\"s3gt_translate_tooltip_mini\" title=\"In Zwischenablage kopieren\"><\/div>\n<\/div>\n<p>[\/vc_column_text][\/vc_column][\/vc_row][vc_row][vc_column][vc_text_separator title=&#8221;F A Z I T&#8221;][\/vc_column][\/vc_row][vc_row][vc_column][vc_column_text]Tja, wieder eine halbfertige Tour &#8211; ich merke langsam, dass ich das Jahr 2018 nochmals wiederholen mu\u00df, wenn das so weitergeht. Trotzdem eine lohnende Tour mit herrlichem Panorama und zwei leckeren Almen![\/vc_column_text][\/vc_column][\/vc_row][vc_row][vc_column]<div class=\"ult_exp_section_layer ult-adjust-bottom-margin  \" >\n\t<div id=\"uvc-exp-wrap-3212\"   data-ultimate-target='#uvc-exp-wrap-3212'  data-responsive-json-new='{\"font-size\":\"desktop:20px;\",\"line-height\":\"desktop:20px;\"}'  class=\"ult_exp_section  ult-responsive \" style=\"color:#ffffff;background-color:#1e73be;font-family:Alfa Slab One;font-weight:bold;  text-align:center;\" data-textcolor=\"#ffffff\"data-texthover=\"#333333\"data-icncolor=\"#333333\"data-ihover=\"#333333\"data-height=\"0\"data-cntbg=\"#1e73be\"data-cnthvrbg=\"#e5e5e5\"data-headerbg=\"#1e73be\"data-headerhover=\"#e5e5e5\"data-title=\"BILDER\"data-newtitle=\"BILDER\"data-icon=\"\"data-newicon=\"\"data-activeicon=\"#333333\"data-effect=\"slideToggle\"data-override=\"0\"data-activetitle=\"#333333\"data-activebg=\"#dbdbdb\"data-img=\"\"data-newimg=\"\"><div  class=\"ult_exp_section-main \">\n\t\t\t\t\t<div class=\"ult_expheader\" >BILDER\n\t\t\t\t\t <\/div><\/div>\n\t\t\t\t<\/div><div class=\"ult_exp_content \" style=\"background-color:#dbdbdb;  \"><div class=\"ult_ecpsub_cont\" style=\" \" >[vc_column_text]<\/p>\n\n<p>[\/vc_column_text]<\/div><\/div>\n\n\t\t\t<\/div>[\/vc_column][\/vc_row][vc_row][vc_column][vc_column_text]<\/p>\n<div id=\"s3gt_translate_tooltip_mini\" class=\"s3gt_translate_tooltip_mini_box\" style=\"background: initial !important; border: initial !important; border-radius: initial !important; border-spacing: initial !important; border-collapse: initial !important; direction: ltr !important; flex-direction: initial !important; font-weight: initial !important; height: initial !important; letter-spacing: initial !important; min-width: initial !important; max-width: initial !important; min-height: initial !important; max-height: initial !important; margin: auto !important; outline: initial !important; padding: initial !important; position: absolute; table-layout: initial !important; text-align: initial !important; text-shadow: initial !important; width: initial !important; word-break: initial !important; word-spacing: initial !important; overflow-wrap: initial !important; box-sizing: initial !important; display: initial !important; color: inherit !important; font-size: 13px !important; font-family: X-LocaleSpecific, sans-serif, Tahoma, Helvetica !important; line-height: 13px !important; vertical-align: top !important; white-space: inherit !important; left: 591px; top: 179px;\">\n<div id=\"s3gt_translate_tooltip_mini_logo\" class=\"s3gt_translate_tooltip_mini\" title=\"Markierten Text \u00fcbersetzen\"><\/div>\n<div id=\"s3gt_translate_tooltip_mini_sound\" class=\"s3gt_translate_tooltip_mini\" title=\"Abspielen\"><\/div>\n<div id=\"s3gt_translate_tooltip_mini_copy\" class=\"s3gt_translate_tooltip_mini\" title=\"In Zwischenablage kopieren\"><\/div>\n<\/div>\n<p>[\/vc_column_text][\/vc_column][\/vc_row]<\/p>\n<\/section>","protected":false},"excerpt":{"rendered":"<p>[vc_row][vc_column][vc_column_text] \u00a0Stubai rockt Sailenieder Plan\u00e4nderung vor Gipfel (die Zweite) 17. August 2018 Eine Tag nach der Passilsattel Tour gings gleich nochmal in die Berge. Jetzt spinnen die Jungs&#8230; Diesmal fuhr ich mit Hardy nach Telfes ins Stubaital.[\/vc_column_text][\/vc_column][\/vc_row][vc_row][vc_column][vc_text_separator title=&#8221;B E S C H R E I B U N G&#8221;][\/vc_column][\/vc_row][vc_row][vc_column][vc_column_text]F\u00fcr die \u2026 <a class=\"continue-reading-link\" href=\"https:\/\/blog.sickculture.de\/?page_id=1169\"> Continue reading<\/a><\/p>\n","protected":false},"author":1,"featured_media":0,"parent":90,"menu_order":0,"comment_status":"closed","ping_status":"closed","template":"","meta":{"_s2mail":"yes","ngg_post_thumbnail":0,"footnotes":""},"categories":[15,4],"class_list":["post-1169","page","type-page","status-publish","hentry","category-15","category-mountainbike"],"jetpack_shortlink":"https:\/\/wp.me\/P7EPUT-iR","jetpack_sharing_enabled":true,"_links":{"self":[{"href":"https:\/\/blog.sickculture.de\/index.php?rest_route=\/wp\/v2\/pages\/1169","targetHints":{"allow":["GET"]}}],"collection":[{"href":"https:\/\/blog.sickculture.de\/index.php?rest_route=\/wp\/v2\/pages"}],"about":[{"href":"https:\/\/blog.sickculture.de\/index.php?rest_route=\/wp\/v2\/types\/page"}],"author":[{"embeddable":true,"href":"https:\/\/blog.sickculture.de\/index.php?rest_route=\/wp\/v2\/users\/1"}],"replies":[{"embeddable":true,"href":"https:\/\/blog.sickculture.de\/index.php?rest_route=%2Fwp%2Fv2%2Fcomments&post=1169"}],"version-history":[{"count":6,"href":"https:\/\/blog.sickculture.de\/index.php?rest_route=\/wp\/v2\/pages\/1169\/revisions"}],"predecessor-version":[{"id":1586,"href":"https:\/\/blog.sickculture.de\/index.php?rest_route=\/wp\/v2\/pages\/1169\/revisions\/1586"}],"up":[{"embeddable":true,"href":"https:\/\/blog.sickculture.de\/index.php?rest_route=\/wp\/v2\/pages\/90"}],"wp:attachment":[{"href":"https:\/\/blog.sickculture.de\/index.php?rest_route=%2Fwp%2Fv2%2Fmedia&parent=1169"}],"wp:term":[{"taxonomy":"category","embeddable":true,"href":"https:\/\/blog.sickculture.de\/index.php?rest_route=%2Fwp%2Fv2%2Fcategories&post=1169"}],"curies":[{"name":"wp","href":"https:\/\/api.w.org\/{rel}","templated":true}]}}