{"id":1420,"date":"2019-05-02T09:22:42","date_gmt":"2019-05-02T09:22:42","guid":{"rendered":"http:\/\/blog.sickculture.de\/?page_id=1420"},"modified":"2021-07-05T07:48:04","modified_gmt":"2021-07-05T07:48:04","slug":"2017-10-st-vigil-2-2-2-2","status":"publish","type":"page","link":"https:\/\/blog.sickculture.de\/?page_id=1420","title":{"rendered":"2019.04 Garda Bikedays"},"content":{"rendered":"<section class=\"wpb-content-wrapper\"><p>[vc_row][vc_column][vc_column_text]<\/p>\n<h4 class=\"clear\" style=\"text-align: center;\"><span style=\"color: #808080;\"><strong><img loading=\"lazy\" decoding=\"async\" class=\"aligncenter size-medium wp-image-1424\" src=\"http:\/\/blog.sickculture.de\/wp-content\/uploads\/2019\/05\/20190427_Riva-300x158.jpg\" alt=\"\" width=\"300\" height=\"158\" srcset=\"https:\/\/blog.sickculture.de\/wp-content\/uploads\/2019\/05\/20190427_Riva-300x158.jpg 300w, https:\/\/blog.sickculture.de\/wp-content\/uploads\/2019\/05\/20190427_Riva-768x403.jpg 768w, https:\/\/blog.sickculture.de\/wp-content\/uploads\/2019\/05\/20190427_Riva-1024x538.jpg 1024w, https:\/\/blog.sickculture.de\/wp-content\/uploads\/2019\/05\/20190427_Riva-250x131.jpg 250w, https:\/\/blog.sickculture.de\/wp-content\/uploads\/2019\/05\/20190427_Riva-150x79.jpg 150w, https:\/\/blog.sickculture.de\/wp-content\/uploads\/2019\/05\/20190427_Riva.jpg 1200w\" sizes=\"auto, (max-width: 300px) 100vw, 300px\" \/><\/strong><\/span><\/h4>\n<h4 class=\"clear\" style=\"text-align: center;\"><span style=\"color: #808080;\"><strong>Bikedays im S\u00fcden<\/strong><\/span><span style=\"color: #0000ff;\"><strong><br \/>\n<\/strong><\/span><\/h4>\n<h1 style=\"text-align: center;\"><strong><span style=\"color: #0000ff;\"><span style=\"color: #99cc00;\">Gardasee 2019<br \/>\n<\/span><\/span><\/strong><\/h1>\n<h1 style=\"text-align: center;\"><strong><span style=\"color: #808080;\">St. Tomaso<\/span><br \/>\n<\/strong><\/h1>\n<h2 style=\"text-align: center;\"><span style=\"color: #808080;\">27.-30. April 2019<br \/>\n<\/span><\/h2>\n<h4 class=\"clear\" style=\"text-align: center;\"><span style=\"color: #808080;\"><strong>&nbsp;<\/strong><\/span><\/h4>\n<hr>\n<p>Fast schon Pflicht, die Bikesaison am Gardasee zu beginnen. Die Woche zwischen Ostern und den Riva Bikedays war ideal. Zumindest dachten wir das so. Um Ostern hatten die Urlauber traumhaftes Wetter. Nun wollten wir an den Lago und schon kam ein Wettersturz. Wir hatten alles von Schnee, Regen, Sonne&#8230; Aber es fanden sich wieder interessante Touren abseits des Mainstreams.[\/vc_column_text][\/vc_column][\/vc_row][vc_row][vc_column][vc_text_separator title=&#8221;B E S C H R E I B U N G&#8221;][\/vc_column][\/vc_row][vc_row][vc_column][vc_column_text]<\/p>\n<h3><strong>27.04.19 <b>Tremalzo222-Bresone-ValPura123<\/b><br \/>\n<\/strong><\/h3>\n<p>Nach langer Anfahrt nach St. Tomaso, ein kleiner Nebenort bei Riva und Arco, hie\u00df es rein ins &#8220;Shuttle&#8221; und rauf zum Tremalzo. Schon fast fies, wenn man die Biker vom Ledrosee randelnd hier hoch keuchen sieht, w\u00e4hrend man locker im Shuttle sitzt und die volle Energie noch zur Verf\u00fcgung hat. Wobei mittlerweile die Meisten auch nicht mehr ohne ePower unterwegs sind. Und was f\u00fcr Leute sich da auf den &#8220;Mosertouren&#8221; bewegen? Oben am Tremalzo war es bew\u00f6lkt und windig. W\u00e4hrend es die Tage zuvor in Riva geregnet hat, best\u00e4ubte Frau Holle die Berge mit Schnee. Na toll Frau Holle. Hoffentlich sind die Wege halbwegs schneefrei und trocken? Also rein ins Vergn\u00fcgen. Die ersten Meter abw\u00e4rts folgte ich bis zur Malga Ciapa. Dann folgte der erste Trail in Form von groben Karrenweg, schmalen Waldpfaden und losem Gestein auf dem Sent. 222 ins Val Marza f\u00fcr ca. 300 Tiefenmeter. Darauf ein ausgesetzter Trail Richtung Bocca di Fobia. Diese Tour lohnt sich auch. Ich hatte jedoch eine Freeride Sektion im Auge: der Sent 222 ins Valle Pra delle Noci auf gut 700 Tiefenmeter heftigstem Gardasee Trail. &#8220;Ger\u00f6ll, Ausgesetztheit und steil&#8221;, so w\u00fcrde ich es grob umschreiben. Ettliche Bachquerungen, nassen F\u00fc\u00dfen und schmerzenden Handgelenken sp\u00e4ter ist das Bremsenmasaker Nummero Uno vorbei. Nicht alles fahrbar, aber derber Freeride Spass. (vielleicht ein wenig zu heftig als erster Trailride am Lago) Der zweite Teil&nbsp; mu\u00dfte erst einmal verdient werden. Also fuhr ich durch das wundersch\u00f6ne Valle San Michele \u00fcber Voianders nach Vesio zur\u00fcck, um den Monte Bestone zu besteigen. Die ersten Meter der Gipfelbesteigung war noch gut fahrbar, wurde aber gegen Ende grobschottriger und steiler (mit eBike sicherlich mehr fahrbar). Also schob ich die letzten Meter hoch und trug mein Bike zum Gipfelkreuz, welches mit einer Glocke nebenan einen herrlichen Blick \u00fcber den Lago und Limone bot. Hier ersp\u00e4hte ich auch den Dalco 112er, welcher irgendwann einmal gefahren werden mu\u00df. Nach kurzer rast und Fotosession ging es ein paar Meter auf dem Aufstiegsweg zur\u00fcck. Dann zweigt ein kleiner Pfad durch Gestr\u00fcb zum Abk\u00fcrzungsweg zu Teil Drei. \u00dcber enge Spitzkehren hinab und dann auf ausgesetzten Wanderpfad zum Einstieg des Sent. 123 ins Val Pura. Hier warteten im dritten Freeride Trailabschnitt des Tages nochmals 500 Tiefenmeter relativ gut fahrbaren Trail \u00fcber Ger\u00f6ll, Kehren, Wurzeln und ausgesetzten Passagen. Die komplette Abfahrt nur ich und mein Bike &#8211; in Limone das krasse Gegenteil. L\u00e4rm, Stress und hunderte Menschen.<\/p>\n<div class=\"passster-form\" id=\"ps-161\">\n    <form class=\"password-form\" method=\"post\" autocomplete=\"off\" target=\"_top\">\n        <span class=\"ps-form-headline\">Gesch\u00fctzter Bereich<\/span>\n        <div class=\"ps-form-instructions-wrap\">Dieser Inhalt ist passwortgesch\u00fctzt. Bitte gib dein Passwort ein um den Inhalt freizuschalten.<\/div>\n        <fieldset>\n            <span class=\"ps-loader\" style=\"display:none;\"><img decoding=\"async\" src=\"https:\/\/blog.sickculture.de\/wp-content\/plugins\/content-protector\/assets\/public\/ps-loader.svg\" alt=\"\" \/><\/span>\n            <label for=\"input-ps-161\" style=\"display:none;\" class=\"passster-hidden\">Trage dein Passwort ein<\/label>\n            <input placeholder=\"Gib dein Passwort ein..\" type=\"password\" tabindex=\"1\" name=\"passster_password\"\n                   id=\"input-ps-161\" class=\"passster-password\" autocomplete=\"off\"\n                   data-protection-type=\"password\" data-list=\"[PASSSTER_LIST]\" data-lists=\"[PASSSTER_LISTS]\" data-area=\"[PASSSTER_AREA]\"\n                   data-protection=\"[PASSSTER_PROTECTION]\">\n            \n            <button name=\"submit\" type=\"submit\" class=\"passster-submit\" data-psid=\"ps-161\" data-post-id=\"1420\" data-term-id=\"0\" \n                    data-submit=\"...Checking Password\" data-redirect=\"\">Freischalten\n            <\/button>\n            <div class=\"passster-error\"><\/div>\n        <\/fieldset>\n    <\/form>\n<\/div>\n\n<hr>\n<h3><strong>28.04.19 Rif. San Pietro (Wandern)<br \/>\n<\/strong><\/h3>\n<p>Leider hat es \u00fcber Nacht heftig geregnet und die Gipfelwege komplett verschneit. Heute war nicht ans Bike in Gipfelregionen zu denken. Au\u00dferdem war Regen f\u00fcr Nachmittag angek\u00fcndigt und in der Fr\u00fch hat es noch bis kurz vor Mittag gegossen. Also Bike auf die Seite gestellt und gewandert. Wir fuhren zum Tennosee bis Canale di Tenno, wanderten auf dem 406er zum Rif. San Pietro (netter Karrenweg f\u00fcr eine Bikeabfahrt!) und zur\u00fcck nach Canale, einem Bergdorf, das noch urspr\u00fcnglich erhalten wurde (aus dem 15.Jhd.!). Ein Sightseeing Tipp!<\/p>\n<hr>\n<h3><strong>29.04.19 Cima d\u00b4 Oro<br \/>\n<\/strong><\/h3>\n<p>Was soll ich sagen? Das w\u00e4re ein ersehnter Klassiker gewesen mit Kombination aus diversen Gipfelbesteigungen und genialer Abfahrt. Doch der Regentag zuvor hatte dem Cima d\u00b4 Oro nochmals eine wei\u00dfe Haube versetzt. Trotzdem dachte ich mir, schau es dir mal an. Vielleicht geht ja doch was? So fuhr ich vom Ledrosee ab Mezzolago die Forststra\u00dfe bis La Sela hoch. Es war noch frisch und die Wolken hangen tief \u00fcber dem Ledrosee. Ob da was geht? Am Aussichtspunkt La Sela begann es leicht zu schneien. Weiter oder wieder zur\u00fcck? Ich entschloss mich, noch ein wenig weiter zu fahren und rollte bis zur Malga Droma\u00e9. Nur kurze St\u00fccke waren zu schieben. Im Grunde w\u00e4re es bis hier her fahrbar gewesen. Nun mu\u00dfte das Bike auf den Rucksack und die letzten 150hm bis zur Bocca di Droma\u00e9 getragen werden. Dies entpuppte sich nicht mehr als genz so easy, da bereits der Weg gut verschneit war. Der obere Teil im Wiesenbereich war teilweise schneefrei. Bis hierher hatte ich schon mal eine Tour vom Rif. Pernici gemacht und fuhr Nord\u00f6stlich bergab. Ich wollte aber zuerst auf den Cima d\u00b4 Oro und dann nach Westen zur Bocca Saval kreuzen. Ein NoGo! Der Cima d\u00b4Oro war noch voller Schnee und der Weg verschneit. Auch der ausgesetzte Pfad unterhalb des Cima Scalpa und Cima Pari war gut verschneit. Der Cima Pari stand auch auf der Besteigungsliste. Zu gef\u00e4hrlich und sinnlos! Also trat ich den R\u00fcckzug an. Ich stieg wieder zur Malga Droma\u00e9 ab und fuhr auf dem Sent.453 Austroungarico bergab. Ein netter Trail in Form eines verblockten Karrenwegs mit Wurzelpassagen. Nicht gef\u00e4hrlich, nur durch Regen und Laub rutschig. Vom Ledrosee fuhr ich \u00fcber die Ponalestrecke zur\u00fcck nach Riva.<\/p>\n<div class=\"passster-form\" id=\"ps-892\">\n    <form class=\"password-form\" method=\"post\" autocomplete=\"off\" target=\"_top\">\n        <span class=\"ps-form-headline\">Gesch\u00fctzter Bereich<\/span>\n        <div class=\"ps-form-instructions-wrap\">Dieser Inhalt ist passwortgesch\u00fctzt. Bitte gib dein Passwort ein um den Inhalt freizuschalten.<\/div>\n        <fieldset>\n            <span class=\"ps-loader\" style=\"display:none;\"><img decoding=\"async\" src=\"https:\/\/blog.sickculture.de\/wp-content\/plugins\/content-protector\/assets\/public\/ps-loader.svg\" alt=\"\" \/><\/span>\n            <label for=\"input-ps-892\" style=\"display:none;\" class=\"passster-hidden\">Trage dein Passwort ein<\/label>\n            <input placeholder=\"Gib dein Passwort ein..\" type=\"password\" tabindex=\"1\" name=\"passster_password\"\n                   id=\"input-ps-892\" class=\"passster-password\" autocomplete=\"off\"\n                   data-protection-type=\"password\" data-list=\"[PASSSTER_LIST]\" data-lists=\"[PASSSTER_LISTS]\" data-area=\"[PASSSTER_AREA]\"\n                   data-protection=\"[PASSSTER_PROTECTION]\">\n            \n            <button name=\"submit\" type=\"submit\" class=\"passster-submit\" data-psid=\"ps-892\" data-post-id=\"1420\" data-term-id=\"0\" \n                    data-submit=\"...Checking Password\" data-redirect=\"\">Freischalten\n            <\/button>\n            <div class=\"passster-error\"><\/div>\n        <\/fieldset>\n    <\/form>\n<\/div>\n\n<hr>\n<h3><strong>30.04.2019 Monte Stivo Freeride (Variante!)<br \/>\n<\/strong><\/h3>\n<p>Tag Vier am Lago und noch immer sind die Gipfel wei\u00df. What a shit! Aber: heute war stabiles Wetter mit Sonne angesagt. So fuhren wir mit dem Auto bis Drena. W\u00e4hrend meine Eltern wandern gingen, bin ich von Drena die gut fahrbare Asphaltstra\u00dfe (im Schatten) zum Monte Stivo hochgekurbelt. Geplannt w\u00e4re eigentlich die S\u00fcdvariante mit Gipfelsturm gewesen, aber dieser war ja aus bekannten Gr\u00fcnden nicht machbar (oder sinnvoll) gewesen. 700hm waren es bis zur Malga Drena. Ideal zum warmfahren. Dann ging es auf dem Forstweg \u00fcber Malga Campo Arco weiter, biegt nach rechts ab und folgt dann links \u00fcber zwei Kehren Richtung Monte Stivo und Cima Bassa bergauf. Hier mu\u00dfte ich mein Bike einige Male schieben und tragen, da der Schnee teilweise 25cm tief war. Sollte es am Grat auch so ausschauen und wieder ein Abbruch anstehen? Nein, am Grat &#8220;Madonninia&#8221; zwischen Stivo und Cima Bassa war alles schneefrei und der Pfad bergab war frei. Fotos geknippst und Schoner an! Der Sentiero dei Serbi (623B) &#8211; ein Steig aus Kriegszeiten. Ein schmaler Pfad mit engen Kehren, extrem ausgesetzten Passagen (besser schieben!), Ger\u00f6ll und Abs\u00e4tzen. Zwischendrin wieder gut fahrbar aber immer mit Vorsicht zu geniesen, da der Abgrund immer lauert oder einen das Ger\u00f6ll aus dem Sattel werfen kann. Ich fuhr auf dem Sent. 623B bis auf ca. 1080m bergab und bog dannauf der S\u00fcdostseite des Monte Stivo auf die Stra\u00dfe Richtung Ronzo ab. Zum Gl\u00fcck ist diese Stra\u00dfe sehr verkehrsarm. Ab dem Passo Bordola ging es rechts weg nach Santa Barbara. Dort erstmal eine Verschnaufpause eingef\u00fcgt, bis es zum Freeride Klassiker nummero due ging. Doch dieser will erstmal verdient sein. Klar: man k\u00f6nnte die verk\u00fcrzte Version von S. Antonio\u00b4s Bar zum Castello del Castil antreten und dann in den Trail einsteigen, ich jedoch wollte das volle Programm. So mu\u00dfte ich nochmals 300hm anstrengend steil nach oben kurbeln. Am Punkt Le Prese (S\u00fcd-Aufstiegsroute zum Monte Stivo) legte ich meine Schoner an, checkte nochmals die Bremsbel\u00e4ge und dann rein ins Vergn\u00fcgen. Der 608er ist ein netter Trail. Nicht schwer zu fahren, ein paar Kehren, alles im Waldbereich und wenig Ger\u00f6ll. Ein paar Wurzelpassagen sind zu meistern. Da einzig heikle daran war, dass der Waldboden komplett aufgeweicht war und schon nach den ersten Trailmetern meine Reifen voller Schlamm und Dreck waren. Jetzt folgt &#8220;THE HAMMER&#8221;. Wie der Name schon sagt: der Hammer. Der Sent. 609 vernichtet gute 850 Trailtiefenmeter bis Bolognano \u00fcber steile, verblockte und schmierigen Steinpassagen. Da kam die Forststra\u00dfenquerung immer recht gelegen um zu Verschnaufen, ehe es wieder in den Gehirnzellenmixer ging. Mit fettem Grinsen rollte ich dann ersch\u00f6pft zur\u00fcck zum Hotel. Nicht schlecht! W\u00fcrde ich nun meine Tour \u00fcber den Monte Stivo mit 666er, 666B oder 617er einbauen, w\u00e4re das wohl der &#8220;Monte Stivo Freeride Plus&#8221; gewesen. Ich vergn\u00fcgte mich mit der &#8220;Light&#8221; Variante aufgrund der Schneeverh\u00e4ltnisse.<\/p>\n<div class=\"passster-form\" id=\"ps-532\">\n    <form class=\"password-form\" method=\"post\" autocomplete=\"off\" target=\"_top\">\n        <span class=\"ps-form-headline\">Gesch\u00fctzter Bereich<\/span>\n        <div class=\"ps-form-instructions-wrap\">Dieser Inhalt ist passwortgesch\u00fctzt. Bitte gib dein Passwort ein um den Inhalt freizuschalten.<\/div>\n        <fieldset>\n            <span class=\"ps-loader\" style=\"display:none;\"><img decoding=\"async\" src=\"https:\/\/blog.sickculture.de\/wp-content\/plugins\/content-protector\/assets\/public\/ps-loader.svg\" alt=\"\" \/><\/span>\n            <label for=\"input-ps-532\" style=\"display:none;\" class=\"passster-hidden\">Trage dein Passwort ein<\/label>\n            <input placeholder=\"Gib dein Passwort ein..\" type=\"password\" tabindex=\"1\" name=\"passster_password\"\n                   id=\"input-ps-532\" class=\"passster-password\" autocomplete=\"off\"\n                   data-protection-type=\"password\" data-list=\"[PASSSTER_LIST]\" data-lists=\"[PASSSTER_LISTS]\" data-area=\"[PASSSTER_AREA]\"\n                   data-protection=\"[PASSSTER_PROTECTION]\">\n            \n            <button name=\"submit\" type=\"submit\" class=\"passster-submit\" data-psid=\"ps-532\" data-post-id=\"1420\" data-term-id=\"0\" \n                    data-submit=\"...Checking Password\" data-redirect=\"\">Freischalten\n            <\/button>\n            <div class=\"passster-error\"><\/div>\n        <\/fieldset>\n    <\/form>\n<\/div>\n\n<div id=\"s3gt_translate_tooltip\" class=\"s3gt_translate_tooltip\" style=\"position: absolute; left: 10px; top: 64px; opacity: 0;\">\n<div id=\"s3gt_translate_tooltip_mini_copy\" class=\"s3gt_translate_tooltip_mini\" title=\"In Zwischenablage kopieren\">&nbsp;<\/div>\n<\/div>\n<p>[\/vc_column_text][\/vc_column][\/vc_row][vc_row][vc_column][vc_text_separator title=&#8221;F A Z I T&#8221;][\/vc_column][\/vc_row][vc_row][vc_column][vc_column_text]Irgendwie ist mir der Wetterpatron nicht ganz gesellig &#8211; immer wenn wir in den Urlaub fahren, haben wir das &#8220;Gl\u00fcck&#8221; einen Wettersturz zu erleben. Aber im Gro\u00dfen und Ganzen war es ein Trailweekend mit einigen nicht dem Mainstream entsprechenden Trails. Auf meiner Agenta standen noch ein paar weitere Touren, die ich noch beim n\u00e4chsten Besuch am Lago fahren mu\u00df. Aber wie immer: es kommen immer wieder welche dazu. Wer sucht, der findet ;-)[\/vc_column_text][\/vc_column][\/vc_row][vc_row][vc_column]<div class=\"ult_exp_section_layer ult-adjust-bottom-margin  \" >\n\t<div id=\"uvc-exp-wrap-6511\"   data-ultimate-target='#uvc-exp-wrap-6511'  data-responsive-json-new='{\"font-size\":\"desktop:20px;\",\"line-height\":\"desktop:20px;\"}'  class=\"ult_exp_section  ult-responsive \" style=\"color:#ffffff;background-color:#1e73be;font-family:Alfa Slab One;font-weight:bold;  text-align:center;\" data-textcolor=\"#ffffff\"data-texthover=\"#333333\"data-icncolor=\"#333333\"data-ihover=\"#333333\"data-height=\"0\"data-cntbg=\"#1e73be\"data-cnthvrbg=\"#e5e5e5\"data-headerbg=\"#1e73be\"data-headerhover=\"#e5e5e5\"data-title=\"BILDER\"data-newtitle=\"BILDER\"data-icon=\"\"data-newicon=\"\"data-activeicon=\"#333333\"data-effect=\"slideToggle\"data-override=\"0\"data-activetitle=\"#333333\"data-activebg=\"#dbdbdb\"data-img=\"\"data-newimg=\"\"><div  class=\"ult_exp_section-main \">\n\t\t\t\t\t<div class=\"ult_expheader\" >BILDER\n\t\t\t\t\t <\/div><\/div>\n\t\t\t\t<\/div><div class=\"ult_exp_content \" style=\"background-color:#dbdbdb;  \"><div class=\"ult_ecpsub_cont\" style=\" \" >[vc_tta_tabs][vc_tta_section title=&#8221;222 Bestone Pura&#8221; tab_id=&#8221;1625471190092-59b9886f-5b4a&#8221;][vc_column_text]<\/p>\n\n\t\t<style type=\"text\/css\">\n\t\t\t#gallery-1 {\n\t\t\t\tmargin: auto;\n\t\t\t}\n\t\t\t#gallery-1 .gallery-item {\n\t\t\t\tfloat: left;\n\t\t\t\tmargin-top: 10px;\n\t\t\t\ttext-align: center;\n\t\t\t\twidth: 100%;\n\t\t\t}\n\t\t\t#gallery-1 img {\n\t\t\t\tborder: 2px solid #cfcfcf;\n\t\t\t}\n\t\t\t#gallery-1 .gallery-caption {\n\t\t\t\tmargin-left: 0;\n\t\t\t}\n\t\t\t\/* see gallery_shortcode() in wp-includes\/media.php *\/\n\t\t<\/style>\n\t\t<div id='gallery-1' class='gallery galleryid-1420 gallery-columns-0 gallery-size-thumbnail'><dl class='gallery-item'>\n\t\t\t<dt class='gallery-icon landscape'>\n\t\t\t\t<a href='https:\/\/blog.sickculture.de\/?attachment_id=1424'><img loading=\"lazy\" decoding=\"async\" width=\"150\" height=\"150\" src=\"https:\/\/blog.sickculture.de\/wp-content\/uploads\/2019\/05\/20190427_Riva-150x150.jpg\" class=\"attachment-thumbnail size-thumbnail\" alt=\"\" \/><\/a>\n\t\t\t<\/dt><\/dl>\n\t\t<\/div>\n\n<p>[\/vc_column_text][\/vc_tta_section][vc_tta_section title=&#8221;St. Peitro&#8221; tab_id=&#8221;1625471190120-a888bfbf-422b&#8221;][vc_column_text]<\/p>\n\n\t\t<style type=\"text\/css\">\n\t\t\t#gallery-2 {\n\t\t\t\tmargin: auto;\n\t\t\t}\n\t\t\t#gallery-2 .gallery-item {\n\t\t\t\tfloat: left;\n\t\t\t\tmargin-top: 10px;\n\t\t\t\ttext-align: center;\n\t\t\t\twidth: 33%;\n\t\t\t}\n\t\t\t#gallery-2 img {\n\t\t\t\tborder: 2px solid #cfcfcf;\n\t\t\t}\n\t\t\t#gallery-2 .gallery-caption {\n\t\t\t\tmargin-left: 0;\n\t\t\t}\n\t\t\t\/* see gallery_shortcode() in wp-includes\/media.php *\/\n\t\t<\/style>\n\t\t<div id='gallery-2' class='gallery galleryid-1420 gallery-columns-3 gallery-size-thumbnail'><dl class='gallery-item'>\n\t\t\t<dt class='gallery-icon landscape'>\n\t\t\t\t<a href='https:\/\/blog.sickculture.de\/?attachment_id=1424'><img loading=\"lazy\" decoding=\"async\" width=\"150\" height=\"150\" src=\"https:\/\/blog.sickculture.de\/wp-content\/uploads\/2019\/05\/20190427_Riva-150x150.jpg\" class=\"attachment-thumbnail size-thumbnail\" alt=\"\" \/><\/a>\n\t\t\t<\/dt><\/dl>\n\t\t\t<br style='clear: both' \/>\n\t\t<\/div>\n\n<p>[\/vc_column_text][\/vc_tta_section][vc_tta_section title=&#8221;Cima Oro&#8221; tab_id=&#8221;1625471194341-910c3d14-3863&#8243;][vc_column_text]<\/p>\n\n\t\t<style type=\"text\/css\">\n\t\t\t#gallery-3 {\n\t\t\t\tmargin: auto;\n\t\t\t}\n\t\t\t#gallery-3 .gallery-item {\n\t\t\t\tfloat: left;\n\t\t\t\tmargin-top: 10px;\n\t\t\t\ttext-align: center;\n\t\t\t\twidth: 100%;\n\t\t\t}\n\t\t\t#gallery-3 img {\n\t\t\t\tborder: 2px solid #cfcfcf;\n\t\t\t}\n\t\t\t#gallery-3 .gallery-caption {\n\t\t\t\tmargin-left: 0;\n\t\t\t}\n\t\t\t\/* see gallery_shortcode() in wp-includes\/media.php *\/\n\t\t<\/style>\n\t\t<div id='gallery-3' class='gallery galleryid-1420 gallery-columns-0 gallery-size-thumbnail'><dl class='gallery-item'>\n\t\t\t<dt class='gallery-icon landscape'>\n\t\t\t\t<a href='https:\/\/blog.sickculture.de\/?attachment_id=1424'><img loading=\"lazy\" decoding=\"async\" width=\"150\" height=\"150\" src=\"https:\/\/blog.sickculture.de\/wp-content\/uploads\/2019\/05\/20190427_Riva-150x150.jpg\" class=\"attachment-thumbnail size-thumbnail\" alt=\"\" \/><\/a>\n\t\t\t<\/dt><\/dl>\n\t\t<\/div>\n\n<p>[\/vc_column_text][\/vc_tta_section][vc_tta_section title=&#8221;Stivo&#8221; tab_id=&#8221;1625471195287-a3f513a7-b0f9&#8243;][vc_column_text]<\/p>\n\n\t\t<style type=\"text\/css\">\n\t\t\t#gallery-4 {\n\t\t\t\tmargin: auto;\n\t\t\t}\n\t\t\t#gallery-4 .gallery-item {\n\t\t\t\tfloat: left;\n\t\t\t\tmargin-top: 10px;\n\t\t\t\ttext-align: center;\n\t\t\t\twidth: 100%;\n\t\t\t}\n\t\t\t#gallery-4 img {\n\t\t\t\tborder: 2px solid #cfcfcf;\n\t\t\t}\n\t\t\t#gallery-4 .gallery-caption {\n\t\t\t\tmargin-left: 0;\n\t\t\t}\n\t\t\t\/* see gallery_shortcode() in wp-includes\/media.php *\/\n\t\t<\/style>\n\t\t<div id='gallery-4' class='gallery galleryid-1420 gallery-columns-0 gallery-size-thumbnail'><dl class='gallery-item'>\n\t\t\t<dt class='gallery-icon landscape'>\n\t\t\t\t<a href='https:\/\/blog.sickculture.de\/?attachment_id=1424'><img loading=\"lazy\" decoding=\"async\" width=\"150\" height=\"150\" src=\"https:\/\/blog.sickculture.de\/wp-content\/uploads\/2019\/05\/20190427_Riva-150x150.jpg\" class=\"attachment-thumbnail size-thumbnail\" alt=\"\" \/><\/a>\n\t\t\t<\/dt><\/dl>\n\t\t<\/div>\n\n<p>&nbsp;[\/vc_column_text][\/vc_tta_section][\/vc_tta_tabs]<\/div><\/div>\n\n\t\t\t<\/div>[\/vc_column][\/vc_row][vc_row][vc_column][vc_column_text]<\/p>\n<div id=\"s3gt_translate_tooltip_mini\" class=\"s3gt_translate_tooltip_mini_box\" style=\"background: initial !important; border: initial !important; border-radius: initial !important; border-spacing: initial !important; border-collapse: initial !important; direction: ltr !important; flex-direction: initial !important; font-weight: initial !important; height: initial !important; letter-spacing: initial !important; min-width: initial !important; max-width: initial !important; min-height: initial !important; max-height: initial !important; margin: auto !important; outline: initial !important; padding: initial !important; position: absolute; table-layout: initial !important; text-align: initial !important; text-shadow: initial !important; width: initial !important; word-break: initial !important; word-spacing: initial !important; overflow-wrap: initial !important; box-sizing: initial !important; display: initial !important; color: inherit !important; font-size: 13px !important; font-family: X-LocaleSpecific, sans-serif, Tahoma, Helvetica !important; line-height: 13px !important; vertical-align: top !important; white-space: inherit !important; left: 391px; top: 459px; opacity: 0.5;\">\n<div id=\"s3gt_translate_tooltip_mini_logo\" class=\"s3gt_translate_tooltip_mini\" title=\"Markierten Text \u00fcbersetzen\">&nbsp;<\/div>\n<div id=\"s3gt_translate_tooltip_mini_sound\" class=\"s3gt_translate_tooltip_mini\" title=\"Abspielen\">&nbsp;<\/div>\n<div id=\"s3gt_translate_tooltip_mini_copy\" class=\"s3gt_translate_tooltip_mini\" title=\"In Zwischenablage kopieren\">&nbsp;<\/div>\n<\/div>\n<p>[\/vc_column_text][\/vc_column][\/vc_row]<\/p>\n<\/section>","protected":false},"excerpt":{"rendered":"<p>[vc_row][vc_column][vc_column_text] Bikedays im S\u00fcden Gardasee 2019 St. Tomaso 27.-30. April 2019 &nbsp; Fast schon Pflicht, die Bikesaison am Gardasee zu beginnen. Die Woche zwischen Ostern und den Riva Bikedays war ideal. Zumindest dachten wir das so. Um Ostern hatten die Urlauber traumhaftes Wetter. Nun wollten wir an den Lago und \u2026 <a class=\"continue-reading-link\" href=\"https:\/\/blog.sickculture.de\/?page_id=1420\"> Continue reading<\/a><\/p>\n","protected":false},"author":1,"featured_media":0,"parent":90,"menu_order":0,"comment_status":"closed","ping_status":"closed","template":"","meta":{"_s2mail":"yes","ngg_post_thumbnail":0,"footnotes":""},"categories":[16,4],"class_list":["post-1420","page","type-page","status-publish","hentry","category-16","category-mountainbike"],"jetpack_shortlink":"https:\/\/wp.me\/P7EPUT-mU","jetpack_sharing_enabled":true,"_links":{"self":[{"href":"https:\/\/blog.sickculture.de\/index.php?rest_route=\/wp\/v2\/pages\/1420","targetHints":{"allow":["GET"]}}],"collection":[{"href":"https:\/\/blog.sickculture.de\/index.php?rest_route=\/wp\/v2\/pages"}],"about":[{"href":"https:\/\/blog.sickculture.de\/index.php?rest_route=\/wp\/v2\/types\/page"}],"author":[{"embeddable":true,"href":"https:\/\/blog.sickculture.de\/index.php?rest_route=\/wp\/v2\/users\/1"}],"replies":[{"embeddable":true,"href":"https:\/\/blog.sickculture.de\/index.php?rest_route=%2Fwp%2Fv2%2Fcomments&post=1420"}],"version-history":[{"count":7,"href":"https:\/\/blog.sickculture.de\/index.php?rest_route=\/wp\/v2\/pages\/1420\/revisions"}],"predecessor-version":[{"id":1582,"href":"https:\/\/blog.sickculture.de\/index.php?rest_route=\/wp\/v2\/pages\/1420\/revisions\/1582"}],"up":[{"embeddable":true,"href":"https:\/\/blog.sickculture.de\/index.php?rest_route=\/wp\/v2\/pages\/90"}],"wp:attachment":[{"href":"https:\/\/blog.sickculture.de\/index.php?rest_route=%2Fwp%2Fv2%2Fmedia&parent=1420"}],"wp:term":[{"taxonomy":"category","embeddable":true,"href":"https:\/\/blog.sickculture.de\/index.php?rest_route=%2Fwp%2Fv2%2Fcategories&post=1420"}],"curies":[{"name":"wp","href":"https:\/\/api.w.org\/{rel}","templated":true}]}}