{"id":1433,"date":"2019-06-10T15:33:20","date_gmt":"2019-06-10T15:33:20","guid":{"rendered":"http:\/\/blog.sickculture.de\/?page_id=1433"},"modified":"2021-07-05T07:38:35","modified_gmt":"2021-07-05T07:38:35","slug":"2017-10-friederspitz-bbs-2-2-2-2-3-2-2-2-2-2-2","status":"publish","type":"page","link":"https:\/\/blog.sickculture.de\/?page_id=1433","title":{"rendered":"2019.06 Esterbergrunde"},"content":{"rendered":"<section class=\"wpb-content-wrapper\"><p>[vc_row][vc_column][vc_column_text]&nbsp;<\/p>\n<div class=\"embed-gphotos  wp-caption\"><a href=\"https:\/\/photos.google.com\/share\/AF1QipMRRbzEpW8Pff_YGiXFVu1mjmHj2U2a5q6-1DULMeTNRPZlhxMEBLfUY0He_K03uQ?key=Ykg0Sy1ta2FXc2xoODRHNkZEVVlFZVlJblNjZl93\" target=\"_blank\"><img loading=\"lazy\" decoding=\"async\"    src=\"https:\/\/lh3.googleusercontent.com\/sS-7c9UNI4hNKBj7uWo9gw44gr67pCLSUqan0mEBZ4Y1MvSBncDrvtUWAjeOAIrxSi-iMNo8LzSYN_9-_fepkiDSUHJ7sGdxd6oobp18sRx98ggU5glrVwNalpgdfOXszUJsa27B7c8=w800-h1000\" width=\"800\" height=\"451\"   ><\/a><\/p>\n<p class=\"wp-caption-text\"><a href=\"https:\/\/photos.google.com\/share\/AF1QipMRRbzEpW8Pff_YGiXFVu1mjmHj2U2a5q6-1DULMeTNRPZlhxMEBLfUY0He_K03uQ?key=Ykg0Sy1ta2FXc2xoODRHNkZEVVlFZVlJblNjZl93\" target=\"_blank\">New photo by Thomas Mayer \/ Google Photos<\/a><\/p>\n<\/div>\n<h4 class=\"clear\" style=\"text-align: center;\"><span style=\"color: #808080;\"><strong>Eine ausgedehnte Crosscountry Runde bei Garmisch<\/strong><\/span><span style=\"color: #0000ff;\"><strong><br \/>\n<\/strong><\/span><\/h4>\n<h1 style=\"text-align: center;\"><strong><span style=\"color: #0000ff;\">Esterbergrunde<\/span><\/strong><\/h1>\n<h4 style=\"text-align: center;\">Einmal um das Estergebirge rum mit finalem Trail<\/h4>\n<h2 style=\"text-align: center;\"><span style=\"color: #808080;\">9. Juni 2019<br \/>\n<\/span><\/h2>\n<hr>\n<p>Mal was anderes als Bikeschleppen auf einen Gipfel. Einmal um\u00b4s Estergebirge treten, gschmeidig einkehren und das finale auf Trail genie\u00dfen.<\/p>\n<div id=\"s3gt_translate_tooltip_mini\" class=\"s3gt_translate_tooltip_mini_box\" style=\"background: initial !important; border: initial !important; border-radius: initial !important; border-spacing: initial !important; border-collapse: initial !important; direction: ltr !important; flex-direction: initial !important; font-weight: initial !important; height: initial !important; letter-spacing: initial !important; min-width: initial !important; max-width: initial !important; min-height: initial !important; max-height: initial !important; margin: auto !important; outline: initial !important; padding: initial !important; position: absolute; table-layout: initial !important; text-align: initial !important; text-shadow: initial !important; width: initial !important; word-break: initial !important; word-spacing: initial !important; overflow-wrap: initial !important; box-sizing: initial !important; display: initial !important; color: inherit !important; font-size: 13px !important; font-family: X-LocaleSpecific, sans-serif, Tahoma, Helvetica !important; line-height: 13px !important; vertical-align: top !important; white-space: inherit !important; left: 10px; top: 35px; opacity: 0.15;\">\n<div id=\"s3gt_translate_tooltip_mini_logo\" class=\"s3gt_translate_tooltip_mini\" title=\"Markierten Text \u00fcbersetzen\">&nbsp;<\/div>\n<div id=\"s3gt_translate_tooltip_mini_sound\" class=\"s3gt_translate_tooltip_mini\" title=\"Abspielen\">&nbsp;<\/div>\n<div id=\"s3gt_translate_tooltip_mini_copy\" class=\"s3gt_translate_tooltip_mini\" title=\"In Zwischenablage kopieren\">&nbsp;<\/div>\n<\/div>\n<p>[\/vc_column_text][\/vc_column][\/vc_row][vc_row][vc_column][vc_text_separator title=&#8221;B E S C H R E I B U N G&#8221;][\/vc_column][\/vc_row][vc_row][vc_column][vc_column_text]Eins vorweg: ich war fertig. Mein Magen machte nicht ganz mit und die Sonne tat ihr \u00fcbriges dazu. Das Estergebirge zu umrunden ist keine schwere Tour an sich. Im Auf und Ab mit zwei l\u00e4ngeren Uphills ging es diesmal auf einer klassischen Cross Country Runde rund herum. Dazu sind wir bis zum Wank Parkplatz gefahren und fuhren zum Warmfahren auf dem Radweg an der Loisach entlang Richtung Eschenlohe. Wir fuhren die Runde bewusst im Uhrzeigersinn, da wir a) die sacksteile Rampe zum Wank nicht fuhren wollten und b) wir zum Schlu\u00df noch ein Trailschmackerl verdienen wollten. Von Eschenlohe geht\u00b4s dann durch das Eschenlaine Tal zum Walchensee. Immer mit kleinen kurzen Rampen verlangt der Weg einem anfangs schon was ab. Vom Walchensee gehts dann rechts hinauf zum Aussichtspunkt \u00fcber Wallgau. Leider ist die Sicht komplett zugewachsen. So fuhren wir weiter und zweigten in den ersten Trail ab. Zuerst noch ausgewaschen und verblockt, dann flowig bis Wallgau. Dann folgte der zweite Uphill des Tages durch das Finzbachtal zur Finzalm. Diese ist eine willkommene Raststelle zum Wassertanken, ehe es auf kurzem Trail \u00fcber Br\u00fccken und Schotter weitergeht. Der letzte Part bis zur Esterbergalm ist nicht mehr weit. So ging es Umdrehung f\u00fcr Umdrehung weiter und auch der letzte Schwei\u00dftropfen war pass\u00e9, als wir unser wohlverdientes Kuchenschmankerl genie\u00dfen konnten. Auf er Alm war an so einem herrlichen Tag einiges los. Der Burschenverein und Trachtenverein der Jugend war anwesend und sorgten f\u00fcr Stimmung. Von weiten zog allerdings schon eine Schlechtwetterfront an. So rollten wir weiter Richtung steile Abfahrt nach Garmisch, ehe nach ein paar Metern rechts der Farchanttrail abzweigt. Ein leckeres Trailschmakerl mit Spitzkehren, flowigen Passagen, Abs\u00e4tzen, Wurzeln,&#8230; alles dabei. Die letzten Meter rollten wir auf Anfahrtsweg zur\u00fcck nach Garmisch.<\/p>\n<div class=\"passster-form\" id=\"ps-680\">\n    <form class=\"password-form\" method=\"post\" autocomplete=\"off\" target=\"_top\">\n        <span class=\"ps-form-headline\">Gesch\u00fctzter Bereich<\/span>\n        <div class=\"ps-form-instructions-wrap\">Dieser Inhalt ist passwortgesch\u00fctzt. Bitte gib dein Passwort ein um den Inhalt freizuschalten.<\/div>\n        <fieldset>\n            <span class=\"ps-loader\" style=\"display:none;\"><img decoding=\"async\" src=\"https:\/\/blog.sickculture.de\/wp-content\/plugins\/content-protector\/assets\/public\/ps-loader.svg\" alt=\"\" \/><\/span>\n            <label for=\"input-ps-680\" style=\"display:none;\" class=\"passster-hidden\">Trage dein Passwort ein<\/label>\n            <input placeholder=\"Gib dein Passwort ein..\" type=\"password\" tabindex=\"1\" name=\"passster_password\"\n                   id=\"input-ps-680\" class=\"passster-password\" autocomplete=\"off\"\n                   data-protection-type=\"password\" data-list=\"[PASSSTER_LIST]\" data-lists=\"[PASSSTER_LISTS]\" data-area=\"[PASSSTER_AREA]\"\n                   data-protection=\"[PASSSTER_PROTECTION]\">\n            \n            <button name=\"submit\" type=\"submit\" class=\"passster-submit\" data-psid=\"ps-680\" data-post-id=\"1433\" data-term-id=\"0\" \n                    data-submit=\"...Checking Password\" data-redirect=\"\">Freischalten\n            <\/button>\n            <div class=\"passster-error\"><\/div>\n        <\/fieldset>\n    <\/form>\n<\/div>\n\n<div id=\"s3gt_translate_tooltip_mini\" class=\"s3gt_translate_tooltip_mini_box\" style=\"background: initial !important; border: initial !important; border-radius: initial !important; border-spacing: initial !important; border-collapse: initial !important; direction: ltr !important; flex-direction: initial !important; font-weight: initial !important; height: initial !important; letter-spacing: initial !important; min-width: initial !important; max-width: initial !important; min-height: initial !important; max-height: initial !important; margin: auto !important; outline: initial !important; padding: initial !important; position: absolute; table-layout: initial !important; text-align: initial !important; text-shadow: initial !important; width: initial !important; word-break: initial !important; word-spacing: initial !important; overflow-wrap: initial !important; box-sizing: initial !important; display: initial !important; color: inherit !important; font-size: 13px !important; font-family: X-LocaleSpecific, sans-serif, Tahoma, Helvetica !important; line-height: 13px !important; vertical-align: top !important; white-space: inherit !important; left: 50px; top: 35px; opacity: 0.75;\">\n<div id=\"s3gt_translate_tooltip_mini_logo\" class=\"s3gt_translate_tooltip_mini\" title=\"Markierten Text \u00fcbersetzen\">&nbsp;<\/div>\n<div id=\"s3gt_translate_tooltip_mini_sound\" class=\"s3gt_translate_tooltip_mini\" title=\"Abspielen\">&nbsp;<\/div>\n<div id=\"s3gt_translate_tooltip_mini_copy\" class=\"s3gt_translate_tooltip_mini\" title=\"In Zwischenablage kopieren\">&nbsp;<\/div>\n<\/div>\n<p>[\/vc_column_text][\/vc_column][\/vc_row][vc_row][vc_column][vc_text_separator title=&#8221;F A Z I T&#8221;][\/vc_column][\/vc_row][vc_row][vc_column][vc_column_text]Anstrengende Umrundung des Estergebirges &#8211; nichts weltbewegendes, aber durch die beiden T\u00e4ler wunderbar zu radeln und einige Almen laden zur Einkehr ein.[\/vc_column_text][\/vc_column][\/vc_row][vc_row][vc_column]<div class=\"ult_exp_section_layer ult-adjust-bottom-margin  \" >\n\t<div id=\"uvc-exp-wrap-3665\"   data-ultimate-target='#uvc-exp-wrap-3665'  data-responsive-json-new='{\"font-size\":\"desktop:20px;\",\"line-height\":\"desktop:20px;\"}'  class=\"ult_exp_section  ult-responsive \" style=\"color:#ffffff;background-color:#1e73be;font-family:Alfa Slab One;font-weight:bold;  text-align:center;\" data-textcolor=\"#ffffff\"data-texthover=\"#333333\"data-icncolor=\"#333333\"data-ihover=\"#333333\"data-height=\"0\"data-cntbg=\"#1e73be\"data-cnthvrbg=\"#e5e5e5\"data-headerbg=\"#1e73be\"data-headerhover=\"#e5e5e5\"data-title=\"BILDER\"data-newtitle=\"BILDER\"data-icon=\"\"data-newicon=\"\"data-activeicon=\"#333333\"data-effect=\"slideToggle\"data-override=\"0\"data-activetitle=\"#333333\"data-activebg=\"#dbdbdb\"data-img=\"\"data-newimg=\"\"><div  class=\"ult_exp_section-main \">\n\t\t\t\t\t<div class=\"ult_expheader\" >BILDER\n\t\t\t\t\t <\/div><\/div>\n\t\t\t\t<\/div><div class=\"ult_exp_content \" style=\"background-color:#dbdbdb;  \"><div class=\"ult_ecpsub_cont\" style=\" \" >[vc_column_text]<\/p>\n\n<p>[\/vc_column_text]<\/div><\/div>\n\n\t\t\t<\/div>[\/vc_column][\/vc_row]<\/p>\n<\/section>","protected":false},"excerpt":{"rendered":"<p>[vc_row][vc_column][vc_column_text]&nbsp; Eine ausgedehnte Crosscountry Runde bei Garmisch Esterbergrunde Einmal um das Estergebirge rum mit finalem Trail 9. Juni 2019 Mal was anderes als Bikeschleppen auf einen Gipfel. Einmal um\u00b4s Estergebirge treten, gschmeidig einkehren und das finale auf Trail genie\u00dfen. &nbsp; &nbsp; &nbsp; [\/vc_column_text][\/vc_column][\/vc_row][vc_row][vc_column][vc_text_separator title=&#8221;B E S C H R E \u2026 <a class=\"continue-reading-link\" href=\"https:\/\/blog.sickculture.de\/?page_id=1433\"> Continue reading<\/a><\/p>\n","protected":false},"author":1,"featured_media":0,"parent":90,"menu_order":0,"comment_status":"closed","ping_status":"closed","template":"","meta":{"_s2mail":"yes","ngg_post_thumbnail":0,"footnotes":""},"categories":[16,4],"class_list":["post-1433","page","type-page","status-publish","hentry","category-16","category-mountainbike"],"jetpack_shortlink":"https:\/\/wp.me\/P7EPUT-n7","jetpack_sharing_enabled":true,"_links":{"self":[{"href":"https:\/\/blog.sickculture.de\/index.php?rest_route=\/wp\/v2\/pages\/1433","targetHints":{"allow":["GET"]}}],"collection":[{"href":"https:\/\/blog.sickculture.de\/index.php?rest_route=\/wp\/v2\/pages"}],"about":[{"href":"https:\/\/blog.sickculture.de\/index.php?rest_route=\/wp\/v2\/types\/page"}],"author":[{"embeddable":true,"href":"https:\/\/blog.sickculture.de\/index.php?rest_route=\/wp\/v2\/users\/1"}],"replies":[{"embeddable":true,"href":"https:\/\/blog.sickculture.de\/index.php?rest_route=%2Fwp%2Fv2%2Fcomments&post=1433"}],"version-history":[{"count":5,"href":"https:\/\/blog.sickculture.de\/index.php?rest_route=\/wp\/v2\/pages\/1433\/revisions"}],"predecessor-version":[{"id":1577,"href":"https:\/\/blog.sickculture.de\/index.php?rest_route=\/wp\/v2\/pages\/1433\/revisions\/1577"}],"up":[{"embeddable":true,"href":"https:\/\/blog.sickculture.de\/index.php?rest_route=\/wp\/v2\/pages\/90"}],"wp:attachment":[{"href":"https:\/\/blog.sickculture.de\/index.php?rest_route=%2Fwp%2Fv2%2Fmedia&parent=1433"}],"wp:term":[{"taxonomy":"category","embeddable":true,"href":"https:\/\/blog.sickculture.de\/index.php?rest_route=%2Fwp%2Fv2%2Fcategories&post=1433"}],"curies":[{"name":"wp","href":"https:\/\/api.w.org\/{rel}","templated":true}]}}