{"id":1716,"date":"2023-09-26T08:07:30","date_gmt":"2023-09-26T08:07:30","guid":{"rendered":"http:\/\/blog.sickculture.de\/?page_id=1716"},"modified":"2023-09-26T08:07:30","modified_gmt":"2023-09-26T08:07:30","slug":"2017-10-friederspitz-bbs-2-2-2-2-3-2-2-2-2-2-2-2-2-3-2-2-2-2-2-2-3-2-2-2","status":"publish","type":"page","link":"https:\/\/blog.sickculture.de\/?page_id=1716","title":{"rendered":"2023.09 Brentenjoch Wandern"},"content":{"rendered":"<section class=\"wpb-content-wrapper\"><p>[vc_row][vc_column][vc_column_text]<\/p>\n<div class=\"embed-gphotos  wp-caption\"><a href=\"https:\/\/photos.google.com\/share\/AF1QipM8Oi0lLkcIkcvRUIfgbrxnoqanPb1Vq54Okhhj81xNgivvfb8tjyWLnVw3qkMQrg?key=NHRXQU9OV21oYnY4cWpyN19yRlp4b3hsajZudG1n\" target=\"_blank\"><img loading=\"lazy\" decoding=\"async\"    src=\"https:\/\/lh3.googleusercontent.com\/pw\/ADCreHcA0QJnmB8miCzqB94NPpwpXThR8L3aZhTfz5Ns9SPenn6IhgcWGtH5Z9aolq2PsdaAUehg4EUF4I4pTp3T1Ir4V-m3AV4OLaNhRZic61P1hESFxNA3=w800-h1000\" width=\"800\" height=\"533\"   ><\/a><\/p>\n<p class=\"wp-caption-text\"><a href=\"https:\/\/photos.google.com\/share\/AF1QipM8Oi0lLkcIkcvRUIfgbrxnoqanPb1Vq54Okhhj81xNgivvfb8tjyWLnVw3qkMQrg?key=NHRXQU9OV21oYnY4cWpyN19yRlp4b3hsajZudG1n\" target=\"_blank\">New item by Thomas Mayer \/ Google Photos<\/a><\/p>\n<\/div>\n<h1 style=\"text-align: center;\"><strong><span style=\"color: #0000ff;\">Brentenjoch 2001m<\/span><\/strong><\/h1>\n<h4 style=\"text-align: center;\">Tannheimer Tal<\/h4>\n<h2 style=\"text-align: center;\"><span style=\"color: #808080;\">25. September 2023<\/span><\/h2>\n<hr>\n<p>Urlaub und Tagesauflug ins Tannheimer Tal &#8211; diesmal zu zweit in die Tannheimer Berge.<\/p>\n<div id=\"s3gt_translate_tooltip_mini\" class=\"s3gt_translate_tooltip_mini_box\" style=\"background: initial !important; border: initial !important; border-radius: initial !important; border-spacing: initial !important; border-collapse: initial !important; direction: ltr !important; flex-direction: initial !important; font-weight: initial !important; height: initial !important; letter-spacing: initial !important; min-width: initial !important; max-width: initial !important; min-height: initial !important; max-height: initial !important; margin: auto !important; outline: initial !important; padding: initial !important; position: absolute; table-layout: initial !important; text-align: initial !important; text-shadow: initial !important; width: initial !important; word-break: initial !important; word-spacing: initial !important; overflow-wrap: initial !important; box-sizing: initial !important; display: initial !important; color: inherit !important; font-size: 13px !important; font-family: X-LocaleSpecific, sans-serif, Tahoma, Helvetica !important; line-height: 13px !important; vertical-align: top !important; white-space: inherit !important; left: 10px; top: 35px; opacity: 0.15;\">\n<div id=\"s3gt_translate_tooltip_mini_sound\" class=\"s3gt_translate_tooltip_mini\" title=\"Abspielen\">&nbsp;<\/div>\n<div id=\"s3gt_translate_tooltip_mini_copy\" class=\"s3gt_translate_tooltip_mini\" title=\"In Zwischenablage kopieren\">&nbsp;<\/div>\n<\/div>\n<p>[\/vc_column_text][\/vc_column][\/vc_row][vc_row][vc_column][vc_text_separator title=&#8221;B E S C H R E I B U N G&#8221;][\/vc_column][\/vc_row][vc_row][vc_column][vc_column_text]Irgendwie wird es das Jahr nichts mit Urlaub. Entweder ist das Wetter beschissen, der R\u00fccken schmerzt oder einer der Familie ist krank. Zumal diese Woche herrliches Sp\u00e4tsommerwetter angesagt ist. Naja, hilft ja nichts. Dann halt Tagesausfl\u00fcge in die Berge. Zusammen mit meinem Dad fuhr ich ins Tannheimer Tal um den unscheinbaren Nachbar des Aggensteins zu erklimmen. Das Brentenjoch ist ein herrlicher Gipfel und um einiges ruhiger. Wir starteten in Enge am Wanderparkplatz und schon nach kurzer Zeit wurde es richtig steil auf schmalen Pfaden durch den Wald bis zur Sebenalpe. Dort angekommen hat man gut 2\/3 der H\u00f6henmeter geschafft. W\u00e4hrend die meisten mit der Seilbahn auf das F\u00fcssener J\u00f6chl schweben und dann auf Panoramaweg zur Bad Kissinger H\u00fctte wandern, erklommen wir den Berg dazwischen. Insgesamt w\u00fcrde ich sagen, 6 Personen? Davon gerade mal jeweils einer am Kreuz. Der Weg ist Steil, aber nie gef\u00e4hrlich. Die Sonne erw\u00e4rmte die Gem\u00fcter, zumal wir bei 4 Grad in der Fr\u00fch gestartet sind. Auf der einen Seite des Gipfels das flache Alpenvorland, dahinter die Gr\u00f6\u00dfen der Tannheimer Berge. Zugspitze, Hochvogel, sogar die ersten Schweizer Berge, der Gletscher der Tiroler Berge das Karwendel weit im Hintergrund und nat\u00fcrlich das Schloss Neuschwanstein zu F\u00fc\u00dfen des S\u00e4ulings und des Tegelbergs. Hammer Aussicht!!! Eigentlich w\u00e4re der R\u00fcckweg derselbe wie der Aufstieg gewesen und auf halber Strecke ein Weg durch Latschen zur Bad Kissinger H\u00fctte. Wir haben beim raufgehen den Abzweig nicht gesehen, allerdings sind zwei Wanderer den H\u00f6henweg\/Kammweg zur Achsel und Richtung B\u00f6ser Tritt gegangen. Warum nicht? Bis zu den Latschen ein schmaler ausgesetzter Weg. Auf der einen Seite flach, auf der anderen Seite gute 100hm tiefe Kante. Vorsicht ist geboten, zumal der Weg teilweise aufgeweicht war und rechts sehr nah an die Absturzkante vorbeiging. In den Latschen dasselbe Spiel. Im Ganzen zwar nicht gef\u00e4hrlich, aber mit Vorsicht zu gehen. Trittsicherheit ist erste Priorit\u00e4t! Zum Ende hin kreuzten wir den Normalweg und gingen auf diesem bergab zum Auto. Mittlerweile wurde die Beine schwerer. Ein klasse Tag!<\/p>\n<p><span class=\"code\"><div class=\"passster-form\" id=\"ps-794\">\n    <form class=\"password-form\" method=\"post\" autocomplete=\"off\" target=\"_top\">\n        <span class=\"ps-form-headline\">Gesch\u00fctzter Bereich<\/span>\n        <div class=\"ps-form-instructions-wrap\">Dieser Inhalt ist passwortgesch\u00fctzt. Bitte gib dein Passwort ein um den Inhalt freizuschalten.<\/div>\n        <fieldset>\n            <span class=\"ps-loader\" style=\"display:none;\"><img decoding=\"async\" src=\"https:\/\/blog.sickculture.de\/wp-content\/plugins\/content-protector\/assets\/public\/ps-loader.svg\" alt=\"\" \/><\/span>\n            <label for=\"input-ps-794\" style=\"display:none;\" class=\"passster-hidden\">Trage dein Passwort ein<\/label>\n            <input placeholder=\"Gib dein Passwort ein..\" type=\"password\" tabindex=\"1\" name=\"passster_password\"\n                   id=\"input-ps-794\" class=\"passster-password\" autocomplete=\"off\"\n                   data-protection-type=\"password\" data-list=\"[PASSSTER_LIST]\" data-lists=\"[PASSSTER_LISTS]\" data-area=\"[PASSSTER_AREA]\"\n                   data-protection=\"[PASSSTER_PROTECTION]\">\n            \n            <button name=\"submit\" type=\"submit\" class=\"passster-submit\" data-psid=\"ps-794\" data-post-id=\"1716\" data-term-id=\"0\" \n                    data-submit=\"...Checking Password\" data-redirect=\"\">Freischalten\n            <\/button>\n            <div class=\"passster-error\"><\/div>\n        <\/fieldset>\n    <\/form>\n<\/div>\n<\/span><\/p>\n<div id=\"s3gt_translate_tooltip_mini\" class=\"s3gt_translate_tooltip_mini_box\" style=\"background: initial !important; border: initial !important; border-radius: initial !important; border-spacing: initial !important; border-collapse: initial !important; direction: ltr !important; flex-direction: initial !important; font-weight: initial !important; height: initial !important; letter-spacing: initial !important; min-width: initial !important; max-width: initial !important; min-height: initial !important; max-height: initial !important; margin: auto !important; outline: initial !important; padding: initial !important; position: absolute; table-layout: initial !important; text-align: initial !important; text-shadow: initial !important; width: initial !important; word-break: initial !important; word-spacing: initial !important; overflow-wrap: initial !important; box-sizing: initial !important; display: initial !important; color: inherit !important; font-size: 13px !important; font-family: X-LocaleSpecific, sans-serif, Tahoma, Helvetica !important; line-height: 13px !important; vertical-align: top !important; white-space: inherit !important; left: 50px; top: 35px; opacity: 0.75;\">\n<div id=\"s3gt_translate_tooltip_mini_logo\" class=\"s3gt_translate_tooltip_mini\" title=\"Markierten Text \u00fcbersetzen\">&nbsp;<\/div>\n<div id=\"s3gt_translate_tooltip_mini_sound\" class=\"s3gt_translate_tooltip_mini\" title=\"Abspielen\">&nbsp;<\/div>\n<div id=\"s3gt_translate_tooltip_mini_copy\" class=\"s3gt_translate_tooltip_mini\" title=\"In Zwischenablage kopieren\">&nbsp;<\/div>\n<\/div>\n<p>[\/vc_column_text][\/vc_column][\/vc_row][vc_row][vc_column][vc_text_separator title=&#8221;F A Z I T&#8221;][\/vc_column][\/vc_row][vc_row][vc_column][vc_column_text]Tolle Tour abseits des Mainstreams &#8211; Geheimtipp auf einsamen Wegen.[\/vc_column_text][\/vc_column][\/vc_row][vc_row][vc_column][vc_column_text]<\/p>\n\n<p>[\/vc_column_text][\/vc_column][\/vc_row]<\/p>\n<\/section>","protected":false},"excerpt":{"rendered":"<p>[vc_row][vc_column][vc_column_text] Brentenjoch 2001m Tannheimer Tal 25. September 2023 Urlaub und Tagesauflug ins Tannheimer Tal &#8211; diesmal zu zweit in die Tannheimer Berge. &nbsp; &nbsp; [\/vc_column_text][\/vc_column][\/vc_row][vc_row][vc_column][vc_text_separator title=&#8221;B E S C H R E I B U N G&#8221;][\/vc_column][\/vc_row][vc_row][vc_column][vc_column_text]Irgendwie wird es das Jahr nichts mit Urlaub. Entweder ist das Wetter beschissen, der \u2026 <a class=\"continue-reading-link\" href=\"https:\/\/blog.sickculture.de\/?page_id=1716\"> Continue reading<\/a><\/p>\n","protected":false},"author":1,"featured_media":0,"parent":90,"menu_order":0,"comment_status":"closed","ping_status":"closed","template":"","meta":{"_s2mail":"yes","ngg_post_thumbnail":0,"footnotes":""},"categories":[20],"class_list":["post-1716","page","type-page","status-publish","hentry","category-20"],"jetpack_shortlink":"https:\/\/wp.me\/P7EPUT-rG","jetpack_sharing_enabled":true,"_links":{"self":[{"href":"https:\/\/blog.sickculture.de\/index.php?rest_route=\/wp\/v2\/pages\/1716","targetHints":{"allow":["GET"]}}],"collection":[{"href":"https:\/\/blog.sickculture.de\/index.php?rest_route=\/wp\/v2\/pages"}],"about":[{"href":"https:\/\/blog.sickculture.de\/index.php?rest_route=\/wp\/v2\/types\/page"}],"author":[{"embeddable":true,"href":"https:\/\/blog.sickculture.de\/index.php?rest_route=\/wp\/v2\/users\/1"}],"replies":[{"embeddable":true,"href":"https:\/\/blog.sickculture.de\/index.php?rest_route=%2Fwp%2Fv2%2Fcomments&post=1716"}],"version-history":[{"count":1,"href":"https:\/\/blog.sickculture.de\/index.php?rest_route=\/wp\/v2\/pages\/1716\/revisions"}],"predecessor-version":[{"id":1717,"href":"https:\/\/blog.sickculture.de\/index.php?rest_route=\/wp\/v2\/pages\/1716\/revisions\/1717"}],"up":[{"embeddable":true,"href":"https:\/\/blog.sickculture.de\/index.php?rest_route=\/wp\/v2\/pages\/90"}],"wp:attachment":[{"href":"https:\/\/blog.sickculture.de\/index.php?rest_route=%2Fwp%2Fv2%2Fmedia&parent=1716"}],"wp:term":[{"taxonomy":"category","embeddable":true,"href":"https:\/\/blog.sickculture.de\/index.php?rest_route=%2Fwp%2Fv2%2Fcategories&post=1716"}],"curies":[{"name":"wp","href":"https:\/\/api.w.org\/{rel}","templated":true}]}}