{"id":243,"date":"2013-09-21T20:52:21","date_gmt":"2013-09-21T20:52:21","guid":{"rendered":"http:\/\/blog.sickculture.de\/?page_id=243"},"modified":"2019-02-13T18:46:50","modified_gmt":"2019-02-13T18:46:50","slug":"2013-brixen-trailride","status":"publish","type":"page","link":"https:\/\/blog.sickculture.de\/?page_id=243","title":{"rendered":"2013.09 Brixen Trailride"},"content":{"rendered":"<section class=\"wpb-content-wrapper\"><p>[vc_row][vc_column][vc_column_text]<\/p>\n<p style=\"text-align: center;\">[pe2-image src=&#8221;http:\/\/lh6.ggpht.com\/-wsnKC5bsOYE\/Uj81ShvUKMI\/AAAAAAAANBg\/XszC3j5nRB4\/s144-c-o\/20130921_10.48.35_0238_SLT-A77V__DSC2676.jpg&#8221; href=&#8221;https:\/\/picasaweb.google.com\/112885246866780528333\/2013BrixenGitschbergStoanamandl?authkey=Gv1sRgCMLf1czhsLr7qAE#5926514227053603010&#8243; caption=&#8221;&#8221; type=&#8221;image&#8221; alt=&#8221;20130921_10.48.35_0238_SLT-A77V__DSC2676.jpg&#8221; ]<\/p>\n<h1 style=\"text-align: center;\">TRAILRIDES in und um BRIXEN<\/h1>\n<p style=\"text-align: center;\">19.-21. September 2013<\/p>\n<p>Wieder einmal sind die 3 Tage in meinem Lieblingsurlaubsplatz den Dolomiten vorbei und die Tage in meiner Stammunterkunft &#8220;Sylvanerhof&#8221; in Raas waren traumhaft. (Danke an dieser Stelle an Claudia, Renate und Sebastian). <a href=\"http:\/\/www.sylvanerhof.net\/\">http:\/\/www.sylvanerhof.net<\/a><\/p>\n<p>Am Donnerstag klingelte der Wecker schon sehr fr\u00fch um den kompletten Tag noch mit einer anst\u00e4ndigen Tour zu verbringen:<\/p>\n<p><strong>1. Tour: PLOSE-Trailtour<\/strong><\/p>\n<p>Auf den Plose und \u00fcber Ochsenalm und Brixner Hohenweg zur\u00fcck.<\/p>\n<ul>\n<li>fast autofreie, abwechslungsreiche Auffahrt bis Afers (mit Bergauftrails)<\/li>\n<li>absolutes Superpanorama ab Kreuztal<\/li>\n<li>Rundumsicht auf dem Plateau des Telegraph (Plose) (auf 2480m). Man hat eine Supersicht auf die Breitseite des Hauptkamms.<\/li>\n<li>Trail mit Adrenalinpotential zur Ochsenalm (mit Schiebest\u00fcck)<\/li>\n<li>Trail mit Endorphinpotential auf einem H\u00f6henweg<\/li>\n<li>&nbsp;Anspruchsvoller Trail (S3) bei der Abfahrt<\/li>\n<\/ul>\n<p>Angefangen hat alles mit einer Abfahrt von Raas nach Brixen auf der Stra\u00dfe. Danach folgen ca. 500hm nach Afers auf dem Trails und Schotterwegen bergauf zur Plosetalstation. Mit der Gondel gehts gleich mal 1000hm rauf, die man auch hochtreten k\u00f6nnte, aber um den anschlie\u00dfenden Tag noch zu genie\u00dfen, entschlo\u00df ich mich den Shuttle mit der Bergbahn zu nehmen. Oben mu\u00df man noch zur Ploseh\u00fctte und zum Telegraph auf Schotterwegen hochtreten. Ab der Ploseh\u00fctte hei\u00dft\u00b4s: TRAILSPASS! N\u00e4he Panoramatisch erreicht man den 6er und f\u00e4hrt diesen in n\u00f6rdliche Richtung bergab und den schon von weitem sichtbaren Pfad unterhalb des Grats entlang. Am Anfang gibts ein paar Schiebestellen aber dann ist fast alles fahrbar (S2) bis zum Leonharder Kreuz. Ab hier muss man bis zur Plosescharte runterschieben. Ab dort kann man wieder auf den Sattel steigen und auf<br \/>\nschwierigem Steig zur Ochsenalm trailen. Vom Forstweg vor der Alm gehts links in<br \/>\nden 30er hinein. Dieser H\u00f6henweg (S1+) ist ein Highlight dieser Tour. Es gibt nur wenig schwierigere Stellen (S2) zu \u00fcberwinden. Nach langer Querung erreicht man eine Wegkreuzung und biegt scharf rechts in den 4er ein. Dieser Steig ist am Anfang anspruchsvoll (S3), wird aber im weiteren Verlauf einfacher (S2). Man richtet sich stets nach den Markierungen. Eine gef\u00fchlte Ewigkeit sp\u00e4ter gelangt man \u00fcber eine Wiese zum Parkplatz der Plosebahn. Die R\u00fcckfahrt war identisch zur Anfahrt nach Raas.<\/p>\n<div class=\"passster-form\" id=\"ps-126\">\n    <form class=\"password-form\" method=\"post\" autocomplete=\"off\" target=\"_top\">\n        <span class=\"ps-form-headline\">Gesch\u00fctzter Bereich<\/span>\n        <div class=\"ps-form-instructions-wrap\">Dieser Inhalt ist passwortgesch\u00fctzt. Bitte gib dein Passwort ein um den Inhalt freizuschalten.<\/div>\n        <fieldset>\n            <span class=\"ps-loader\" style=\"display:none;\"><img decoding=\"async\" src=\"https:\/\/blog.sickculture.de\/wp-content\/plugins\/content-protector\/assets\/public\/ps-loader.svg\" alt=\"\" \/><\/span>\n            <label for=\"input-ps-126\" style=\"display:none;\" class=\"passster-hidden\">Trage dein Passwort ein<\/label>\n            <input placeholder=\"Gib dein Passwort ein..\" type=\"password\" tabindex=\"1\" name=\"passster_password\"\n                   id=\"input-ps-126\" class=\"passster-password\" autocomplete=\"off\"\n                   data-protection-type=\"password\" data-list=\"[PASSSTER_LIST]\" data-lists=\"[PASSSTER_LISTS]\" data-area=\"[PASSSTER_AREA]\"\n                   data-protection=\"[PASSSTER_PROTECTION]\">\n            \n            <button name=\"submit\" type=\"submit\" class=\"passster-submit\" data-psid=\"ps-126\" data-post-id=\"243\" data-term-id=\"0\" \n                    data-submit=\"...Checking Password\" data-redirect=\"\">Freischalten\n            <\/button>\n            <div class=\"passster-error\"><\/div>\n        <\/fieldset>\n    <\/form>\n<\/div>\n\n<p>&nbsp;<\/p>\n<p><strong>2. Tour: Latzfonser Kreuz<\/strong><\/p>\n<p>Heute hei\u00dft\u00b4s Kette links! Gute 1500hm am St\u00fcck bergauf. \u00dcber Klausner H\u00fctte zum Latzfonser Kreuz. Abfahrt \u00fcber St\u00f6fflh\u00fctte und Thinnetal. Start und Ziel war diesmal Klausen (Sportplatz).<\/p>\n<ul>\n<li>Besuch einer der h\u00f6chsten Wallfahrtskirchen Europas auf 2300m<\/li>\n<li>20-min\u00fctige anstrengende Schiebestrecke zur Kirche und danach noch eine weitere 10-min\u00fctige<\/li>\n<li>Panoramareiche Fahrt auf dem Bergr\u00fccken der Jocherer Alm<\/li>\n<li>Geniessertrail nach der Rinderplatzh\u00fctte<\/li>\n<li>Anspruchsvoller, schottriger Trail in karger Landschaft mit Gran Canaria Feeling<\/li>\n<li>Interessante Abfahrt durchs enge Thinnetal<\/li>\n<\/ul>\n<p>Die Auffahrt war sehr anstrengend. Bis Feldthurns folgt man der Stra\u00dfe. Dann weiter nach Schlunders Richtung K\u00fchberg un dvon dort geht\u00b4s zur Klausener H\u00fctte. Alles auf breiten Schotterwegen. Ab der Klausener H\u00fctte hei\u00dft\u00b4s Rampen. Die ersten paar H\u00f6henmeter schafft man noch zu treten, aber die letzten 200hm zum Latzfonser Kreuz mu\u00df definitv geschoben werden (wer das im Sattel bew\u00e4ltigt: Hut ab!). Am Latzfonser Kreuz angekommen sollte man sich st\u00e4rken und die Aussicht auf die Dolomiten genie\u00dfen. Hier stehen Plose, Geislergruppe, Schlern, Platt- und Langkofel Spalier (um nur einige zu nennen, denn die Aussicht war fantastisch). Dann folgte ich einem H\u00f6henweg bergauf und \u00fcber weite Hochalmen auf Trails bergab zur St\u00f6fflh\u00fctte und&nbsp; Rinderplatzh\u00fctte. \u00dcber Wurzeltrails und Holstegen \u00fcber ein Biotop gehts dann zum Pfunderer Kreuz \u00fcber schwere Trails zu den Silberbergwerkstollen. Dort sind ausgesetzte Trails angesagt, die dann \u00fcber Ger\u00f6lltrails bergab gehen. Vorsicht! Das letzte St\u00fcck geht dann Richtung Tinnebachtal \u00fcber Trails und die letzten Kilometer von der Ruine ab geht entlang des Tinnebachs auf der Stra\u00dfe. Das enge Tal mit dem rauschenden Bach verleitet zu &#8220;Flow&#8221; auf Teer mit Highspeed Richtung Klausen. Im Durchschnitt hat man bei dieser Tour mit 12% Steigung zu tun. Die Panoramaaussicht und die Trails machen diese Runde zu einem Highlight.<\/p>\n<div class=\"passster-form\" id=\"ps-506\">\n    <form class=\"password-form\" method=\"post\" autocomplete=\"off\" target=\"_top\">\n        <span class=\"ps-form-headline\">Gesch\u00fctzter Bereich<\/span>\n        <div class=\"ps-form-instructions-wrap\">Dieser Inhalt ist passwortgesch\u00fctzt. Bitte gib dein Passwort ein um den Inhalt freizuschalten.<\/div>\n        <fieldset>\n            <span class=\"ps-loader\" style=\"display:none;\"><img decoding=\"async\" src=\"https:\/\/blog.sickculture.de\/wp-content\/plugins\/content-protector\/assets\/public\/ps-loader.svg\" alt=\"\" \/><\/span>\n            <label for=\"input-ps-506\" style=\"display:none;\" class=\"passster-hidden\">Trage dein Passwort ein<\/label>\n            <input placeholder=\"Gib dein Passwort ein..\" type=\"password\" tabindex=\"1\" name=\"passster_password\"\n                   id=\"input-ps-506\" class=\"passster-password\" autocomplete=\"off\"\n                   data-protection-type=\"password\" data-list=\"[PASSSTER_LIST]\" data-lists=\"[PASSSTER_LISTS]\" data-area=\"[PASSSTER_AREA]\"\n                   data-protection=\"[PASSSTER_PROTECTION]\">\n            \n            <button name=\"submit\" type=\"submit\" class=\"passster-submit\" data-psid=\"ps-506\" data-post-id=\"243\" data-term-id=\"0\" \n                    data-submit=\"...Checking Password\" data-redirect=\"\">Freischalten\n            <\/button>\n            <div class=\"passster-error\"><\/div>\n        <\/fieldset>\n    <\/form>\n<\/div>\n\n<p>&nbsp;<\/p>\n<p><strong>3. Tour: Gondel Freeride am Gitschberg und Stoanamandl<\/strong><\/p>\n<p>EIgentlich sollte diese Tour eine lockere flowige Trailtour werden. Eigentlich! Diese Gondeltour wurde vom Mountainbike Magazin ver\u00f6ffentlicht und ich wollte anfangs nur die H\u00e4lfte mit Liftunterst\u00fctzung und von Vals zum Stoanamandl hochtreten. Also gings von M\u00fchlbach mit der Gondel nach Meransen und weiter mit der zweiten Gondel zum Gitschberg. Von der Bergstation m\u00fcssen noch 300hm \u00fcber Schotter und sp\u00e4ter \u00fcber Trail hochgekurbelt werden. Fantastische Aussicht ins Eisacktal, Pustertal und Richtung Sterzing. Auf der hinteren Seite sieht man die Pfunderer Berge und die Fanealm. Dann folgen 1200hm bergab auf Trails in allen Schwierigkeitsklassen. Um nach Vals zu gelangen sind noch 250hm bergauf zu treten. In Vals gabs lecker Lasagne in der H\u00fctte neben der Talstation. Nach der Mittagspause entschlo\u00df ich mich aufgrund des Zeitplans und meiner Kondition zum Lifttransport zum Stoanamandl. Auch hier mu\u00df man noch 150hm bergauf zum Stoanamandl kurbeln. Am Gipfel gibt es eine Panoramaterasse mit Beschreibung der umliegenden Gipfel. Auch hier gibt\u00b4s fantastische Aussichten! Die Abfahrt verlangt starke Unterarme, gute Handgelenke\/-muskel und nat\u00fcrlich starke Bremsen kombiniert mit Federweg. Dazu noch ein Portion Vorsicht und fahrtechnisches Talent. Was hei\u00dft: Trailabfahrt komplett bis nach M\u00fchlbach. So mu\u00df ein Wochenende enden! Dauergrinszustand garantiert. Wer die Tour nachfahren will, einfach im MTB Magazin nach Brixen suchen.<\/p>\n<div class=\"passster-form\" id=\"ps-471\">\n    <form class=\"password-form\" method=\"post\" autocomplete=\"off\" target=\"_top\">\n        <span class=\"ps-form-headline\">Gesch\u00fctzter Bereich<\/span>\n        <div class=\"ps-form-instructions-wrap\">Dieser Inhalt ist passwortgesch\u00fctzt. Bitte gib dein Passwort ein um den Inhalt freizuschalten.<\/div>\n        <fieldset>\n            <span class=\"ps-loader\" style=\"display:none;\"><img decoding=\"async\" src=\"https:\/\/blog.sickculture.de\/wp-content\/plugins\/content-protector\/assets\/public\/ps-loader.svg\" alt=\"\" \/><\/span>\n            <label for=\"input-ps-471\" style=\"display:none;\" class=\"passster-hidden\">Trage dein Passwort ein<\/label>\n            <input placeholder=\"Gib dein Passwort ein..\" type=\"password\" tabindex=\"1\" name=\"passster_password\"\n                   id=\"input-ps-471\" class=\"passster-password\" autocomplete=\"off\"\n                   data-protection-type=\"password\" data-list=\"[PASSSTER_LIST]\" data-lists=\"[PASSSTER_LISTS]\" data-area=\"[PASSSTER_AREA]\"\n                   data-protection=\"[PASSSTER_PROTECTION]\">\n            \n            <button name=\"submit\" type=\"submit\" class=\"passster-submit\" data-psid=\"ps-471\" data-post-id=\"243\" data-term-id=\"0\" \n                    data-submit=\"...Checking Password\" data-redirect=\"\">Freischalten\n            <\/button>\n            <div class=\"passster-error\"><\/div>\n        <\/fieldset>\n    <\/form>\n<\/div>\n\n<p>&nbsp;<\/p>\n<hr style=\"width: 90%;\" width=\"90%\">\n<p><em><strong>Kurz zusammengefasst:<\/strong><\/em><\/p>\n<ul>\n<li><em>Trails ohne Ende<\/em><\/li>\n<li><em>Sylvanerhof in Raas Topempfehlung<\/em><\/li>\n<li><em>Pizza wie immer lecker<\/em><\/li>\n<li><em>4700hm hoch\/7700hm runter<\/em><\/li>\n<\/ul>\n<p style=\"text-align: center;\"><a href=\"http:\/\/www.sylvanerhof.net\" target=\"_blank\" rel=\"noopener\"><img loading=\"lazy\" decoding=\"async\" class=\"aligncenter\" src=\"http:\/\/www.sylvanerhof.net\/Bilder\/Sylvanerhof.jpg\" alt=\"\" width=\"164\" height=\"174\"><\/a><\/p>\n<hr style=\"width: 90%;\" width=\"90%\">\n<p><span style=\"color: #0000ff;\"><strong>BILDER&#8230;<\/strong><br \/>\n<\/span><\/p>\n\n<p>[\/vc_column_text][\/vc_column][\/vc_row]<\/p>\n<\/section>","protected":false},"excerpt":{"rendered":"<p>[vc_row][vc_column][vc_column_text] [pe2-image src=&#8221;http:\/\/lh6.ggpht.com\/-wsnKC5bsOYE\/Uj81ShvUKMI\/AAAAAAAANBg\/XszC3j5nRB4\/s144-c-o\/20130921_10.48.35_0238_SLT-A77V__DSC2676.jpg&#8221; href=&#8221;https:\/\/picasaweb.google.com\/112885246866780528333\/2013BrixenGitschbergStoanamandl?authkey=Gv1sRgCMLf1czhsLr7qAE#5926514227053603010&#8243; caption=&#8221;&#8221; type=&#8221;image&#8221; alt=&#8221;20130921_10.48.35_0238_SLT-A77V__DSC2676.jpg&#8221; ] TRAILRIDES in und um BRIXEN 19.-21. September 2013 Wieder einmal sind die 3 Tage in meinem Lieblingsurlaubsplatz den Dolomiten vorbei und die Tage in meiner Stammunterkunft &#8220;Sylvanerhof&#8221; in Raas waren traumhaft. (Danke an dieser Stelle an Claudia, Renate und Sebastian). http:\/\/www.sylvanerhof.net Am \u2026 <a class=\"continue-reading-link\" href=\"https:\/\/blog.sickculture.de\/?page_id=243\"> Continue reading<\/a><\/p>\n","protected":false},"author":1,"featured_media":0,"parent":90,"menu_order":0,"comment_status":"closed","ping_status":"closed","template":"","meta":{"_s2mail":"","ngg_post_thumbnail":0,"footnotes":""},"categories":[9,4],"class_list":["post-243","page","type-page","status-publish","hentry","category-9","category-mountainbike"],"jetpack_shortlink":"https:\/\/wp.me\/P7EPUT-3V","jetpack_sharing_enabled":true,"_links":{"self":[{"href":"https:\/\/blog.sickculture.de\/index.php?rest_route=\/wp\/v2\/pages\/243","targetHints":{"allow":["GET"]}}],"collection":[{"href":"https:\/\/blog.sickculture.de\/index.php?rest_route=\/wp\/v2\/pages"}],"about":[{"href":"https:\/\/blog.sickculture.de\/index.php?rest_route=\/wp\/v2\/types\/page"}],"author":[{"embeddable":true,"href":"https:\/\/blog.sickculture.de\/index.php?rest_route=\/wp\/v2\/users\/1"}],"replies":[{"embeddable":true,"href":"https:\/\/blog.sickculture.de\/index.php?rest_route=%2Fwp%2Fv2%2Fcomments&post=243"}],"version-history":[{"count":20,"href":"https:\/\/blog.sickculture.de\/index.php?rest_route=\/wp\/v2\/pages\/243\/revisions"}],"predecessor-version":[{"id":1412,"href":"https:\/\/blog.sickculture.de\/index.php?rest_route=\/wp\/v2\/pages\/243\/revisions\/1412"}],"up":[{"embeddable":true,"href":"https:\/\/blog.sickculture.de\/index.php?rest_route=\/wp\/v2\/pages\/90"}],"wp:attachment":[{"href":"https:\/\/blog.sickculture.de\/index.php?rest_route=%2Fwp%2Fv2%2Fmedia&parent=243"}],"wp:term":[{"taxonomy":"category","embeddable":true,"href":"https:\/\/blog.sickculture.de\/index.php?rest_route=%2Fwp%2Fv2%2Fcategories&post=243"}],"curies":[{"name":"wp","href":"https:\/\/api.w.org\/{rel}","templated":true}]}}