{"id":369,"date":"2014-06-16T12:59:58","date_gmt":"2014-06-16T12:59:58","guid":{"rendered":"http:\/\/blog.sickculture.de\/?page_id=369"},"modified":"2019-02-13T17:24:34","modified_gmt":"2019-02-13T17:24:34","slug":"2014-06-lamsenjoch-gramaital","status":"publish","type":"page","link":"https:\/\/blog.sickculture.de\/?page_id=369","title":{"rendered":"2014.06 Lamsenjoch &#8211; Gramaital"},"content":{"rendered":"<section class=\"wpb-content-wrapper\"><p>[vc_row][vc_column][vc_column_text][pe2-image src=&#8221;http:\/\/lh6.ggpht.com\/-koONunZNTE8\/U57fWexeiII\/AAAAAAAAOxw\/J8vs-CWEJ14\/s144-c-o\/_DSC3824.JPG&#8221; href=&#8221;https:\/\/picasaweb.google.com\/112885246866780528333\/20140613AchenseeLamsenjochhutteGramaital#6025498928779004034&#8243; caption=&#8221;&#8221; type=&#8221;image&#8221; alt=&#8221;_DSC3824.JPG&#8221; ]<\/p>\n<p class=\"clear\">&nbsp;&#8220;Ein sch\u00f6ner Tag &#8211; komm Welt la\u00df dich umarmen, welch ein sch\u00f6ner Tag&#8230;&#8221; So&nbsp; lauten die Textzeilen eines bekannten Songs und auch so kann man unsere Tour beschreiben. Markus und Hardy waren diesmal mit von der Partie und wir sind sehr fr\u00fch Richtung Achensee aufgebrochen um den sonnigen Strahlen am Vormittag schon vorraus zu sein. Die Fahrt begann in Maurach und f\u00fchrte \u00fcber einen netten Trail und Radweg hinunter Richtung Stans. Ab hier hie\u00df es &#8220;Bergheil&#8221;! Eine anfangs fette Rampe auf Schotter und Teer f\u00fchrte auf ein sch\u00f6nes Tal zur Staller Alm, vor der es nochmals flacher wurde um sich f\u00fcr den Restanstieg zur Lamsenjoch H\u00fctte zu erholen (wenn man das so sagen darf&#8230;). Ab hier ist ein Aufsatteln fast unm\u00f6glich, da der Untergrund des Schotterwegs sowas von lose war, dass man sein Bike nur schieben konnte. D.h. fast 500hm bergaufschieben! Oben begann es schon leicht zu nieseln und nach guter Bergh\u00fcttenkost zogen die Wolken auf und wir mu\u00dften unsere Tour umplanen: Wir entschieden uns gegen die Abfahrt ins Engtal, \u00fcber Ahornboden und Plumsjoch, und fuhren stattdessen ins Gramaital. Die ersten 30-50m waren noch fahrbar, dann hie\u00df es wieder schieben und tragen. Ein Versetzen des Hinterrads und absolute Bikebeherrschung k\u00f6nnte die Abfahrt komplett fahrbar machen &#8211; in unserem Fall herrschte die Vernunft und wir schoben. Aber schon ein paar Kehren weiter ging ein Serpentinenintermezzo bis zur Gramai Alm ab. Sowas von hammergeil. Anfangs noch zittrig aber schon bald mit Flow und Sicherheit konnte man jede Kurve nehmen und gen Tal rauschen. An der Gramai Alm begann es heftigst zu &#8220;K\u00fcbeln&#8221; und wir mu\u00dften einen Unterschlupf suchen. Mit durchn\u00e4sster Kleidung schossen wir in einem kurzem Regenstopp auf Asphalt nach Pertisau, Achensee und Maurach. Trotz des Regens und der Schieberei eine geniale Tour!<\/p>\n<hr>\n<p class=\"clear\">Bilder:<\/p>\n\n<div id=\"s3gt_translate_tooltip_mini\" class=\"s3gt_translate_tooltip_mini_box\" style=\"background: initial !important; border: initial !important; border-radius: initial !important; border-spacing: initial !important; border-collapse: initial !important; direction: ltr !important; flex-direction: initial !important; font-weight: initial !important; height: initial !important; letter-spacing: initial !important; min-width: initial !important; max-width: initial !important; min-height: initial !important; max-height: initial !important; margin: auto !important; outline: initial !important; padding: initial !important; position: absolute; table-layout: initial !important; text-align: initial !important; text-shadow: initial !important; width: initial !important; word-break: initial !important; word-spacing: initial !important; overflow-wrap: initial !important; box-sizing: initial !important; display: initial !important; color: inherit !important; font-size: 13px !important; font-family: X-LocaleSpecific, sans-serif, Tahoma, Helvetica !important; line-height: 13px !important; vertical-align: top !important; white-space: inherit !important; left: 10px; top: 425px; opacity: 0.55;\">\n<div id=\"s3gt_translate_tooltip_mini_logo\" class=\"s3gt_translate_tooltip_mini\" title=\"Markierten Text \u00fcbersetzen\">&nbsp;<\/div>\n<div id=\"s3gt_translate_tooltip_mini_sound\" class=\"s3gt_translate_tooltip_mini\" title=\"Abspielen\">&nbsp;<\/div>\n<div id=\"s3gt_translate_tooltip_mini_copy\" class=\"s3gt_translate_tooltip_mini\" title=\"In Zwischenablage kopieren\">&nbsp;<\/div>\n<\/div>\n<p>[\/vc_column_text][\/vc_column][\/vc_row]<\/p>\n<\/section>","protected":false},"excerpt":{"rendered":"<p>[vc_row][vc_column][vc_column_text][pe2-image src=&#8221;http:\/\/lh6.ggpht.com\/-koONunZNTE8\/U57fWexeiII\/AAAAAAAAOxw\/J8vs-CWEJ14\/s144-c-o\/_DSC3824.JPG&#8221; href=&#8221;https:\/\/picasaweb.google.com\/112885246866780528333\/20140613AchenseeLamsenjochhutteGramaital#6025498928779004034&#8243; caption=&#8221;&#8221; type=&#8221;image&#8221; alt=&#8221;_DSC3824.JPG&#8221; ] &nbsp;&#8220;Ein sch\u00f6ner Tag &#8211; komm Welt la\u00df dich umarmen, welch ein sch\u00f6ner Tag&#8230;&#8221; So&nbsp; lauten die Textzeilen eines bekannten Songs und auch so kann man unsere Tour beschreiben. Markus und Hardy waren diesmal mit von der Partie und wir sind sehr fr\u00fch Richtung \u2026 <a class=\"continue-reading-link\" href=\"https:\/\/blog.sickculture.de\/?page_id=369\"> Continue reading<\/a><\/p>\n","protected":false},"author":1,"featured_media":0,"parent":90,"menu_order":0,"comment_status":"closed","ping_status":"closed","template":"","meta":{"_s2mail":"yes","ngg_post_thumbnail":0,"footnotes":""},"categories":[10,4],"class_list":["post-369","page","type-page","status-publish","hentry","category-10","category-mountainbike"],"jetpack_shortlink":"https:\/\/wp.me\/P7EPUT-5X","jetpack_sharing_enabled":true,"_links":{"self":[{"href":"https:\/\/blog.sickculture.de\/index.php?rest_route=\/wp\/v2\/pages\/369","targetHints":{"allow":["GET"]}}],"collection":[{"href":"https:\/\/blog.sickculture.de\/index.php?rest_route=\/wp\/v2\/pages"}],"about":[{"href":"https:\/\/blog.sickculture.de\/index.php?rest_route=\/wp\/v2\/types\/page"}],"author":[{"embeddable":true,"href":"https:\/\/blog.sickculture.de\/index.php?rest_route=\/wp\/v2\/users\/1"}],"replies":[{"embeddable":true,"href":"https:\/\/blog.sickculture.de\/index.php?rest_route=%2Fwp%2Fv2%2Fcomments&post=369"}],"version-history":[{"count":3,"href":"https:\/\/blog.sickculture.de\/index.php?rest_route=\/wp\/v2\/pages\/369\/revisions"}],"predecessor-version":[{"id":1387,"href":"https:\/\/blog.sickculture.de\/index.php?rest_route=\/wp\/v2\/pages\/369\/revisions\/1387"}],"up":[{"embeddable":true,"href":"https:\/\/blog.sickculture.de\/index.php?rest_route=\/wp\/v2\/pages\/90"}],"wp:attachment":[{"href":"https:\/\/blog.sickculture.de\/index.php?rest_route=%2Fwp%2Fv2%2Fmedia&parent=369"}],"wp:term":[{"taxonomy":"category","embeddable":true,"href":"https:\/\/blog.sickculture.de\/index.php?rest_route=%2Fwp%2Fv2%2Fcategories&post=369"}],"curies":[{"name":"wp","href":"https:\/\/api.w.org\/{rel}","templated":true}]}}