{"id":388,"date":"2014-06-27T22:44:51","date_gmt":"2014-06-27T22:44:51","guid":{"rendered":"http:\/\/blog.sickculture.de\/?page_id=388"},"modified":"2020-09-10T17:12:19","modified_gmt":"2020-09-10T17:12:19","slug":"2014-06-3-days-zillertal-cross","status":"publish","type":"page","link":"https:\/\/blog.sickculture.de\/?page_id=388","title":{"rendered":"2014.06 3-Days Zillertal Cross"},"content":{"rendered":"<section class=\"wpb-content-wrapper\"><p>[vc_row][vc_column][vc_column_text]<\/p>\n<h1 style=\"text-align: center;\"><span style=\"color: #ff0000;\">3-Days Zillertal Cross<\/span><\/h1>\n<p style=\"text-align: center;\"><span style=\"color: #00ff00;\">20.-22. Juni 2014 by Tom and Hardy<\/span><\/p>\n<p>[pe2-image src=&#8221;http:\/\/lh5.ggpht.com\/-2cDN1yp9O9o\/U63vi0Us8QI\/AAAAAAAAPvg\/Q355VtRyPI8\/s144-c-o\/20140622-091537-00138-IMG_1597_Screen.jpg&#8221; href=&#8221;https:\/\/picasaweb.google.com\/112885246866780528333\/20140622ZillercrossPfitscherJoch#6029738857559027970&#8243; caption=&#8221;&#8221; type=&#8221;image&#8221; alt=&#8221;20140622-091537-00138-IMG_1597_Screen.jpg&#8221; ]<\/p>\n<p>3 Tage standen mir und Gerhard bevor, die es in sich haben sollen. Der Zillertal Cross von Martin Blum \u00fcber den Alpenhauptkamm mit ettlichen sch\u00f6nen und einsamen Singletrails!<\/p>\n<p>Daf\u00fcr sind wir einen Tag zuvor nach Finkenberg (Zillertal\/Mayrhofen) angereist um gem\u00fctlich am n\u00e4chsten Tag die angepeilten 2100hm zu vernichten. Aber, ja wenn das W\u00f6rtchen &#8220;aber&#8221; nicht w\u00e4re: Das Fr\u00fchst\u00fcck gab\u00b4s eine Stunde zu sp\u00e4t und der Wettergott hat Regen auf Nachmittag vorhergesagt. Also wurde entschlossen den Bus f\u00fcr die erste (langweilige und viel befahrene) Asphaltauffahrt nach Hintertux zu nehmen. Nun hies es auf einer steigenden Schotterpiste, die erst kurz vor der Mittelstation der Gletscherbahn richtig Biss forderte, die ersten H\u00f6henmeter zum Tuxer Joch zu nehmen. Leider war dann die Tuxer Joch H\u00fctte geschlossen und wir fuhren weiter um den anstehenenden Regen zu entfliehen. Der Serpentinen Trail hinuter ins Schmirntal war schon mal richtig genial und ein Vorbote auf die weiteren Trails unserer Tour. Nach kurzer Rast holte uns f\u00fcr kurze Zeit der Regen ein (der einzige unserer 3-Tages-Tour!). Dann gings nochmals hinauf ins Padauntal zu unserem Etappenziel Gasthof Steckholzner. Sehr zu empfehlen mit gro\u00dfen Zimmern, gutem Essen und einem sch\u00f6nen urigem Ambiente (Urlaub auf dem Bauernhof).<\/p>\n<p>Der zweite Tag war dann mit sch\u00f6nster Wettervorsage und schon morgen erw\u00e4rmte die Sonne die Hochfl\u00e4che des Padaun. Gleich zu Beginn fuhren wir einen &#8220;mutigen&#8221; Singletrail \u00fcber Kehren und Wurzeln hinunter bis zur alten Brenner Stra\u00dfe, auf der wir im vollen Speed nach Gries hinunterschossen. Nun folgte auf der S\u00fcdwestseite des Tals die Auffahrt zum Sattelberg (Asphalt\/Schotter). Ab der Sattelberg Alm nahmen wir die Schiebestrecke bis zum Gipfel. Ein herrliches Panorama bot sich \u00fcber der Baumgrenze des Sattelbergs und man konnte ins weite Inntal, zu den Dolomiten&nbsp; und die Alpen blicken. Man glaubt gar nicht, wie sch\u00f6n es hier oben sein kann, wenn man wie viele unten im Tal den Brenner Richtung S\u00fcden f\u00e4hrt. Der Grenzkamm ist der absolute Hammer und sollte von jedem Mountainbike einmal gefahren werden. Immer auf 2000hm im leichten Auf und Ab gehts bis zum Portjoch. Die Beschreibung hat einen Holy Trail vorhergesagt &#8211; dem kann ich nur zustimmen. Der 1er Wanderweg hinunter nach Gossensa\u00df ist eine Wucht. Zwar ein schmaler Serpentinen Singletrail, aber nie richtig schwer zu fahren und sch\u00f6n flowig. Unten gings dann auf dem Wipptal Radweg (alte Bahntrasse) hinauf zum Brenner. Kurz davor das letzte Teilst\u00fcck unserer Etappe hinauf zur Enzianh\u00fctte \u00fcber das Zirogtal. Gem\u00fctlich, aber unter br\u00fctender Sonne, fuhren wir 650hm bis zur Zirogalm auf Stra\u00dfe und die letzten 150hm auf Schotter zur Enzianh\u00fctte. Trotz ausgebuchter H\u00fctte einer Partygesellschaft aus M\u00fcnchen bekamen wir zusammen mit Motorradfahrern eine Unterkunft im Nebengeb\u00e4ude. Top Tag mit gutem Essen zum Schlu\u00df (Apropo: Ab der Sattelberg Alm bis zur Enzianh\u00fctte gibt es keine Verpflegungsstation!)<\/p>\n<p>3. Tag: Fr\u00fch morgens waren wir die Ersten auf der H\u00fctte, die wach waren (die anderen haben noch bis in die Puppen gefeiert). In der Morgensonne fuhren und schoben wir unsere Bikes hinauf aufs Schl\u00fcsseljoch. Auf der anderen Seite konnten wir nochmals zur\u00fcckblicken auf den Grenzkamm der gestrige Etappe. Heute gings ins Pfitschertal und wieder zur\u00fcck ins Zillertal. Die Abfahrt vom Schl\u00fcsseljoch erinnerte mich ein wenig an die Tremalzo Abfahrt. Breiter Weg mit losem Schotter und unz\u00e4hligen Serpentinen hinunter nach Kematen ins Pfitschtal. Gegen\u00fcber sah ich wieder einen alten Bekannten: das Pfunderer Joch (das ich auch schon unter die Stollen nahm). Nun gings auf der Stra\u00dfe bis ans letzte Eck des Pfitschtals und dann \u00fcber eine Beton-Schotter-Stra\u00dfe hoch zum Pfitscher Joch auf die gleichnamige H\u00fctte. Diese wurde modern renoviert und bot sich als ideale Kurze Raststelle vor dem Finale an. Was sich nun bot ist der Hammer: Die meisten Alpencrosser fahren diese Abfahrt entgegen und verpassen den sch\u00f6nsten Trail, bzw. verfluchen den Routenmacher, warum sie hochschieben m\u00fcssen, w\u00e4hrend wir mit einem Dauergrinsen die Abfahrt geniesen k\u00f6nnen. \u00dcber gro\u00dfe Steinplatten, kleineren Stufen und weichem Boden scho\u00dfen wir hinunter zum Schlegeisstausee. Eine Gruppe Alpencrosser tarfen wir am Stausee vor dem obligatorischem Alp-X-Beginner-Foto und wir konnten uns das &#8220;Viel Spass&#8221; nicht verschweigen. Die letzten Kilometer Richtung Finkenberg fuhren wir auf Stra\u00dfe, durch Tunnel und kleinen Trails.<\/p>\n<p>Unterm Strich ein gelungener 3-Tages-Ritt \u00fcber den Alpenhauptkamm mit sch\u00f6nen Trails und einer ordentlichen Portion H\u00f6henmeter.<\/p>\n<p>(siehe auch <a title=\"Impressionen aus dem Zillertal Cross\" href=\"http:\/\/blog.sickculture.de\/?p=405\">Impressionen aus dem Zillertal Cross<\/a>)<\/p>\n<p>&nbsp;<\/p>\n<h3>KARTE\/H\u00d6HENMETER:<\/h3>\n<p><strong>Tag 1:<\/strong><\/p>\n<div class=\"passster-form\" id=\"ps-228\">\n    <form class=\"password-form\" method=\"post\" autocomplete=\"off\" target=\"_top\">\n        <span class=\"ps-form-headline\">Gesch\u00fctzter Bereich<\/span>\n        <div class=\"ps-form-instructions-wrap\">Dieser Inhalt ist passwortgesch\u00fctzt. Bitte gib dein Passwort ein um den Inhalt freizuschalten.<\/div>\n        <fieldset>\n            <span class=\"ps-loader\" style=\"display:none;\"><img decoding=\"async\" src=\"https:\/\/blog.sickculture.de\/wp-content\/plugins\/content-protector\/assets\/public\/ps-loader.svg\" alt=\"\" \/><\/span>\n            <label for=\"input-ps-228\" style=\"display:none;\" class=\"passster-hidden\">Trage dein Passwort ein<\/label>\n            <input placeholder=\"Gib dein Passwort ein..\" type=\"password\" tabindex=\"1\" name=\"passster_password\"\n                   id=\"input-ps-228\" class=\"passster-password\" autocomplete=\"off\"\n                   data-protection-type=\"password\" data-list=\"[PASSSTER_LIST]\" data-lists=\"[PASSSTER_LISTS]\" data-area=\"[PASSSTER_AREA]\"\n                   data-protection=\"[PASSSTER_PROTECTION]\">\n            \n            <button name=\"submit\" type=\"submit\" class=\"passster-submit\" data-psid=\"ps-228\" data-post-id=\"388\" data-term-id=\"0\" \n                    data-submit=\"...Checking Password\" data-redirect=\"\">Freischalten\n            <\/button>\n            <div class=\"passster-error\"><\/div>\n        <\/fieldset>\n    <\/form>\n<\/div>\n\n<p><strong>Tag 2:<\/strong><\/p>\n<div class=\"passster-form\" id=\"ps-403\">\n    <form class=\"password-form\" method=\"post\" autocomplete=\"off\" target=\"_top\">\n        <span class=\"ps-form-headline\">Gesch\u00fctzter Bereich<\/span>\n        <div class=\"ps-form-instructions-wrap\">Dieser Inhalt ist passwortgesch\u00fctzt. Bitte gib dein Passwort ein um den Inhalt freizuschalten.<\/div>\n        <fieldset>\n            <span class=\"ps-loader\" style=\"display:none;\"><img decoding=\"async\" src=\"https:\/\/blog.sickculture.de\/wp-content\/plugins\/content-protector\/assets\/public\/ps-loader.svg\" alt=\"\" \/><\/span>\n            <label for=\"input-ps-403\" style=\"display:none;\" class=\"passster-hidden\">Trage dein Passwort ein<\/label>\n            <input placeholder=\"Gib dein Passwort ein..\" type=\"password\" tabindex=\"1\" name=\"passster_password\"\n                   id=\"input-ps-403\" class=\"passster-password\" autocomplete=\"off\"\n                   data-protection-type=\"password\" data-list=\"[PASSSTER_LIST]\" data-lists=\"[PASSSTER_LISTS]\" data-area=\"[PASSSTER_AREA]\"\n                   data-protection=\"[PASSSTER_PROTECTION]\">\n            \n            <button name=\"submit\" type=\"submit\" class=\"passster-submit\" data-psid=\"ps-403\" data-post-id=\"388\" data-term-id=\"0\" \n                    data-submit=\"...Checking Password\" data-redirect=\"\">Freischalten\n            <\/button>\n            <div class=\"passster-error\"><\/div>\n        <\/fieldset>\n    <\/form>\n<\/div>\n\n<p><strong>Tag 3:<\/strong><\/p>\n<div class=\"passster-form\" id=\"ps-798\">\n    <form class=\"password-form\" method=\"post\" autocomplete=\"off\" target=\"_top\">\n        <span class=\"ps-form-headline\">Gesch\u00fctzter Bereich<\/span>\n        <div class=\"ps-form-instructions-wrap\">Dieser Inhalt ist passwortgesch\u00fctzt. Bitte gib dein Passwort ein um den Inhalt freizuschalten.<\/div>\n        <fieldset>\n            <span class=\"ps-loader\" style=\"display:none;\"><img decoding=\"async\" src=\"https:\/\/blog.sickculture.de\/wp-content\/plugins\/content-protector\/assets\/public\/ps-loader.svg\" alt=\"\" \/><\/span>\n            <label for=\"input-ps-798\" style=\"display:none;\" class=\"passster-hidden\">Trage dein Passwort ein<\/label>\n            <input placeholder=\"Gib dein Passwort ein..\" type=\"password\" tabindex=\"1\" name=\"passster_password\"\n                   id=\"input-ps-798\" class=\"passster-password\" autocomplete=\"off\"\n                   data-protection-type=\"password\" data-list=\"[PASSSTER_LIST]\" data-lists=\"[PASSSTER_LISTS]\" data-area=\"[PASSSTER_AREA]\"\n                   data-protection=\"[PASSSTER_PROTECTION]\">\n            \n            <button name=\"submit\" type=\"submit\" class=\"passster-submit\" data-psid=\"ps-798\" data-post-id=\"388\" data-term-id=\"0\" \n                    data-submit=\"...Checking Password\" data-redirect=\"\">Freischalten\n            <\/button>\n            <div class=\"passster-error\"><\/div>\n        <\/fieldset>\n    <\/form>\n<\/div>\n\n<hr>\n<h3>Bilder:<\/h3>\n\n<div id=\"s3gt_translate_tooltip_mini\" class=\"s3gt_translate_tooltip_mini_box\" style=\"background: initial !important; border: initial !important; border-radius: initial !important; border-spacing: initial !important; border-collapse: initial !important; direction: ltr !important; flex-direction: initial !important; font-weight: initial !important; height: initial !important; letter-spacing: initial !important; min-width: initial !important; max-width: initial !important; min-height: initial !important; max-height: initial !important; margin: auto !important; outline: initial !important; padding: initial !important; position: absolute; table-layout: initial !important; text-align: initial !important; text-shadow: initial !important; width: initial !important; word-break: initial !important; word-spacing: initial !important; overflow-wrap: initial !important; box-sizing: initial !important; display: initial !important; color: inherit !important; font-size: 13px !important; font-family: X-LocaleSpecific, sans-serif, Tahoma, Helvetica !important; line-height: 13px !important; vertical-align: top !important; white-space: inherit !important; left: 6px; top: 1431px; opacity: 0;\">\n<div id=\"s3gt_translate_tooltip_mini_logo\" class=\"s3gt_translate_tooltip_mini\" title=\"Markierten Text \u00fcbersetzen\">&nbsp;<\/div>\n<div id=\"s3gt_translate_tooltip_mini_sound\" class=\"s3gt_translate_tooltip_mini\" title=\"Abspielen\">&nbsp;<\/div>\n<div id=\"s3gt_translate_tooltip_mini_copy\" class=\"s3gt_translate_tooltip_mini\" title=\"In Zwischenablage kopieren\">&nbsp;<\/div>\n<\/div>\n<p>[\/vc_column_text][\/vc_column][\/vc_row]<\/p>\n<\/section>","protected":false},"excerpt":{"rendered":"<p>[vc_row][vc_column][vc_column_text] 3-Days Zillertal Cross 20.-22. Juni 2014 by Tom and Hardy [pe2-image src=&#8221;http:\/\/lh5.ggpht.com\/-2cDN1yp9O9o\/U63vi0Us8QI\/AAAAAAAAPvg\/Q355VtRyPI8\/s144-c-o\/20140622-091537-00138-IMG_1597_Screen.jpg&#8221; href=&#8221;https:\/\/picasaweb.google.com\/112885246866780528333\/20140622ZillercrossPfitscherJoch#6029738857559027970&#8243; caption=&#8221;&#8221; type=&#8221;image&#8221; alt=&#8221;20140622-091537-00138-IMG_1597_Screen.jpg&#8221; ] 3 Tage standen mir und Gerhard bevor, die es in sich haben sollen. Der Zillertal Cross von Martin Blum \u00fcber den Alpenhauptkamm mit ettlichen sch\u00f6nen und einsamen Singletrails! Daf\u00fcr sind wir einen \u2026 <a class=\"continue-reading-link\" href=\"https:\/\/blog.sickculture.de\/?page_id=388\"> Continue reading<\/a><\/p>\n","protected":false},"author":1,"featured_media":0,"parent":90,"menu_order":0,"comment_status":"closed","ping_status":"closed","template":"","meta":{"_s2mail":"yes","ngg_post_thumbnail":0,"footnotes":""},"categories":[10,4],"class_list":["post-388","page","type-page","status-publish","hentry","category-10","category-mountainbike"],"jetpack_shortlink":"https:\/\/wp.me\/P7EPUT-6g","jetpack_sharing_enabled":true,"_links":{"self":[{"href":"https:\/\/blog.sickculture.de\/index.php?rest_route=\/wp\/v2\/pages\/388","targetHints":{"allow":["GET"]}}],"collection":[{"href":"https:\/\/blog.sickculture.de\/index.php?rest_route=\/wp\/v2\/pages"}],"about":[{"href":"https:\/\/blog.sickculture.de\/index.php?rest_route=\/wp\/v2\/types\/page"}],"author":[{"embeddable":true,"href":"https:\/\/blog.sickculture.de\/index.php?rest_route=\/wp\/v2\/users\/1"}],"replies":[{"embeddable":true,"href":"https:\/\/blog.sickculture.de\/index.php?rest_route=%2Fwp%2Fv2%2Fcomments&post=388"}],"version-history":[{"count":7,"href":"https:\/\/blog.sickculture.de\/index.php?rest_route=\/wp\/v2\/pages\/388\/revisions"}],"predecessor-version":[{"id":1381,"href":"https:\/\/blog.sickculture.de\/index.php?rest_route=\/wp\/v2\/pages\/388\/revisions\/1381"}],"up":[{"embeddable":true,"href":"https:\/\/blog.sickculture.de\/index.php?rest_route=\/wp\/v2\/pages\/90"}],"wp:attachment":[{"href":"https:\/\/blog.sickculture.de\/index.php?rest_route=%2Fwp%2Fv2%2Fmedia&parent=388"}],"wp:term":[{"taxonomy":"category","embeddable":true,"href":"https:\/\/blog.sickculture.de\/index.php?rest_route=%2Fwp%2Fv2%2Fcategories&post=388"}],"curies":[{"name":"wp","href":"https:\/\/api.w.org\/{rel}","templated":true}]}}