{"id":44,"date":"2013-09-04T19:37:55","date_gmt":"2013-09-04T19:37:55","guid":{"rendered":"http:\/\/blog.sickculture.de\/?page_id=44"},"modified":"2015-03-06T12:30:21","modified_gmt":"2015-03-06T12:30:21","slug":"contact","status":"publish","type":"page","link":"https:\/\/blog.sickculture.de\/?page_id=44","title":{"rendered":"Contact"},"content":{"rendered":"<h3 style=\"text-align: left;\"><img loading=\"lazy\" decoding=\"async\" class=\"aligncenter size-full wp-image-81\" src=\"http:\/\/blog.sickculture.de\/wp-content\/uploads\/2013\/09\/179906_447316981963677_987796447_n1.jpg\" alt=\"Bike and Hike\" width=\"415\" height=\"466\" \/><\/h3>\n<h3 style=\"text-align: left;\"><span style=\"color: #333333;\"><strong>Thomas Mayer<\/strong><\/span><\/h3>\n<p style=\"text-align: left;\"><span style=\"color: #808080;\">Zusamstr. 12 <\/span><br \/>\n<span style=\"color: #808080;\">86637 Villenbach\u00a0 <\/span><br \/>\n<span style=\"color: #808080;\">Germany<\/span><\/p>\n<p><a title=\"Mail\" href=\"mailto:tom@sickculture.de\">email <\/a><br \/>\n<a title=\"my Facebook site\" href=\"https:\/\/www.facebook.com\/thomas.mayer.79\" target=\"_blank\">Facebook<\/a><\/p>\n<p><a title=\"RSS Feed abonnieren\" href=\"http:\/\/blog.sickculture.de\/?feed=rss2\">RSS Feed<\/a><\/p>\n<form name=\"s2form\" method=\"post\"><input type=\"hidden\" name=\"ip\" value=\"216.73.216.254\" \/><span style=\"display:none !important\"><label for=\"firstname\">Leave This Blank:<\/label><input type=\"text\" id=\"firstname\" name=\"firstname\" \/><label for=\"lastname\">Leave This Blank Too:<\/label><input type=\"text\" id=\"lastname\" name=\"lastname\" \/><label for=\"uri\">Do Not Change This:<\/label><input type=\"text\" id=\"uri\" name=\"uri\" value=\"http:\/\/\" \/><\/span><p><label for=\"s2email\">Your email:<\/label><br><input type=\"email\" name=\"email\" id=\"s2email\" value=\"Enter email address...\" size=\"20\" onfocus=\"if (this.value === 'Enter email address...') {this.value = '';}\" onblur=\"if (this.value === '') {this.value = 'Enter email address...';}\" \/><\/p><p><input type=\"submit\" name=\"subscribe\" value=\"Subscribe\" \/>&nbsp;<input type=\"submit\" name=\"unsubscribe\" value=\"Unsubscribe\" \/><\/p><\/form>\r\n\n<hr style=\"height: 2px; width: 100%;\" size=\"2\" width=\"100%\" \/>\n<h3>Nachricht direkt an mich:<\/h3>\n<address>\u00a0<\/address>\n<p style=\"text-align: left;\"><div id=\"cscf\" class=\"cscfBlock\">\n    <div class=\"cscfMessageSent\" style=\"display:none;\" role=\"status\" aria-live=\"polite\">\n\t\t<h3>Message Sent<\/h3>\n<p>Danke f\u00fcr die Nachricht. <\/p>    <\/div>\n    <div class=\"cscfMessageNotSent\" style=\"display:none;\" role=\"alert\" aria-live=\"assertive\">\n\t\t<p>\n    Entschuldigung, es ist ein Fehler aufgetreten und die Nachricht wurde nicht gesendet.<\/p>\n    <\/div>\n    <div class=\"cscfForm\">\n        <p><\/p>\n\n        <form role=\"form\" id=\"frmCSCF\" name=\"frmCSCF\" method=\"post\" novalidate>\n\t\t\t<input type=\"hidden\" id=\"cscf_nonce\" name=\"cscf_nonce\" value=\"c6dd5158a7\" \/><input type=\"hidden\" name=\"_wp_http_referer\" value=\"\/index.php?rest_route=%2Fwp%2Fv2%2Fpages%2F44\" \/>            <input type=\"hidden\" name=\"post-id\" value=\"44\">\n\n\t\t\t\n            <!-- name -->\n            <div class=\"control-group form-group\">\n                <label for=\"cscf_name\">Name:<\/label>\n\n\n                <div class=\"\">\n\t\t\t\t\t                    <input class=\"form-control input-xlarge\"\n                           data-rule-required=\"true\"\n                           data-msg-required=\"Bitte gib deinen Namen ein.\"\n                           type=\"text\" id=\"cscf_name\" name=\"cscf[name]\"\n                           value=\"\"\n                           placeholder=\"Dein Name\"\n                           autocomplete=\"name\"\n                           aria-required=\"true\"\n                           aria-describedby=\"cscf_name_error\"\n                                               \/>\n                <\/div>\n                <span id=\"cscf_name_error\" class=\"help-inline help-block error\"\n                      style=\"display:none;\"\n                      role=\"alert\">\n                                    <\/span>\n            <\/div>\n\n\n            <!--email address-->\n            <div class=\"control-group form-group\">\n                <label for=\"cscf_email\">E-Mail-Adresse:<\/label>\n\n                <div class=\"\">\n\t\t\t\t\t                    <input class=\"form-control input-xlarge\"\n                           data-rule-required=\"true\"\n                           data-rule-email=\"true\"\n                           data-msg-required=\"Bitte gib deine E-Mail-Adresse ein.\"\n                           data-msg-email=\"Bitte gib eine g\u00fcltige E-Mail-Adresse ein.\"\n                           type=\"email\" id=\"cscf_email\" name=\"cscf[email]\"\n                           value=\"\"\n                           placeholder=\"Deine E-Mail-Adresse\"\n                           autocomplete=\"email\"\n                           aria-required=\"true\"\n                           aria-describedby=\"cscf_email_error\"\n                                               \/>\n                <\/div>\n                <span id=\"cscf_email_error\" class=\"help-inline help-block error\"\n                      style=\"display:none;\"\n                      role=\"alert\">\n                                    <\/span>\n            <\/div>\n\n\t\t\t                <!--confirm email address -->\n                <div class=\"control-group form-group\">\n                    <label for=\"cscf_confirm-email\">E-Mail-Adresse best\u00e4tigen:<\/label>\n                    <div class=\"\">\n\t\t\t\t\t\t                        <input class=\"form-control input-xlarge\"\n                               data-rule-required=\"true\"\n                               data-rule-email=\"true\"\n                               data-rule-equalTo=\"#cscf_email\"\n                               data-msg-required=\"Bitte gib deine E-Mail-Adresse erneut ein.\"\n                               data-msg-email=\"Bitte gib eine g\u00fcltige E-Mail-Adresse ein.\"\n                               data-msg-equalTo=\"Bitte gib deine E-Mail-Adresse erneut ein.\"\n                               type=\"email\" id=\"cscf_confirm-email\" name=\"cscf[confirm-email]\"\n                               value=\"\"\n                               placeholder=\"Best\u00e4tige deine E-Mail-Adresse\"\n                               autocomplete=\"email\"\n                               aria-required=\"true\"\n                               aria-describedby=\"cscf_confirm-email_error\"\n                                                       \/>\n                    <\/div>\n                    <span id=\"cscf_confirm-email_error\" class=\"help-inline help-block error\"\n                          style=\"display:none;\"\n                          role=\"alert\">\n                                    <\/span>\n                <\/div>\n\t\t\t\n\t\t\t\n\n            <!-- message -->\n            <div class=\"control-group form-group\">\n                <label for=\"cscf_message\">Nachricht:<\/label>\n                <div class=\"\">\n\t\t\t\t\t                    <textarea class=\"form-control input-xlarge\"\n                              data-rule-required=\"true\"\n                              data-msg-required=\"Bitte gib eine Nachricht ein.\"\n                              id=\"cscf_message\" name=\"cscf[message]\" rows=\"10\"\n                              placeholder=\"Deine Nachricht\"\n                              aria-required=\"true\"\n                              aria-describedby=\"cscf_message_error\"\n                              ><\/textarea>\n                <\/div>\n\n                <span id=\"cscf_message_error\" class=\"help-inline help-block error\"\n                      style=\"display:none;\"\n                      role=\"alert\">\n                                    <\/span>\n            <\/div>\n\n\t\t\t\n\n\n\t\t\t\n            <!-- recaptcha -->\n\t\t\t            <input type=\"submit\" id=\"cscf_SubmitButton\" class=\"btn btn-default\"\n                   value=\"Nachricht senden\"\/>\n        <\/form>\n    <\/div>\n<\/div>\n<hr style=\"height: 3px; width: 90%;\" size=\"3\" width=\"90%\" \/>\n<h4><\/h4>\n<h4>Haftungsausschluss<\/h4>\n<h5>Haftung f\u00fcr Inhalte<\/h5>\n<p>Die Inhalte dieser Webseite werden mit gr\u00f6\u00dft\u00adm\u00f6g\u00adli\u00adcher Sorgfalt erstellt. Ich \u00fcbernehme jedoch keine Gew\u00e4hr f\u00fcr die Richtigkeit, Vollst\u00e4ndigkeit und Aktualit\u00e4t der bereit\u00adge\u00adstellten Inhalte. Die Nutzung der Inhalte der Website erfolgt auf eigene Gefahr des Nutzers. Namentlich gekenn\u00adzeich\u00adnete Beitr\u00e4ge geben die Meinung des jewei\u00adligen Autors und nicht immer meine Meinung wieder. Mit der reinen Nutzung der Webseite kommt kei\u00adnerlei Vertragsverh\u00e4ltnis zwi\u00adschen dem Nutzer und mir zustande.<\/p>\n<h5>Externe Links<\/h5>\n<p>Diese Webseite ent\u00adh\u00e4lt Verkn\u00fcpfungen zu Webseiten Dritter (\u00bbexterne Links\u00ab). Diese Webseiten unter\u00adliegen der Haftung der jewei\u00adligen Betreiber. Ich habe bei der erst\u00adma\u00adligen Verkn\u00fcpfung der externen Links die fremden Inhalte dar\u00adaufhin \u00fcber\u00adpr\u00fcft, ob etwaige Rechtsverst\u00f6\u00dfe bestehen. Zu dem Zeitpunkt waren keine Rechtsverst\u00f6\u00dfe ersicht\u00adlich. Ich habe kei\u00adnerlei Einfluss auf die aktu\u00adelle und zuk\u00fcnf\u00adtige Gestaltung und auf die Inhalte der ver\u00adkn\u00fcpften Seiten. Das Setzen von externen Links bedeutet nicht, dass ich mir die hinter dem Verweis oder Link lie\u00adgenden Inhalte zu Eigen mache. Eine st\u00e4n\u00addige Kontrolle der externen Links ist f\u00fcr mich ohne kon\u00adkrete Hinweise auf Rechtsverst\u00f6\u00dfe nicht zumutbar. Bei Kenntnis von Rechtsverst\u00f6\u00dfen werden jedoch der\u00adar\u00adtige externe Links unver\u00adz\u00fcg\u00adlich gel\u00f6scht.<\/p>\n<h5>Urheberrecht<\/h5>\n<p>Die von mir erstellten Inhalte und Werke auf diesen Seiten unterliegen dem deutschen Urheberrecht. Die Vervielf\u00e4ltigung, Bearbeitung, Verbreitung und jede Art der Verwertung au\u00dferhalb der Grenzen des Urheberrechtes bed\u00fcrfen meiner schriftlichen Zustimmung bzw. der des Erstellers. Downloads und Kopien dieser Seite sind nur f\u00fcr den privaten, nicht kommerziellen Gebrauch gestattet. Soweit die Inhalte auf dieser Seite nicht von mir erstellt wurden, werden die Urheberrechte Dritter beachtet. Insbesondere werden Inhalte Dritter als solche gekennzeichnet. Sollten Sie trotzdem auf eine Urheberrechtsverletzung aufmerksam werden, bitte ich um einen entsprechenden Hinweis. Bei Bekanntwerden von Rechtsverletzungen werde ich derartige Inhalte umgehend entfernen.<\/p>\n<h5>Rechtswirksamkeit des Haftungsausschlusses<\/h5>\n<p>Entsprechen Teile oder Formulierungen des Haftungsauschlusses nicht, nicht mehr oder nicht vollst\u00e4ndig der geltenden Rechtslage, bleiben Inhalt und G\u00fcltigkeit der \u00fcbrigen Teile des Dokuments davon unber\u00fchrt.<\/p>\n","protected":false},"excerpt":{"rendered":"<p>Thomas Mayer Zusamstr. 12 86637 Villenbach\u00a0 Germany email Facebook RSS Feed Nachricht direkt an mich: \u00a0 Haftungsausschluss Haftung f\u00fcr Inhalte Die Inhalte dieser Webseite werden mit gr\u00f6\u00dft\u00adm\u00f6g\u00adli\u00adcher Sorgfalt erstellt. Ich \u00fcbernehme jedoch keine Gew\u00e4hr f\u00fcr die Richtigkeit, Vollst\u00e4ndigkeit und Aktualit\u00e4t der bereit\u00adge\u00adstellten Inhalte. Die Nutzung der Inhalte der Website erfolgt \u2026 <a class=\"continue-reading-link\" href=\"https:\/\/blog.sickculture.de\/?page_id=44\"> Continue reading<\/a><\/p>\n","protected":false},"author":1,"featured_media":0,"parent":0,"menu_order":0,"comment_status":"closed","ping_status":"open","template":"","meta":{"_s2mail":"yes","ngg_post_thumbnail":0,"footnotes":""},"categories":[],"class_list":["post-44","page","type-page","status-publish","hentry"],"jetpack_shortlink":"https:\/\/wp.me\/P7EPUT-I","jetpack_sharing_enabled":false,"_links":{"self":[{"href":"https:\/\/blog.sickculture.de\/index.php?rest_route=\/wp\/v2\/pages\/44","targetHints":{"allow":["GET"]}}],"collection":[{"href":"https:\/\/blog.sickculture.de\/index.php?rest_route=\/wp\/v2\/pages"}],"about":[{"href":"https:\/\/blog.sickculture.de\/index.php?rest_route=\/wp\/v2\/types\/page"}],"author":[{"embeddable":true,"href":"https:\/\/blog.sickculture.de\/index.php?rest_route=\/wp\/v2\/users\/1"}],"replies":[{"embeddable":true,"href":"https:\/\/blog.sickculture.de\/index.php?rest_route=%2Fwp%2Fv2%2Fcomments&post=44"}],"version-history":[{"count":18,"href":"https:\/\/blog.sickculture.de\/index.php?rest_route=\/wp\/v2\/pages\/44\/revisions"}],"predecessor-version":[{"id":582,"href":"https:\/\/blog.sickculture.de\/index.php?rest_route=\/wp\/v2\/pages\/44\/revisions\/582"}],"wp:attachment":[{"href":"https:\/\/blog.sickculture.de\/index.php?rest_route=%2Fwp%2Fv2%2Fmedia&parent=44"}],"wp:term":[{"taxonomy":"category","embeddable":true,"href":"https:\/\/blog.sickculture.de\/index.php?rest_route=%2Fwp%2Fv2%2Fcategories&post=44"}],"curies":[{"name":"wp","href":"https:\/\/api.w.org\/{rel}","templated":true}]}}