{"id":746,"date":"2015-08-11T11:07:13","date_gmt":"2015-08-11T11:07:13","guid":{"rendered":"http:\/\/blog.sickculture.de\/?page_id=746"},"modified":"2019-02-13T12:53:56","modified_gmt":"2019-02-13T12:53:56","slug":"2015-08-wandern-zur-kenzenhuette","status":"publish","type":"page","link":"https:\/\/blog.sickculture.de\/?page_id=746","title":{"rendered":"2015.08 Wandern zur Kenzenh\u00fctte"},"content":{"rendered":"<section class=\"wpb-content-wrapper\"><p>[vc_row][vc_column][vc_column_text]<\/p>\n<h1 style=\"text-align: center;\">[pe2-image src=&#8221;http:\/\/lh3.googleusercontent.com\/-yjNTO9SeYY4\/VcnT4L3N9tI\/AAAAAAAAWD8\/dKEgYKsDwYo\/s144-c-o\/20150802-131912-00009-20150802-131912-00086-_DSC8139_Screen.jpg&#8221; href=&#8221;https:\/\/picasaweb.google.com\/112885246866780528333\/20150802KenzenhutteWandernAbHalblech?authkey=Gv1sRgCNavlImVjMDA0QE#6181704925753243346&#8243; caption=&#8221;&#8221; type=&#8221;image&#8221; alt=&#8221;20150802-131912-00009-20150802-131912-00086-_DSC8139_Screen.jpg&#8221; ]<\/h1>\n<h1 style=\"text-align: center;\"><strong><span style=\"color: #99cc00;\">Wanderung zur Kenzenh\u00fctte im Allg\u00e4u<\/span><br \/>\n<\/strong><\/h1>\n<h2 style=\"text-align: center;\">02. August 2015<\/h2>\n<p>&nbsp;<\/p>\n<p style=\"text-align: center;\">Es geht auch anderst &#8211; manchmal trifft man mich auch zu Fu\u00df (ohne Bike unterm Hintern oder auf dem R\u00fccken).<\/p>\n<p>[\/vc_column_text][\/vc_column][\/vc_row][vc_row][vc_column][vc_text_separator title=&#8221;B E S C H R E I B U N G&#8221;][\/vc_column][\/vc_row][vc_row][vc_column][vc_column_text]<\/p>\n<h3><strong>Wandern zur Kenzenh\u00fctte<br \/>\n<\/strong><\/h3>\n<p>Diesmal ging es an einem wechselhaften Wettertag von Halblech im Allg\u00e4u hoch zur Kenzenh\u00fctte&nbsp; &#8211; aber zu Fu\u00df! Mit dabei waren meine Schwester Silvia, Vinnie und wer gar nicht fehlen darf, unser Hund Paul! Vorallem deswegen, weil der Gro\u00dfteil des Weges am Wasser entlang f\u00fchrt und drei Badeseen auf uns warteten. Ein Paradies f\u00fcr unseren Wasser-Kasper Paul. In angenehmer Steigung auf Asphalt und Forstwegen mit kurzem Wanderwegabschnitt gings ca. 550hm bergauf, allerdings auf einer Strecke von 13km (einfach). Ab Mittag hatten wir dann auch Sonnenschein und passend dazu erreichten wir ein herrliches Hochtal kurz vor der Kenzenh\u00fctte. Auf der Kenzenh\u00fctte angekommen gab\u00b4s zur St\u00e4rkung Kaiserschmaren und Brotzeit mit leckerem Weizen. Was man hier absolut anschauen sollte ist der ca. 300m entfernte Wasserfall hinter der Kenzenh\u00fctte. Der R\u00fcckweg ging auf fast identischem Weg ins Tal und das Wasser lud immer wieder f\u00fcr kurze Rast ein (zumal Paul hier immer schwimmen mu\u00dfte!!!).<\/p>\n<p>Der Tag w\u00e4re perfekt gewesen, wenn da nicht zum Schluss ein Zusammentreffen zwischen Paul und zwei Kampfhunden gewesen w\u00e4re.<\/p>\n<p>Bilanz: 26km, 550hm, brennende Schuhe und verletzter\/geschockter Paul \ud83d\ude09&nbsp;&nbsp; (er hat sich schon erholt&#8230;)<\/p>\n<p>&nbsp;<\/p>\n<p>[\/vc_column_text][\/vc_column][\/vc_row][vc_row][vc_column]<div class=\"ult_exp_section_layer ult-adjust-bottom-margin  \" >\n\t<div id=\"uvc-exp-wrap-1467\"   data-ultimate-target='#uvc-exp-wrap-1467'  data-responsive-json-new='{\"font-size\":\"desktop:20px;\",\"line-height\":\"desktop:20px;\"}'  class=\"ult_exp_section  ult-responsive \" style=\"color:#ffffff;background-color:#1e73be;font-family:Alfa Slab One;font-weight:bold;  text-align:center;\" data-textcolor=\"#ffffff\"data-texthover=\"#333333\"data-icncolor=\"#333333\"data-ihover=\"#333333\"data-height=\"0\"data-cntbg=\"#1e73be\"data-cnthvrbg=\"#e5e5e5\"data-headerbg=\"#1e73be\"data-headerhover=\"#e5e5e5\"data-title=\"BILDER\"data-newtitle=\"BILDER\"data-icon=\"\"data-newicon=\"\"data-activeicon=\"#333333\"data-effect=\"slideToggle\"data-override=\"0\"data-activetitle=\"#333333\"data-activebg=\"#dbdbdb\"data-img=\"\"data-newimg=\"\"><div  class=\"ult_exp_section-main \">\n\t\t\t\t\t<div class=\"ult_expheader\" >BILDER\n\t\t\t\t\t <\/div><\/div>\n\t\t\t\t<\/div><div class=\"ult_exp_content \" style=\"background-color:#000000;  \"><div class=\"ult_ecpsub_cont\" style=\" \" >[vc_column_text]<\/p>\n\n<p>[\/vc_column_text]<\/div><\/div>\n\n\t\t\t<\/div>[\/vc_column][\/vc_row]<\/p>\n<\/section>","protected":false},"excerpt":{"rendered":"<p>[vc_row][vc_column][vc_column_text] [pe2-image src=&#8221;http:\/\/lh3.googleusercontent.com\/-yjNTO9SeYY4\/VcnT4L3N9tI\/AAAAAAAAWD8\/dKEgYKsDwYo\/s144-c-o\/20150802-131912-00009-20150802-131912-00086-_DSC8139_Screen.jpg&#8221; href=&#8221;https:\/\/picasaweb.google.com\/112885246866780528333\/20150802KenzenhutteWandernAbHalblech?authkey=Gv1sRgCNavlImVjMDA0QE#6181704925753243346&#8243; caption=&#8221;&#8221; type=&#8221;image&#8221; alt=&#8221;20150802-131912-00009-20150802-131912-00086-_DSC8139_Screen.jpg&#8221; ] Wanderung zur Kenzenh\u00fctte im Allg\u00e4u 02. August 2015 &nbsp; Es geht auch anderst &#8211; manchmal trifft man mich auch zu Fu\u00df (ohne Bike unterm Hintern oder auf dem R\u00fccken). [\/vc_column_text][\/vc_column][\/vc_row][vc_row][vc_column][vc_text_separator title=&#8221;B E S C H R E I B U N G&#8221;][\/vc_column][\/vc_row][vc_row][vc_column][vc_column_text] \u2026 <a class=\"continue-reading-link\" href=\"https:\/\/blog.sickculture.de\/?page_id=746\"> Continue reading<\/a><\/p>\n","protected":false},"author":1,"featured_media":0,"parent":90,"menu_order":0,"comment_status":"closed","ping_status":"closed","template":"","meta":{"_s2mail":"yes","ngg_post_thumbnail":0,"footnotes":""},"categories":[11],"class_list":["post-746","page","type-page","status-publish","hentry","category-11"],"jetpack_shortlink":"https:\/\/wp.me\/P7EPUT-c2","jetpack_sharing_enabled":true,"_links":{"self":[{"href":"https:\/\/blog.sickculture.de\/index.php?rest_route=\/wp\/v2\/pages\/746","targetHints":{"allow":["GET"]}}],"collection":[{"href":"https:\/\/blog.sickculture.de\/index.php?rest_route=\/wp\/v2\/pages"}],"about":[{"href":"https:\/\/blog.sickculture.de\/index.php?rest_route=\/wp\/v2\/types\/page"}],"author":[{"embeddable":true,"href":"https:\/\/blog.sickculture.de\/index.php?rest_route=\/wp\/v2\/users\/1"}],"replies":[{"embeddable":true,"href":"https:\/\/blog.sickculture.de\/index.php?rest_route=%2Fwp%2Fv2%2Fcomments&post=746"}],"version-history":[{"count":4,"href":"https:\/\/blog.sickculture.de\/index.php?rest_route=\/wp\/v2\/pages\/746\/revisions"}],"predecessor-version":[{"id":1363,"href":"https:\/\/blog.sickculture.de\/index.php?rest_route=\/wp\/v2\/pages\/746\/revisions\/1363"}],"up":[{"embeddable":true,"href":"https:\/\/blog.sickculture.de\/index.php?rest_route=\/wp\/v2\/pages\/90"}],"wp:attachment":[{"href":"https:\/\/blog.sickculture.de\/index.php?rest_route=%2Fwp%2Fv2%2Fmedia&parent=746"}],"wp:term":[{"taxonomy":"category","embeddable":true,"href":"https:\/\/blog.sickculture.de\/index.php?rest_route=%2Fwp%2Fv2%2Fcategories&post=746"}],"curies":[{"name":"wp","href":"https:\/\/api.w.org\/{rel}","templated":true}]}}