{"id":767,"date":"2015-09-02T15:33:49","date_gmt":"2015-09-02T15:33:49","guid":{"rendered":"http:\/\/blog.sickculture.de\/?page_id=767"},"modified":"2019-02-13T12:51:22","modified_gmt":"2019-02-13T12:51:22","slug":"2015-08-wandern-puerschling-und-teufelsstaettkopf","status":"publish","type":"page","link":"https:\/\/blog.sickculture.de\/?page_id=767","title":{"rendered":"2015.08 Wandern P\u00fcrschling und Teufelsst\u00e4ttkopf"},"content":{"rendered":"<section class=\"wpb-content-wrapper\"><p>[vc_row][vc_column][vc_column_text]<\/p>\n<h1 style=\"text-align: center;\">[pe2-image src=&#8221;http:\/\/lh3.googleusercontent.com\/-IR5bxTVOQ-I\/VecVl14vDiI\/AAAAAAAAWxc\/jMVd5GhQyQc\/s144-c-o\/20150830-134731-00105-20150830-134731-00105-_DSC8706_Screen.jpg&#8221; href=&#8221;https:\/\/picasaweb.google.com\/112885246866780528333\/20150830PurschlingWanderung?authkey=Gv1sRgCLyH7eW5jfjw2wE#6189939952708423202&#8243; caption=&#8221;&#8221; type=&#8221;image&#8221; alt=&#8221;20150830-134731-00105-20150830-134731-00105-_DSC8706_Screen.jpg&#8221; ]<\/h1>\n<h1 style=\"text-align: center;\"><strong><span style=\"color: #99cc00;\">Wanderung auf den P\u00fcrschling und Teufelsst\u00e4ttkopf<\/span><br \/>\n<\/strong><\/h1>\n<h2 style=\"text-align: center;\">30. August 2015<\/h2>\n<p>&nbsp;<\/p>\n<p style=\"text-align: center;\">Anstrengende Wandertour in den Ammergauer Alpen hoch zum Adolf-Schuster-Haus des P\u00fcrschlings und weiter zum Teufelsst\u00e4ttkopf.<\/p>\n<p>[\/vc_column_text][\/vc_column][\/vc_row][vc_row][vc_column][vc_text_separator title=&#8221;B E S C H R E I B U N G&#8221;][\/vc_column][\/vc_row][vc_row][vc_column][vc_column_text]Anstrengend war Sie, die Wandertour hoch zum Adolf-Schuster-Haus, der H\u00fctte am P\u00fcrschling hoch \u00fcber Unterammergau. Zuerst ging es nach dem Fr\u00fchst\u00fcck vom Wanderparkplatz auf Forstwegen steil nach oben. Kurz darauf bogen wir links auf einen Wandersteig ab. Angenehm im Schatten zu laufen und \u00fcber unz\u00e4hlige Kehren und Wurzelstufen erreichten wir unser erstes Gipfelkreuz mit herrlicher Aussicht auf Unterammergau. Dann haben wir uns ein wenig verlaufen und mu\u00dften quer durch den Wald auf die Originalroute abk\u00fcrzen. Der weitere Weg war wieder anstrengend \u00fcber Wurzeln hoch zum Adolf-Schuster-Haus. Nach kurzer Einkehr wollten wir noch hoch zum Teufelsst\u00e4ttkopf. Die letzten Meter waren Drahtseilgesichert und von dort oben sieht man die Ammergauer Alpen, das Estergebirge, die Zugspitze und das flache Voralpenland. Leider sind wir den H\u00f6henweg zur\u00fcck nicht weitergegangen und nahmen den R\u00fcckweg \u00fcber denselben Weg zur\u00fcck zur H\u00fctte. Der Abstieg lief \u00fcber die Schotterstra\u00dfe steil bergab.<\/p>\n<p>[\/vc_column_text][\/vc_column][\/vc_row][vc_row][vc_column]<div class=\"ult_exp_section_layer ult-adjust-bottom-margin  \" >\n\t<div id=\"uvc-exp-wrap-8052\"   data-ultimate-target='#uvc-exp-wrap-8052'  data-responsive-json-new='{\"font-size\":\"desktop:20px;\",\"line-height\":\"desktop:20px;\"}'  class=\"ult_exp_section  ult-responsive \" style=\"color:#ffffff;background-color:#1e73be;font-family:Alfa Slab One;font-weight:bold;  text-align:center;\" data-textcolor=\"#ffffff\"data-texthover=\"#333333\"data-icncolor=\"#333333\"data-ihover=\"#333333\"data-height=\"0\"data-cntbg=\"#1e73be\"data-cnthvrbg=\"#e5e5e5\"data-headerbg=\"#1e73be\"data-headerhover=\"#e5e5e5\"data-title=\"BILDER\"data-newtitle=\"BILDER\"data-icon=\"\"data-newicon=\"\"data-activeicon=\"#333333\"data-effect=\"slideToggle\"data-override=\"0\"data-activetitle=\"#333333\"data-activebg=\"#dbdbdb\"data-img=\"\"data-newimg=\"\"><div  class=\"ult_exp_section-main \">\n\t\t\t\t\t<div class=\"ult_expheader\" >BILDER\n\t\t\t\t\t <\/div><\/div>\n\t\t\t\t<\/div><div class=\"ult_exp_content \" style=\"background-color:#000000;  \"><div class=\"ult_ecpsub_cont\" style=\" \" >[vc_column_text]<\/p>\n\n<p>[\/vc_column_text]<\/div><\/div>\n\n\t\t\t<\/div>[\/vc_column][\/vc_row]<\/p>\n<\/section>","protected":false},"excerpt":{"rendered":"<p>[vc_row][vc_column][vc_column_text] [pe2-image src=&#8221;http:\/\/lh3.googleusercontent.com\/-IR5bxTVOQ-I\/VecVl14vDiI\/AAAAAAAAWxc\/jMVd5GhQyQc\/s144-c-o\/20150830-134731-00105-20150830-134731-00105-_DSC8706_Screen.jpg&#8221; href=&#8221;https:\/\/picasaweb.google.com\/112885246866780528333\/20150830PurschlingWanderung?authkey=Gv1sRgCLyH7eW5jfjw2wE#6189939952708423202&#8243; caption=&#8221;&#8221; type=&#8221;image&#8221; alt=&#8221;20150830-134731-00105-20150830-134731-00105-_DSC8706_Screen.jpg&#8221; ] Wanderung auf den P\u00fcrschling und Teufelsst\u00e4ttkopf 30. August 2015 &nbsp; Anstrengende Wandertour in den Ammergauer Alpen hoch zum Adolf-Schuster-Haus des P\u00fcrschlings und weiter zum Teufelsst\u00e4ttkopf. [\/vc_column_text][\/vc_column][\/vc_row][vc_row][vc_column][vc_text_separator title=&#8221;B E S C H R E I B U N G&#8221;][\/vc_column][\/vc_row][vc_row][vc_column][vc_column_text]Anstrengend war Sie, die Wandertour \u2026 <a class=\"continue-reading-link\" href=\"https:\/\/blog.sickculture.de\/?page_id=767\"> Continue reading<\/a><\/p>\n","protected":false},"author":1,"featured_media":0,"parent":90,"menu_order":0,"comment_status":"closed","ping_status":"closed","template":"","meta":{"_s2mail":"yes","ngg_post_thumbnail":0,"footnotes":""},"categories":[11],"class_list":["post-767","page","type-page","status-publish","hentry","category-11"],"jetpack_shortlink":"https:\/\/wp.me\/P7EPUT-cn","jetpack_sharing_enabled":true,"_links":{"self":[{"href":"https:\/\/blog.sickculture.de\/index.php?rest_route=\/wp\/v2\/pages\/767","targetHints":{"allow":["GET"]}}],"collection":[{"href":"https:\/\/blog.sickculture.de\/index.php?rest_route=\/wp\/v2\/pages"}],"about":[{"href":"https:\/\/blog.sickculture.de\/index.php?rest_route=\/wp\/v2\/types\/page"}],"author":[{"embeddable":true,"href":"https:\/\/blog.sickculture.de\/index.php?rest_route=\/wp\/v2\/users\/1"}],"replies":[{"embeddable":true,"href":"https:\/\/blog.sickculture.de\/index.php?rest_route=%2Fwp%2Fv2%2Fcomments&post=767"}],"version-history":[{"count":4,"href":"https:\/\/blog.sickculture.de\/index.php?rest_route=\/wp\/v2\/pages\/767\/revisions"}],"predecessor-version":[{"id":1361,"href":"https:\/\/blog.sickculture.de\/index.php?rest_route=\/wp\/v2\/pages\/767\/revisions\/1361"}],"up":[{"embeddable":true,"href":"https:\/\/blog.sickculture.de\/index.php?rest_route=\/wp\/v2\/pages\/90"}],"wp:attachment":[{"href":"https:\/\/blog.sickculture.de\/index.php?rest_route=%2Fwp%2Fv2%2Fmedia&parent=767"}],"wp:term":[{"taxonomy":"category","embeddable":true,"href":"https:\/\/blog.sickculture.de\/index.php?rest_route=%2Fwp%2Fv2%2Fcategories&post=767"}],"curies":[{"name":"wp","href":"https:\/\/api.w.org\/{rel}","templated":true}]}}