{"id":907,"date":"2016-08-15T09:40:31","date_gmt":"2016-08-15T09:40:31","guid":{"rendered":"http:\/\/blog.sickculture.de\/?page_id=907"},"modified":"2021-07-05T08:17:15","modified_gmt":"2021-07-05T08:17:15","slug":"2016-08-val-di-fiemme-predazzo","status":"publish","type":"page","link":"https:\/\/blog.sickculture.de\/?page_id=907","title":{"rendered":"2016.08 Val di Fiemme &#8211; Predazzo"},"content":{"rendered":"<section class=\"wpb-content-wrapper\"><p>[vc_row][vc_column][vc_column_text][pe2-image src=&#8221;https:\/\/lh3.googleusercontent.com\/-65c6fQq0Y6o\/V7Fra7jx6kI\/AAAAAAAAa34\/LLLOPQQQppUvKdCe5OU2m-6B74CuwvS8ACHM\/s144-c-o\/20160807-124400-00234-_DSC2923_Screen.jpg&#8221; href=&#8221;https:\/\/picasaweb.google.com\/112885246866780528333\/6318941903394653937#6318949862586051138&#8243; caption=&#8221;&#8221; type=&#8221;image&#8221; alt=&#8221;20160807-124400-00234-_DSC2923_Screen.jpg&#8221; ]<\/p>\n<h1 class=\"clear\" style=\"text-align: center;\">&nbsp;<span style=\"color: #0000ff;\"><strong>Val di Fiemme<br \/>\n<\/strong><\/span><\/h1>\n<h2 style=\"text-align: center;\">Panchi\u00e1 &#8211; Predazzo<\/h2>\n<h2 style=\"text-align: center;\">6.-7. August 2016<\/h2>\n<p><img loading=\"lazy\" decoding=\"async\" class=\"aligncenter size-medium wp-image-908\" src=\"http:\/\/blog.sickculture.de\/wp-content\/uploads\/2016\/08\/ValdiFiemme-300x122.png\" alt=\"ValdiFiemme\" width=\"300\" height=\"122\" srcset=\"https:\/\/blog.sickculture.de\/wp-content\/uploads\/2016\/08\/ValdiFiemme-300x122.png 300w, https:\/\/blog.sickculture.de\/wp-content\/uploads\/2016\/08\/ValdiFiemme-768x313.png 768w, https:\/\/blog.sickculture.de\/wp-content\/uploads\/2016\/08\/ValdiFiemme-1024x417.png 1024w, https:\/\/blog.sickculture.de\/wp-content\/uploads\/2016\/08\/ValdiFiemme-250x102.png 250w, https:\/\/blog.sickculture.de\/wp-content\/uploads\/2016\/08\/ValdiFiemme-150x61.png 150w\" sizes=\"auto, (max-width: 300px) 100vw, 300px\" \/><\/p>\n<p>Schon vor einem Jahr war ich in der Region und es ist immer wieder Sch\u00f6n, die bleichen Berge um das Latemar und den Rosengarten zu erleben. Vor meinem eigentlichen Urlaubsziel in S\u00fcdtirol entschied ich mich f\u00fcr einen Roundtrip durch S\u00fcdtirol und das n\u00f6rdliche Trentino. Dabei fiel die Wahl auf Panchi\u00e1 bei Predazzo am Fu\u00dfe des Latemar\u00b4s. Das Hotel \u201cAlbergo Panorama\u201d ist f\u00fcr uns Biker eine hei\u00dfe Adresse. Wer will, kann hier mit Guide Mauro starten oder sich am reichhaltigen Tourenwissen schlau machen und selbst die Region erkunden.[\/vc_column_text][\/vc_column][\/vc_row][vc_row][vc_column][vc_text_separator title=&#8221;B E S C H R E I B U N G&#8221;][\/vc_column][\/vc_row][vc_row][vc_column][vc_column_text]<\/p>\n<h3><strong>6.8.2016 Predazzo Trailride<br \/>\n<\/strong><\/h3>\n<p>Kaum angekommen bezog ich mein Zimmer und r\u00fcstete mich f\u00fcr meinen Trailride. Im Val di Fiemme erh\u00e4lt man f\u00fcr 2 Euro Kurtaxe automatisch die FiemmeMotion Card, welche der Schl\u00fcssel f\u00fcr alle Bergbahnen und Busse im Val di Fiemme ist. D.h. sogar kostenloser Biketransport ist angesagt. Zuhause hatte ich meine Hausaufgaben gemacht und schon meinen Trailride mit Seilbahnunterst\u00fctzung geplannt.<\/p>\n<p>Die erste Tour war dann \u201c<strong>Croce Cornacci\u201c. <\/strong>Einsamkeit, abenteuerliche Trails und ein Bombenpanorama sind die Zutaten f\u00fcr eine Supertour im Val di Fiemme. Auf dieser Tour lassen sich einige der wildesten und abenteuerlichsten Trails des Val di Fiemme genie\u00dfen \u2013 und einige der sch\u00f6nsten Panoramen dazu! Von Panchi\u00e0 aus folgt die Runde zuerst dem geteerten Talradweg bis zur Seilbahn Gardon\u00e8, ein kurzes St\u00fcck n\u00f6rdlich von Predazzo. Auch die Abfahrt nach Pampeago und die Auffahrt mit dem Sessellift Monte Agnello ist relativ ereignislos (au\u00dfer es rauchen wie bei mir die Bremsbel\u00e4ge von der steilen Abfahrt auf der Skipiste). Dann allerdings geht es zur Sache. Ein kurzer Flowtrail f\u00fchrt zur Scharte \u201eLa Porta\u201c. Dort beginnt ein fordernder Trail-Uphill \u00fcber einen breiten Almr\u00fccken. Ab der n\u00e4chsten Scharte fordert ein technischer Trail in stetem Auf und Ab die Fahrk\u00fcnste mit anspruchsvollen Wurzelpassagen. Auch der letzte Anstieg zum Gipfelkreuz des Cornacci kostet einiges an Einsatz. Ab dem Gipfelkreuz beginnt der Spa\u00df. Eine nicht enden wollende Trailabfahrt f\u00fchrt \u00fcber 1200 Tiefenmeter nach unten. Flowtrails, Schotter, Stufen, Verblocktes und enge Kehren wechseln sich ab. Am Talausgang folgt schlie\u00dflich ein fahrtechnisch relativ leichter, aber umso ausgesetzterer Trail. Hier ist einiges an Vorsicht geboten! Unter dem Strich: eine absolute Supertour, die alle Zutaten f\u00fcr einen Abenteuer-Klassiker mitbringt.<\/p>\n<p>Danach gings nochmals hoch zum Passo Feudo mit der Gardon\u00e9 Seilbahn. Es stand der <strong>Pampeago Enduro Trail <\/strong>an. An der Alpe di Pampeago im Norden des Val di Fiemme wartet unverhofft einer der besten Trails der Dolomiten. Ein nicht enden wollendes Singletrail-Band mit Wald, Wurzeln, Fels, Kehren &#8211; und einigen ganz sch\u00f6n ausgesetzten Stellen!<\/p>\n<p>Ein nicht enden wollender Trail f\u00fchrt von Pampeago hinunter nach Panchi\u00e0. Die Schwierigkeiten belaufen sich meist recht konstant auf leichtem Niveau. Allerdings sind immer wieder Schl\u00fcsselpassagen dabei und viele Abschnitte verlaufen zudem ausgesetzt. Es dauert etwas, bis diese Tour die Katze aus dem Sack l\u00e4sst. Es gibt ereignisreichere Strecken als den Talradweg durch das Val di Fiemme, die Seilbahnauffahrt zum Passo Feudo oder die dann folgende Schotterabfahrt bis Pampeago. Dort aber wartet ein nicht enden wollender Trail vom Allerfeinsten \u00fcber die Kombination aus Weg 62 und Weg 63.<\/p>\n<div class=\"passster-form\" id=\"ps-145\">\n    <form class=\"password-form\" method=\"post\" autocomplete=\"off\" target=\"_top\">\n        <span class=\"ps-form-headline\">Gesch\u00fctzter Bereich<\/span>\n        <div class=\"ps-form-instructions-wrap\">Dieser Inhalt ist passwortgesch\u00fctzt. Bitte gib dein Passwort ein um den Inhalt freizuschalten.<\/div>\n        <fieldset>\n            <span class=\"ps-loader\" style=\"display:none;\"><img decoding=\"async\" src=\"https:\/\/blog.sickculture.de\/wp-content\/plugins\/content-protector\/assets\/public\/ps-loader.svg\" alt=\"\" \/><\/span>\n            <label for=\"input-ps-145\" style=\"display:none;\" class=\"passster-hidden\">Trage dein Passwort ein<\/label>\n            <input placeholder=\"Gib dein Passwort ein..\" type=\"password\" tabindex=\"1\" name=\"passster_password\"\n                   id=\"input-ps-145\" class=\"passster-password\" autocomplete=\"off\"\n                   data-protection-type=\"password\" data-list=\"[PASSSTER_LIST]\" data-lists=\"[PASSSTER_LISTS]\" data-area=\"[PASSSTER_AREA]\"\n                   data-protection=\"[PASSSTER_PROTECTION]\">\n            \n            <button name=\"submit\" type=\"submit\" class=\"passster-submit\" data-psid=\"ps-145\" data-post-id=\"907\" data-term-id=\"0\" \n                    data-submit=\"...Checking Password\" data-redirect=\"\">Freischalten\n            <\/button>\n            <div class=\"passster-error\"><\/div>\n        <\/fieldset>\n    <\/form>\n<\/div>\n\n<hr>\n<p>&nbsp;<\/p>\n<h3><strong>7.8.2016 Vajolet-T\u00fcrme zur Grasleitenh\u00fctte<br \/>\n<\/strong><\/h3>\n<p>Schon vor einem Jahr stand ich am Fu\u00dfe der Vajolett\u00fcrme und dachte mir, wie der weitere Verlauf hoch zur Grasleitenh\u00fctte wohl sei. Also mu\u00dfte \u201eHerr Google\u201c gefragt werden und siehe da, es fand sich was.<\/p>\n<p>Eine lange und technisch anspruchsvolle Mountainbike-Tour in der Rosengarten-Gruppe: \u00dcber die Gardeccia H\u00fctte zur Grasleitenpassh\u00fctte und weiter auf den Antermoiapass. \u00dcber das Antermoiatal und den Donapass f\u00e4hrt man ins Val Udai und retour zum Ausgangspunkt. Die Tour startet im Fassatal auf einem der vielen Parkpl\u00e4tze. Nicht zu \u00fcbersehen ist die Abzweigung von der Bundesstra\u00dfe auf die Gardeccia H\u00fctte (1.950 m), Staatsstra\u00dfe Nr. 48. Die Stra\u00dfe auf die H\u00fctte ist asphaltiert und ab einem guten Teil gilt f\u00fcr Autos ein Fahrverbot \u2013 so kann man sich auf den ersten H\u00f6henmeter gem\u00fctlich einradeln. So dachte ich auch, aber in nur einer guten Stunde Uphill fuhren 25 Shuttlebuse an mir vorbei. Soviel zu Erholung und Naturschutz! Ab der Gardeccia-H\u00fctte geht es durchs Vajolet-Tal hinauf zur Vajolet und Preussh\u00fctte. Diesen Abschnitt muss man sich<\/p>\n<p>allerdings mit einer Unzahl an Wanderern teilen. Will man im Sattel bleiben, muss man schon ordentlich Kraft haben, da der Weg steil (durchschnittlich 20% Steigung) und verblockt ist. Nach diesen H\u00fctten kommt man in<\/p>\n<p>den Kesselkogel und genie\u00dft den Anblick der Vajolet-T\u00fcrme. Auf dem schmalen und schwierig befahrbaren Weg Nr. 584 geht es nun weiter auf die Grasleitenpassh\u00fctte. Sp\u00e4testens ab der Grasleitenpassh\u00fctte ist man relativ alleine \u2013 hier ist Trittsicherheit n\u00f6tig, um sein Bike die letzten 200 Hm \u00fcber einen wirklich alpinen,<\/p>\n<p>schmalen Pfad in Absturzgel\u00e4nde rauf auf den Antermoiapass zu tragen. Doch der Ausblick am Pass entsch\u00e4digt f\u00fcr die M\u00fchen. Der n\u00e4chste Abschnitt durchs Antermoiatal besticht mit weiten Schotterfelderen und dadurch einer wundersch\u00f6n geformten Landschaft, bis man den Antermoiasee erreicht. Nun geht es weiter zur Antermoia-H\u00fctte und auf dem Weg Nr. 580 \u00fcber den Donapass f\u00e4hrt man ins Val Udai \u2013 umgeben von weiten,<\/p>\n<p>hohen Grash\u00e4ngen. Eine kurze Einkehr zur St\u00e4rkung der Kr\u00e4fte in der Dona H\u00fctte kam ganz gelegen. Nach der H\u00fctte wird der Weg zwar breiter, hat aber immer wieder einige sehr steile Stellen mit zementiertem Untergrund. Zum Schlu\u00df fordert dann noch ein Speed-Trail im Wald mit einigen Schl\u00fcsselstellen das Bikegeschick und spuckt einen regelrecht im Fassa Tal aus. Ein wirkliches Highlight meines kurzen Val di Fiemme Trips!<\/p>\n<div class=\"passster-form\" id=\"ps-870\">\n    <form class=\"password-form\" method=\"post\" autocomplete=\"off\" target=\"_top\">\n        <span class=\"ps-form-headline\">Gesch\u00fctzter Bereich<\/span>\n        <div class=\"ps-form-instructions-wrap\">Dieser Inhalt ist passwortgesch\u00fctzt. Bitte gib dein Passwort ein um den Inhalt freizuschalten.<\/div>\n        <fieldset>\n            <span class=\"ps-loader\" style=\"display:none;\"><img decoding=\"async\" src=\"https:\/\/blog.sickculture.de\/wp-content\/plugins\/content-protector\/assets\/public\/ps-loader.svg\" alt=\"\" \/><\/span>\n            <label for=\"input-ps-870\" style=\"display:none;\" class=\"passster-hidden\">Trage dein Passwort ein<\/label>\n            <input placeholder=\"Gib dein Passwort ein..\" type=\"password\" tabindex=\"1\" name=\"passster_password\"\n                   id=\"input-ps-870\" class=\"passster-password\" autocomplete=\"off\"\n                   data-protection-type=\"password\" data-list=\"[PASSSTER_LIST]\" data-lists=\"[PASSSTER_LISTS]\" data-area=\"[PASSSTER_AREA]\"\n                   data-protection=\"[PASSSTER_PROTECTION]\">\n            \n            <button name=\"submit\" type=\"submit\" class=\"passster-submit\" data-psid=\"ps-870\" data-post-id=\"907\" data-term-id=\"0\" \n                    data-submit=\"...Checking Password\" data-redirect=\"\">Freischalten\n            <\/button>\n            <div class=\"passster-error\"><\/div>\n        <\/fieldset>\n    <\/form>\n<\/div>\n[\/vc_column_text][\/vc_column][\/vc_row][vc_row][vc_column][vc_text_separator title=&#8221;F A Z I T&#8221;][\/vc_column][\/vc_row][vc_row][vc_column][vc_column_text]<em>Als lohnende Einstiegs-Trail-Tage w\u00fcrde ich diesen Urlaub bezeichnen, ehe es darauf ins Pustertal ging. Das Wetter spielte mit, eine sch\u00f6ne Unterkunft, herrliche Landschaft und nat\u00fcrlich die Trails waren das beste Rezept f\u00fcr ein Dolomitenmen\u00fc!<br \/>\n<\/em>[\/vc_column_text][\/vc_column][\/vc_row][vc_row][vc_column]<div class=\"ult_exp_section_layer ult-adjust-bottom-margin  \" >\n\t<div id=\"uvc-exp-wrap-7313\"   data-ultimate-target='#uvc-exp-wrap-7313'  data-responsive-json-new='{\"font-size\":\"desktop:20px;\",\"line-height\":\"desktop:20px;\"}'  class=\"ult_exp_section  ult-responsive \" style=\"color:#ffffff;background-color:#1e73be;font-family:Alfa Slab One;font-weight:bold;  text-align:center;\" data-textcolor=\"#ffffff\"data-texthover=\"#333333\"data-icncolor=\"#333333\"data-ihover=\"#333333\"data-height=\"0\"data-cntbg=\"#1e73be\"data-cnthvrbg=\"#e5e5e5\"data-headerbg=\"#1e73be\"data-headerhover=\"#e5e5e5\"data-title=\"BILDER\"data-newtitle=\"BILDER\"data-icon=\"\"data-newicon=\"\"data-activeicon=\"#333333\"data-effect=\"slideToggle\"data-override=\"0\"data-activetitle=\"#333333\"data-activebg=\"#dbdbdb\"data-img=\"\"data-newimg=\"\"><div  class=\"ult_exp_section-main \">\n\t\t\t\t\t<div class=\"ult_expheader\" >BILDER\n\t\t\t\t\t <\/div><\/div>\n\t\t\t\t<\/div><div class=\"ult_exp_content \" style=\"background-color:#dbdbdb;  \"><div class=\"ult_ecpsub_cont\" style=\" \" >[vc_tta_tabs][vc_tta_section title=&#8221;Predazzo&#8221; tab_id=&#8221;1625473007055-87684108-2d0b&#8221;][vc_column_text]<\/p>\n\n\t\t<style type=\"text\/css\">\n\t\t\t#gallery-1 {\n\t\t\t\tmargin: auto;\n\t\t\t}\n\t\t\t#gallery-1 .gallery-item {\n\t\t\t\tfloat: left;\n\t\t\t\tmargin-top: 10px;\n\t\t\t\ttext-align: center;\n\t\t\t\twidth: 100%;\n\t\t\t}\n\t\t\t#gallery-1 img {\n\t\t\t\tborder: 2px solid #cfcfcf;\n\t\t\t}\n\t\t\t#gallery-1 .gallery-caption {\n\t\t\t\tmargin-left: 0;\n\t\t\t}\n\t\t\t\/* see gallery_shortcode() in wp-includes\/media.php *\/\n\t\t<\/style>\n\t\t<div id='gallery-1' class='gallery galleryid-907 gallery-columns-0 gallery-size-thumbnail'><dl class='gallery-item'>\n\t\t\t<dt class='gallery-icon landscape'>\n\t\t\t\t<a href='https:\/\/blog.sickculture.de\/?attachment_id=908'><img loading=\"lazy\" decoding=\"async\" width=\"150\" height=\"150\" src=\"https:\/\/blog.sickculture.de\/wp-content\/uploads\/2016\/08\/ValdiFiemme-150x150.png\" class=\"attachment-thumbnail size-thumbnail\" alt=\"\" \/><\/a>\n\t\t\t<\/dt><\/dl>\n\t\t<\/div>\n\n<p>[\/vc_column_text][\/vc_tta_section][vc_tta_section title=&#8221;Vajolet&#8221; tab_id=&#8221;1625473007081-c7e9126b-132e&#8221;][vc_column_text]<\/p>\n\n\t\t<style type=\"text\/css\">\n\t\t\t#gallery-2 {\n\t\t\t\tmargin: auto;\n\t\t\t}\n\t\t\t#gallery-2 .gallery-item {\n\t\t\t\tfloat: left;\n\t\t\t\tmargin-top: 10px;\n\t\t\t\ttext-align: center;\n\t\t\t\twidth: 100%;\n\t\t\t}\n\t\t\t#gallery-2 img {\n\t\t\t\tborder: 2px solid #cfcfcf;\n\t\t\t}\n\t\t\t#gallery-2 .gallery-caption {\n\t\t\t\tmargin-left: 0;\n\t\t\t}\n\t\t\t\/* see gallery_shortcode() in wp-includes\/media.php *\/\n\t\t<\/style>\n\t\t<div id='gallery-2' class='gallery galleryid-907 gallery-columns-0 gallery-size-thumbnail'><dl class='gallery-item'>\n\t\t\t<dt class='gallery-icon landscape'>\n\t\t\t\t<a href='https:\/\/blog.sickculture.de\/?attachment_id=908'><img loading=\"lazy\" decoding=\"async\" width=\"150\" height=\"150\" src=\"https:\/\/blog.sickculture.de\/wp-content\/uploads\/2016\/08\/ValdiFiemme-150x150.png\" class=\"attachment-thumbnail size-thumbnail\" alt=\"\" \/><\/a>\n\t\t\t<\/dt><\/dl>\n\t\t<\/div>\n\n<p>[\/vc_column_text][\/vc_tta_section][\/vc_tta_tabs]<\/div><\/div>\n\n\t\t\t<\/div>[\/vc_column][\/vc_row]<\/p>\n<\/section>","protected":false},"excerpt":{"rendered":"<p>[vc_row][vc_column][vc_column_text][pe2-image src=&#8221;https:\/\/lh3.googleusercontent.com\/-65c6fQq0Y6o\/V7Fra7jx6kI\/AAAAAAAAa34\/LLLOPQQQppUvKdCe5OU2m-6B74CuwvS8ACHM\/s144-c-o\/20160807-124400-00234-_DSC2923_Screen.jpg&#8221; href=&#8221;https:\/\/picasaweb.google.com\/112885246866780528333\/6318941903394653937#6318949862586051138&#8243; caption=&#8221;&#8221; type=&#8221;image&#8221; alt=&#8221;20160807-124400-00234-_DSC2923_Screen.jpg&#8221; ] &nbsp;Val di Fiemme Panchi\u00e1 &#8211; Predazzo 6.-7. August 2016 Schon vor einem Jahr war ich in der Region und es ist immer wieder Sch\u00f6n, die bleichen Berge um das Latemar und den Rosengarten zu erleben. Vor meinem eigentlichen Urlaubsziel in S\u00fcdtirol entschied ich \u2026 <a class=\"continue-reading-link\" href=\"https:\/\/blog.sickculture.de\/?page_id=907\"> Continue reading<\/a><\/p>\n","protected":false},"author":1,"featured_media":0,"parent":90,"menu_order":0,"comment_status":"closed","ping_status":"closed","template":"","meta":{"_s2mail":"yes","ngg_post_thumbnail":0,"footnotes":""},"categories":[13,4],"class_list":["post-907","page","type-page","status-publish","hentry","category-13","category-mountainbike"],"jetpack_shortlink":"https:\/\/wp.me\/P7EPUT-eD","jetpack_sharing_enabled":true,"_links":{"self":[{"href":"https:\/\/blog.sickculture.de\/index.php?rest_route=\/wp\/v2\/pages\/907","targetHints":{"allow":["GET"]}}],"collection":[{"href":"https:\/\/blog.sickculture.de\/index.php?rest_route=\/wp\/v2\/pages"}],"about":[{"href":"https:\/\/blog.sickculture.de\/index.php?rest_route=\/wp\/v2\/types\/page"}],"author":[{"embeddable":true,"href":"https:\/\/blog.sickculture.de\/index.php?rest_route=\/wp\/v2\/users\/1"}],"replies":[{"embeddable":true,"href":"https:\/\/blog.sickculture.de\/index.php?rest_route=%2Fwp%2Fv2%2Fcomments&post=907"}],"version-history":[{"count":4,"href":"https:\/\/blog.sickculture.de\/index.php?rest_route=\/wp\/v2\/pages\/907\/revisions"}],"predecessor-version":[{"id":1609,"href":"https:\/\/blog.sickculture.de\/index.php?rest_route=\/wp\/v2\/pages\/907\/revisions\/1609"}],"up":[{"embeddable":true,"href":"https:\/\/blog.sickculture.de\/index.php?rest_route=\/wp\/v2\/pages\/90"}],"wp:attachment":[{"href":"https:\/\/blog.sickculture.de\/index.php?rest_route=%2Fwp%2Fv2%2Fmedia&parent=907"}],"wp:term":[{"taxonomy":"category","embeddable":true,"href":"https:\/\/blog.sickculture.de\/index.php?rest_route=%2Fwp%2Fv2%2Fcategories&post=907"}],"curies":[{"name":"wp","href":"https:\/\/api.w.org\/{rel}","templated":true}]}}