{"id":986,"date":"2017-05-02T09:11:47","date_gmt":"2017-05-02T09:11:47","guid":{"rendered":"http:\/\/blog.sickculture.de\/?page_id=986"},"modified":"2021-07-05T08:08:58","modified_gmt":"2021-07-05T08:08:58","slug":"2017-04-gardasee-san-giorgio","status":"publish","type":"page","link":"https:\/\/blog.sickculture.de\/?page_id=986","title":{"rendered":"2017.04 Gardasee San Giorgio"},"content":{"rendered":"<section class=\"wpb-content-wrapper\"><p>[vc_row][vc_column][vc_column_text][pe2-image src=&#8221;https:\/\/lh3.googleusercontent.com\/-poNHc0ou-ts\/WQgToJaEOrI\/AAAAAAAAewg\/nWy_QsWETy8bqzxRVJS_QVxDkwbEI1JUQCCo\/s144-c-o\/20170428-132318-00212-_DSC3375_Screen.jpg&#8221; href=&#8221;https:\/\/picasaweb.google.com\/112885246866780528333\/6415398210980321521#6415399249630214834&#8243; caption=&#8221;&#8221; type=&#8221;image&#8221; alt=&#8221;20170428-132318-00212-_DSC3375_Screen.jpg&#8221; ]<\/p>\n<p class=\"clear\">\n<h4 class=\"clear\" style=\"text-align: center;\"><span style=\"color: #808080;\"><strong>&#8220;Side-Trails&#8221; am<\/strong><\/span><span style=\"color: #0000ff;\"><strong><br \/>\n<\/strong><\/span><\/h4>\n<h1 style=\"text-align: center;\"><strong><span style=\"color: #0000ff;\"><span style=\"color: #99cc00;\">LAGO DI GARDA<\/span><br \/>\n<\/span><\/strong><\/h1>\n<h2 style=\"text-align: center;\"><span style=\"color: #808080;\">26.-30. April 2017<\/span><\/h2>\n<p><img loading=\"lazy\" decoding=\"async\" class=\"aligncenter size-medium wp-image-991\" src=\"http:\/\/blog.sickculture.de\/wp-content\/uploads\/2017\/05\/logo-garda-300x130.jpg\" alt=\"\" width=\"300\" height=\"130\" srcset=\"https:\/\/blog.sickculture.de\/wp-content\/uploads\/2017\/05\/logo-garda-300x130.jpg 300w, https:\/\/blog.sickculture.de\/wp-content\/uploads\/2017\/05\/logo-garda-250x108.jpg 250w, https:\/\/blog.sickculture.de\/wp-content\/uploads\/2017\/05\/logo-garda-150x65.jpg 150w, https:\/\/blog.sickculture.de\/wp-content\/uploads\/2017\/05\/logo-garda.jpg 590w\" sizes=\"auto, (max-width: 300px) 100vw, 300px\" \/><\/p>\n<hr>\n<p>Die Saison 2017 startet schon fast traditionell mit der Fahrt an den Gardasee. Wieder die Eltern und Paul im Gep\u00e4ck gen S\u00fcden. Nur der Wetterbericht k\u00fcndigte schon bei der Abreise eine Tief an. Zuhause hat es am Morgen noch geschneit. Ein leicht mulmiges Gef\u00fchl war vorhanden, da wie die meisten auch ich schon die Sommerreifen aufgezogen hatte. Eine Woche zuvor noch T-Shirt Wetter, dann eine Wintereinbruch Ende April. Das kann ja lustig werden. Die Fahrt nach San Giorgio bei Arco am Fu\u00dfe des Mt. Brione war zum Gl\u00fcck ohne Probleme oder Staus. Im Tourenportfolio waren diesmal nicht die typischen Trails am Lago. Allein schon wegen dem Bike Festival und der gef\u00fcrchteten Menschenmenge auf den Trails fiel die Wahl auf &#8220;Sidetrails&#8221;.[\/vc_column_text][\/vc_column][\/vc_row][vc_row][vc_column][vc_text_separator title=&#8221;B E S C H R E I B U N G&#8221;][\/vc_column][\/vc_row][vc_row][vc_column][vc_column_text]<\/p>\n<h3><strong>26.4.17 Ankunft<br \/>\n<\/strong><\/h3>\n<div class=\"clear\">Dazu gibts nicht viel zu schreiben. Am Anreisetag k\u00fcbelte es den ganzen Tag. Kein sch\u00f6nes Bikewetter! Eigentlich war eine Tour am Monte Baldo geplant. Doch heute hie\u00df es Bikeschonen und die Standardbesorgungen um Riva zu t\u00e4tigen. Dank Regenklamotten nicht schlimm, aber auch nicht sch\u00f6n.<\/div>\n<hr>\n<h3><strong>27.4.17 Monte Baldo &#8211; Ventrar Trail (Il Signor)<br \/>\n<\/strong><\/h3>\n<p>Das Wetter war heute ein wenig stabiler (zumindest vormittags) und eine erste Ausfahrt mit feinem Trail stand an. Es ging von Brentanico \u00fcber die Stra\u00dfe hoch zum Monte Baldo. Die Strecke ist eine Flei\u00dfaufgabe! Entweder man bucht sich einen Shuttle oder nutzt die Seilbahn, welche leider wegen &#8220;Schnee&#8221; noch geschlossen hatte und keine Biker transportierte. Eigentlich wollte ich zwei Trails mitnehmen, aber das ohne Bahnenunterst\u00fctzung nicht m\u00f6glich gewesen. Also entschied ich mich gegen die Directissima nach Navene und w\u00e4hlte eine nicht ganz offizielle Variante nach Navene. Im Bike Magazin war mal ein Bild abgelichtet und nach kurzer Recherche habe ich den Trail gefunden, der als Sentiero Ventrar oder Il Signor Trail im Netz steht. Also zuerst mal hoch auf Asphalt \u00fcber San Valentino, vorbei am Rif. Graziani (Abzw. Altissimo) und Bocca di Navene (hier startet der Navene Trail) zum Einstieg des Ventrar Wanderwegs, welcher sich am Parkplatz der Gleitschirmflieger unterhalb der Seilbahn befindet.<\/p>\n<p>Der Sentiero Ventrar &#8220;3&#8221; ist ein ausgesetzter Wanderweg mit einigen Schl\u00fcsselstellen und drahtseilgesicherte Passagen im Auf und Ab. Er ist nur bedingt zum Biken geeignet. Zumal der Nebel und der Regentag zuvor das ganze nicht einfacher gestaltete. Erst ab dem Punta di Vo wurde der Weg interessanter. Zuerst noch flowig am Wiesenhang entlang, dann rein in die bewaldete Passage \u00fcber den Sent. 10 ins Tal. \u00dcber Wurzeln und verblockten Stellen, mal steil, dann wieder flowig. Im N\u00e4chsten Moment wieder eine Spitzkehre, dann wie alter Alpiniweg &#8211; so ging es gute 1400 Tiefenmeter Richtung Malcesine. Die letzten Meter waren auf groben Pflasterweg zu bew\u00e4ltigen, ehe die R\u00fcckreise auf der Hauptstra\u00dfe von Malcesine nach Torbole zu fahren war. Hier began es mal wieder zu regnen und triefend na\u00df erreichte ich mein Hotel. (na danke). Trotzdem ein herrlicher Trailtag! Das n\u00e4chste Mal w\u00fcrde ich von Torbole \u00fcber die Mt. Baldo Stra\u00dfe Richtung Altissimo fahren, den Navene Trail rocken und dann mit der Gondel hoch, um den Il Signor Trail ohne Ventrar Schleife zu fahren.<\/p>\n<div class=\"passster-form\" id=\"ps-958\">\n    <form class=\"password-form\" method=\"post\" autocomplete=\"off\" target=\"_top\">\n        <span class=\"ps-form-headline\">Gesch\u00fctzter Bereich<\/span>\n        <div class=\"ps-form-instructions-wrap\">Dieser Inhalt ist passwortgesch\u00fctzt. Bitte gib dein Passwort ein um den Inhalt freizuschalten.<\/div>\n        <fieldset>\n            <span class=\"ps-loader\" style=\"display:none;\"><img decoding=\"async\" src=\"https:\/\/blog.sickculture.de\/wp-content\/plugins\/content-protector\/assets\/public\/ps-loader.svg\" alt=\"\" \/><\/span>\n            <label for=\"input-ps-958\" style=\"display:none;\" class=\"passster-hidden\">Trage dein Passwort ein<\/label>\n            <input placeholder=\"Gib dein Passwort ein..\" type=\"password\" tabindex=\"1\" name=\"passster_password\"\n                   id=\"input-ps-958\" class=\"passster-password\" autocomplete=\"off\"\n                   data-protection-type=\"password\" data-list=\"[PASSSTER_LIST]\" data-lists=\"[PASSSTER_LISTS]\" data-area=\"[PASSSTER_AREA]\"\n                   data-protection=\"[PASSSTER_PROTECTION]\">\n            \n            <button name=\"submit\" type=\"submit\" class=\"passster-submit\" data-psid=\"ps-958\" data-post-id=\"986\" data-term-id=\"0\" \n                    data-submit=\"...Checking Password\" data-redirect=\"\">Freischalten\n            <\/button>\n            <div class=\"passster-error\"><\/div>\n        <\/fieldset>\n    <\/form>\n<\/div>\n\n<hr>\n<h3><strong>28.4.17 Monte Carone<br \/>\n<\/strong><\/h3>\n<p>Diese Tour fand ich auch auf &#8220;Insiderseiten&#8221; und mu\u00dfte mal befahren werden! Heute hie\u00df es, dass das Wetter stabil bleiben sollte und in Riva das Bike Festival seine Pforten \u00f6ffnete. Also schnell am Morgen mit dem Auto um Riva rum und hoch Richtung Ledrosee. Gleich nach dem Tunnel war mein Tourenstart im kleinen Bergdorf Pre. Ein Warmfahren gibt es nicht! Hier zeigt dir der Berg gleich seine fiese Seite. Im Schnitt waren es 18-20% Steigung auf einem Radweg\u00e4hnlichen Weg (teils auf Pflaster) ca. 380hm harte Arbeit, ehe der Ort Leano mit seiner Kapelle S. Antonio auftaucht. Dass sich hier jemand verirrt? Der Sent. 421 wechselt nach dem Ort auf Schotter bis zum Passo Guil. Kurz zuvor an der Malga Vil fing es an zu schneien. Also Windjacke an und durch. Ein paar Meter nach der Malga Vil gings auf dem Sent. 114 und dem weiterf\u00fchrenden #113 auf den Monte Carone. Hier mu\u00dfte ich auch \u00f6fters schieben. Ein Tragen war nicht notwendig. Am Gipfel befindet sich ein Kreuz aus alten Kriegsmaterial wie Bohrern, Helme, ect.. Richtung Ledrosee w\u00e4re der Sent. Tosi 105, welcher aber sicherlich im S4 Bereich in zig Kehren abw\u00e4rts geht. Ich nahm den Sent. 105 f\u00fcr 400 tm unter die Stollen. Ein schmaler Spitzkehrentrail mit Flow. Dann folgte ein kurze Passage auf der Klassikerroute 421 vom Tremalzo Richtung Pregasina. Am Cima Mughera bog ich dann in den 101er ins Val Salumi ab. In engen Kehren und ausgesetzen Passagen am Fels entlang Richtung Limone. Danach w\u00e4re die Weiterfahrt auf dem Karrenweg zu empfehlen. Ich w\u00e4hlte den 125er und dem Limone Vertical Sky Trail. Warum er wohl so hei\u00dft? Na klar! Er ist sowas von steil, verblockt und nicht ganz ungef\u00e4hrlich. Direkt dem San Giovanni Bach entlang mu\u00dfte ich gut 300tm schieben und tragen. Immer wieder Drahtseilgesicherte Stellen, Bachquerungen und heftige Errosionsrinnen mit Abs\u00e4tzen. Das Ganze dann noch rutschig durch die Regentage. Ich war dann ziemlich erleichtert, als ich die letzen Meter nach Limone auf dem gepflasterten Karrenweg abfahren d\u00fcrfte. In Limone l\u00f6ste ich dann ein Ticket f\u00fcr die F\u00e4hre und geno\u00df die sch\u00f6ne (windige) \u00dcberfahrt nach Torbole. Eine Top Tour, leider nicht bei perfektem Wetter. Diese Tour d\u00fcrfte auch an Sonnentagen gut sein, da die Auffahrt im bewaldeten Schatten zu fahren ist.<\/p>\n<div class=\"passster-form\" id=\"ps-946\">\n    <form class=\"password-form\" method=\"post\" autocomplete=\"off\" target=\"_top\">\n        <span class=\"ps-form-headline\">Gesch\u00fctzter Bereich<\/span>\n        <div class=\"ps-form-instructions-wrap\">Dieser Inhalt ist passwortgesch\u00fctzt. Bitte gib dein Passwort ein um den Inhalt freizuschalten.<\/div>\n        <fieldset>\n            <span class=\"ps-loader\" style=\"display:none;\"><img decoding=\"async\" src=\"https:\/\/blog.sickculture.de\/wp-content\/plugins\/content-protector\/assets\/public\/ps-loader.svg\" alt=\"\" \/><\/span>\n            <label for=\"input-ps-946\" style=\"display:none;\" class=\"passster-hidden\">Trage dein Passwort ein<\/label>\n            <input placeholder=\"Gib dein Passwort ein..\" type=\"password\" tabindex=\"1\" name=\"passster_password\"\n                   id=\"input-ps-946\" class=\"passster-password\" autocomplete=\"off\"\n                   data-protection-type=\"password\" data-list=\"[PASSSTER_LIST]\" data-lists=\"[PASSSTER_LISTS]\" data-area=\"[PASSSTER_AREA]\"\n                   data-protection=\"[PASSSTER_PROTECTION]\">\n            \n            <button name=\"submit\" type=\"submit\" class=\"passster-submit\" data-psid=\"ps-946\" data-post-id=\"986\" data-term-id=\"0\" \n                    data-submit=\"...Checking Password\" data-redirect=\"\">Freischalten\n            <\/button>\n            <div class=\"passster-error\"><\/div>\n        <\/fieldset>\n    <\/form>\n<\/div>\n\n<hr>\n<h3><strong>29.4.17 Monte Caplone &#8211; and the way back<br \/>\n<\/strong><\/h3>\n<p>Eine &#8220;Big Five&#8221; Tour am Gardasee! Der Monte Caplone ist das Pendant zum Tremalzo und ein ebenso heftiger, wenn auch sch\u00f6ner Berg s\u00fcdlich des Tremalzo. Am Monte Caplone schl\u00e4ngelt sich ein herrlicher Nachschubweg der Alpinis des Ersten Weltkriegs entlang der hart umk\u00e4mpften Westseite des Gardasees. Laut Beschreibung mu\u00df man die Tour durchziehen. Jeder Weg zur\u00fcck hei\u00dft Z\u00e4hnen zusammenbei\u00dfen und nochmals \u00fcber T\u00e4ler bergauf\/-ab.<\/p>\n<p>Als Startpunkt empfiehlt sich Vesio hoch \u00fcber Limone. Ich startete ein bi\u00dfchen weiter s\u00fcdlich in Gardola. Zuerst folgte ich der Stra\u00dfe im schattigen Wald hoch zum Rif. Piemp. Die weitere Auffahrt zur Bocca Caplone und weiter \u00fcber Malga Tombea zur Bocca Campei ist eine reine Flei\u00dfaufgabe und alles auf Schotter zu meistern. Vorbei am Cima d. Carbonere, dem Passo d\u00b4Ere, Cima Mughera, Passo Scarpape, Malga d. Puria di Tignale bis nach Pilaster auf Sent. 69\/67. Vor Pilaster (Dorf) gehts \u00fcber eine steile Betonpiste ein paar Kehren hoch und wechselt dann auf groben Schotter ehe die Bocca di Cablone erreicht wird. Ab hier hat man das schlimmste an Steigungen \u00fcberstanden. Ab hier beginnt die Milit\u00e4rpiste. Noch ein wenig geht\u00b4s bergauf, vorbei an Wachposten der Alpinis bis zur Malga Tombea. Ab hier f\u00fchrt ein schmaler Milit\u00e4rsteig \u00fcber die Bocca Caplone zuerst bergab durch einen Tunnel, dann bergauf bis unterhalb des Cima Monte Caplone. Dann war aus mit lustig. Auf der R\u00fcckseite des Mt. Caplone war pl\u00f6tzlich noch Schnee und Eis. Auf der linken Seite ging es tief und senkrecht in den Abgrund, rechts die steile Bergflanke. Ich versuchte mich noch mit allen Vieren auf dem Eis zu bewegen, jedoch war es viel zu gef\u00e4hrlich. Mich trennten nur ca. 50m bis zum n\u00e4chsten Tunnel mit der Hoffnung die Sonnenseite des Caplone zu erreichen und mich dann in die Abfahrt zu st\u00fcrzen. In meinem Fall w\u00e4re die Alternative noch \u00fcber den Monte Caplone zu gehen (ca. 100hm tragen) in der Hoffnung, keine Schneefelder passieren zu m\u00fcssen. Aber ich war alleine unterwegs und die Zeit war schon stark fortgeschritten. Also der &#8220;Worst Case&#8221;. Den selben Weg zur\u00fcck bis Passo di Scarpape. Ab hier w\u00e4hlte ich den Weg durch das Valle Tignale auf dem Trail 257 bis nach Natone. Ein flowiger Schottertrail. Mit kontrollierter Bremse gings rasant hinunter bis zur Passstra\u00dfe, welche wieder nach Vesio f\u00fchrt. Hier lie\u00df ich mich dann abholen, da die F\u00e4hre um 18:50 Uhr ging und ich diese niemals mehr erreichen konnte. Leider nicht ganz vollendet, aber trotzdem ein hammer Tag!<\/p>\n<div class=\"passster-form\" id=\"ps-334\">\n    <form class=\"password-form\" method=\"post\" autocomplete=\"off\" target=\"_top\">\n        <span class=\"ps-form-headline\">Gesch\u00fctzter Bereich<\/span>\n        <div class=\"ps-form-instructions-wrap\">Dieser Inhalt ist passwortgesch\u00fctzt. Bitte gib dein Passwort ein um den Inhalt freizuschalten.<\/div>\n        <fieldset>\n            <span class=\"ps-loader\" style=\"display:none;\"><img decoding=\"async\" src=\"https:\/\/blog.sickculture.de\/wp-content\/plugins\/content-protector\/assets\/public\/ps-loader.svg\" alt=\"\" \/><\/span>\n            <label for=\"input-ps-334\" style=\"display:none;\" class=\"passster-hidden\">Trage dein Passwort ein<\/label>\n            <input placeholder=\"Gib dein Passwort ein..\" type=\"password\" tabindex=\"1\" name=\"passster_password\"\n                   id=\"input-ps-334\" class=\"passster-password\" autocomplete=\"off\"\n                   data-protection-type=\"password\" data-list=\"[PASSSTER_LIST]\" data-lists=\"[PASSSTER_LISTS]\" data-area=\"[PASSSTER_AREA]\"\n                   data-protection=\"[PASSSTER_PROTECTION]\">\n            \n            <button name=\"submit\" type=\"submit\" class=\"passster-submit\" data-psid=\"ps-334\" data-post-id=\"986\" data-term-id=\"0\" \n                    data-submit=\"...Checking Password\" data-redirect=\"\">Freischalten\n            <\/button>\n            <div class=\"passster-error\"><\/div>\n        <\/fieldset>\n    <\/form>\n<\/div>\n\n<hr>\n<h3><strong>30.4.17 Monte Corno (Wanderung)<br \/>\n<\/strong><\/h3>\n<p>Abschiedswanderung am letzten Tag hoch zum Monte Corno an alten Stellungen der K.u.K. Front (\u00d6sterreicher). Anstrengend auf dem DH des Adrenalina Trails bergauf und bergab!!![\/vc_column_text][\/vc_column][\/vc_row][vc_row][vc_column][vc_text_separator title=&#8221;F A Z I T&#8221;][\/vc_column][\/vc_row][vc_row][vc_column][vc_column_text]<em>Trotz des Wetters ein starker Start f\u00fcr 2017. Die n\u00e4chsten Trails am Gardasee sind schon im Kopf abgespeichert. Ein gro\u00dfes Danke an unser Hotel San Giorgio, das uns liebevoll beherbergte. Die gro\u00dfen Terassen mit Blick \u00fcber Riva und den kleinen Brentadolomiten war superb!<br \/>\n<\/em>[\/vc_column_text][\/vc_column][\/vc_row][vc_row][vc_column]<div class=\"ult_exp_section_layer ult-adjust-bottom-margin  \" >\n\t<div id=\"uvc-exp-wrap-2649\"   data-ultimate-target='#uvc-exp-wrap-2649'  data-responsive-json-new='{\"font-size\":\"desktop:20px;\",\"line-height\":\"desktop:20px;\"}'  class=\"ult_exp_section  ult-responsive \" style=\"color:#ffffff;background-color:#1e73be;font-family:Alfa Slab One;font-weight:bold;  text-align:center;\" data-textcolor=\"#ffffff\"data-texthover=\"#333333\"data-icncolor=\"#333333\"data-ihover=\"#333333\"data-height=\"0\"data-cntbg=\"#1e73be\"data-cnthvrbg=\"#e5e5e5\"data-headerbg=\"#1e73be\"data-headerhover=\"#e5e5e5\"data-title=\"BILDER\"data-newtitle=\"BILDER\"data-icon=\"\"data-newicon=\"\"data-activeicon=\"#333333\"data-effect=\"slideToggle\"data-override=\"0\"data-activetitle=\"#333333\"data-activebg=\"#dbdbdb\"data-img=\"\"data-newimg=\"\"><div  class=\"ult_exp_section-main \">\n\t\t\t\t\t<div class=\"ult_expheader\" >BILDER\n\t\t\t\t\t <\/div><\/div>\n\t\t\t\t<\/div><div class=\"ult_exp_content \" style=\"background-color:#dbdbdb;  \"><div class=\"ult_ecpsub_cont\" style=\" \" >[vc_tta_tabs][vc_tta_section title=&#8221;Ventrar Baldo&#8221; tab_id=&#8221;1625472476545-c9246591-2aa2&#8243;][vc_column_text]<\/p>\n\n\t\t<style type=\"text\/css\">\n\t\t\t#gallery-1 {\n\t\t\t\tmargin: auto;\n\t\t\t}\n\t\t\t#gallery-1 .gallery-item {\n\t\t\t\tfloat: left;\n\t\t\t\tmargin-top: 10px;\n\t\t\t\ttext-align: center;\n\t\t\t\twidth: 100%;\n\t\t\t}\n\t\t\t#gallery-1 img {\n\t\t\t\tborder: 2px solid #cfcfcf;\n\t\t\t}\n\t\t\t#gallery-1 .gallery-caption {\n\t\t\t\tmargin-left: 0;\n\t\t\t}\n\t\t\t\/* see gallery_shortcode() in wp-includes\/media.php *\/\n\t\t<\/style>\n\t\t<div id='gallery-1' class='gallery galleryid-986 gallery-columns-0 gallery-size-thumbnail'><dl class='gallery-item'>\n\t\t\t<dt class='gallery-icon landscape'>\n\t\t\t\t<a href='https:\/\/blog.sickculture.de\/?attachment_id=991'><img loading=\"lazy\" decoding=\"async\" width=\"150\" height=\"150\" src=\"https:\/\/blog.sickculture.de\/wp-content\/uploads\/2017\/05\/logo-garda-150x150.jpg\" class=\"attachment-thumbnail size-thumbnail\" alt=\"\" \/><\/a>\n\t\t\t<\/dt><\/dl>\n\t\t<\/div>\n\n<p>[\/vc_column_text][\/vc_tta_section][vc_tta_section title=&#8221;Carone&#8221; tab_id=&#8221;1625472476565-296cf3d8-9f5c&#8221;][vc_column_text]<\/p>\n\n\t\t<style type=\"text\/css\">\n\t\t\t#gallery-2 {\n\t\t\t\tmargin: auto;\n\t\t\t}\n\t\t\t#gallery-2 .gallery-item {\n\t\t\t\tfloat: left;\n\t\t\t\tmargin-top: 10px;\n\t\t\t\ttext-align: center;\n\t\t\t\twidth: 100%;\n\t\t\t}\n\t\t\t#gallery-2 img {\n\t\t\t\tborder: 2px solid #cfcfcf;\n\t\t\t}\n\t\t\t#gallery-2 .gallery-caption {\n\t\t\t\tmargin-left: 0;\n\t\t\t}\n\t\t\t\/* see gallery_shortcode() in wp-includes\/media.php *\/\n\t\t<\/style>\n\t\t<div id='gallery-2' class='gallery galleryid-986 gallery-columns-0 gallery-size-thumbnail'><dl class='gallery-item'>\n\t\t\t<dt class='gallery-icon landscape'>\n\t\t\t\t<a href='https:\/\/blog.sickculture.de\/?attachment_id=991'><img loading=\"lazy\" decoding=\"async\" width=\"150\" height=\"150\" src=\"https:\/\/blog.sickculture.de\/wp-content\/uploads\/2017\/05\/logo-garda-150x150.jpg\" class=\"attachment-thumbnail size-thumbnail\" alt=\"\" \/><\/a>\n\t\t\t<\/dt><\/dl>\n\t\t<\/div>\n\n<p>[\/vc_column_text][\/vc_tta_section][vc_tta_section title=&#8221;Caplone&#8221; tab_id=&#8221;1625472479456-e0c511e6-698c&#8221;][vc_column_text]<\/p>\n\n\t\t<style type=\"text\/css\">\n\t\t\t#gallery-3 {\n\t\t\t\tmargin: auto;\n\t\t\t}\n\t\t\t#gallery-3 .gallery-item {\n\t\t\t\tfloat: left;\n\t\t\t\tmargin-top: 10px;\n\t\t\t\ttext-align: center;\n\t\t\t\twidth: 100%;\n\t\t\t}\n\t\t\t#gallery-3 img {\n\t\t\t\tborder: 2px solid #cfcfcf;\n\t\t\t}\n\t\t\t#gallery-3 .gallery-caption {\n\t\t\t\tmargin-left: 0;\n\t\t\t}\n\t\t\t\/* see gallery_shortcode() in wp-includes\/media.php *\/\n\t\t<\/style>\n\t\t<div id='gallery-3' class='gallery galleryid-986 gallery-columns-0 gallery-size-thumbnail'><dl class='gallery-item'>\n\t\t\t<dt class='gallery-icon landscape'>\n\t\t\t\t<a href='https:\/\/blog.sickculture.de\/?attachment_id=991'><img loading=\"lazy\" decoding=\"async\" width=\"150\" height=\"150\" src=\"https:\/\/blog.sickculture.de\/wp-content\/uploads\/2017\/05\/logo-garda-150x150.jpg\" class=\"attachment-thumbnail size-thumbnail\" alt=\"\" \/><\/a>\n\t\t\t<\/dt><\/dl>\n\t\t<\/div>\n\n<p>[\/vc_column_text][\/vc_tta_section][vc_tta_section title=&#8221;Mt. Corno&#8221; tab_id=&#8221;1625472480351-15ac1314-28d3&#8243;][vc_column_text]<\/p>\n\n\t\t<style type=\"text\/css\">\n\t\t\t#gallery-4 {\n\t\t\t\tmargin: auto;\n\t\t\t}\n\t\t\t#gallery-4 .gallery-item {\n\t\t\t\tfloat: left;\n\t\t\t\tmargin-top: 10px;\n\t\t\t\ttext-align: center;\n\t\t\t\twidth: 100%;\n\t\t\t}\n\t\t\t#gallery-4 img {\n\t\t\t\tborder: 2px solid #cfcfcf;\n\t\t\t}\n\t\t\t#gallery-4 .gallery-caption {\n\t\t\t\tmargin-left: 0;\n\t\t\t}\n\t\t\t\/* see gallery_shortcode() in wp-includes\/media.php *\/\n\t\t<\/style>\n\t\t<div id='gallery-4' class='gallery galleryid-986 gallery-columns-0 gallery-size-thumbnail'><dl class='gallery-item'>\n\t\t\t<dt class='gallery-icon landscape'>\n\t\t\t\t<a href='https:\/\/blog.sickculture.de\/?attachment_id=991'><img loading=\"lazy\" decoding=\"async\" width=\"150\" height=\"150\" src=\"https:\/\/blog.sickculture.de\/wp-content\/uploads\/2017\/05\/logo-garda-150x150.jpg\" class=\"attachment-thumbnail size-thumbnail\" alt=\"\" \/><\/a>\n\t\t\t<\/dt><\/dl>\n\t\t<\/div>\n\n<p>[\/vc_column_text][\/vc_tta_section][\/vc_tta_tabs]<\/div><\/div>\n\n\t\t\t<\/div>[\/vc_column][\/vc_row]<\/p>\n<\/section>","protected":false},"excerpt":{"rendered":"<p>[vc_row][vc_column][vc_column_text][pe2-image src=&#8221;https:\/\/lh3.googleusercontent.com\/-poNHc0ou-ts\/WQgToJaEOrI\/AAAAAAAAewg\/nWy_QsWETy8bqzxRVJS_QVxDkwbEI1JUQCCo\/s144-c-o\/20170428-132318-00212-_DSC3375_Screen.jpg&#8221; href=&#8221;https:\/\/picasaweb.google.com\/112885246866780528333\/6415398210980321521#6415399249630214834&#8243; caption=&#8221;&#8221; type=&#8221;image&#8221; alt=&#8221;20170428-132318-00212-_DSC3375_Screen.jpg&#8221; ] &#8220;Side-Trails&#8221; am LAGO DI GARDA 26.-30. April 2017 Die Saison 2017 startet schon fast traditionell mit der Fahrt an den Gardasee. Wieder die Eltern und Paul im Gep\u00e4ck gen S\u00fcden. Nur der Wetterbericht k\u00fcndigte schon bei der Abreise eine Tief an. Zuhause hat \u2026 <a class=\"continue-reading-link\" href=\"https:\/\/blog.sickculture.de\/?page_id=986\"> Continue reading<\/a><\/p>\n","protected":false},"author":1,"featured_media":0,"parent":90,"menu_order":0,"comment_status":"closed","ping_status":"closed","template":"","meta":{"_s2mail":"yes","ngg_post_thumbnail":0,"footnotes":""},"categories":[14,4],"class_list":["post-986","page","type-page","status-publish","hentry","category-14","category-mountainbike"],"jetpack_shortlink":"https:\/\/wp.me\/P7EPUT-fU","jetpack_sharing_enabled":true,"_links":{"self":[{"href":"https:\/\/blog.sickculture.de\/index.php?rest_route=\/wp\/v2\/pages\/986","targetHints":{"allow":["GET"]}}],"collection":[{"href":"https:\/\/blog.sickculture.de\/index.php?rest_route=\/wp\/v2\/pages"}],"about":[{"href":"https:\/\/blog.sickculture.de\/index.php?rest_route=\/wp\/v2\/types\/page"}],"author":[{"embeddable":true,"href":"https:\/\/blog.sickculture.de\/index.php?rest_route=\/wp\/v2\/users\/1"}],"replies":[{"embeddable":true,"href":"https:\/\/blog.sickculture.de\/index.php?rest_route=%2Fwp%2Fv2%2Fcomments&post=986"}],"version-history":[{"count":6,"href":"https:\/\/blog.sickculture.de\/index.php?rest_route=\/wp\/v2\/pages\/986\/revisions"}],"predecessor-version":[{"id":1604,"href":"https:\/\/blog.sickculture.de\/index.php?rest_route=\/wp\/v2\/pages\/986\/revisions\/1604"}],"up":[{"embeddable":true,"href":"https:\/\/blog.sickculture.de\/index.php?rest_route=\/wp\/v2\/pages\/90"}],"wp:attachment":[{"href":"https:\/\/blog.sickculture.de\/index.php?rest_route=%2Fwp%2Fv2%2Fmedia&parent=986"}],"wp:term":[{"taxonomy":"category","embeddable":true,"href":"https:\/\/blog.sickculture.de\/index.php?rest_route=%2Fwp%2Fv2%2Fcategories&post=986"}],"curies":[{"name":"wp","href":"https:\/\/api.w.org\/{rel}","templated":true}]}}